{"id":356680,"date":"2023-01-15T00:41:01","date_gmt":"2023-01-14T23:41:01","guid":{"rendered":"https:\/\/www.claret.cat\/llibre\/el-cuentaparabolas-de-jesus-9788483169902\/"},"modified":"2023-01-28T12:38:14","modified_gmt":"2023-01-28T11:38:14","slug":"el-cuentaparabolas-de-jesus-9788483169902","status":"publish","type":"product","link":"https:\/\/www.claret.cat\/es\/libro\/el-cuentaparabolas-de-jesus-9788483169902\/","title":{"rendered":"EL CUENTAPAR\u00c1BOLAS DE JES\u00daS"},"content":{"rendered":"<p>Este libro es un instrumento did\u00e1ctico y catequ\u00e9tico para que los ni\u00f1os se acerquen a Jes\u00fas y escuchen sus par\u00e1bolas. Contiene las diez par\u00e1bolas m\u00e1s significativas e interesantes para los ni\u00f1os.<br \/>\u00bfQu\u00e9 metodolog\u00eda sigue? El texto de la par\u00e1bola; el lenguaje sugerente del dibujo; la s\u00edntesis de la par\u00e1bola (mensaje secreto); el an\u00e1lisis de la par\u00e1bola hoy (correo electr\u00f3nico, par\u00e1bola moderna); la actualizaci\u00f3n de la par\u00e1bola hoy (c\u00f3mic de la par\u00e1bola, pintada final). Se trata de una metodolog\u00eda activa, sugerente, proyectiva donde el ni\u00f1o \u201cjugando\u201d entra en el sentido de cada par\u00e1bola.<br \/>Est\u00e1 pensado para los ni\u00f1os de 6 a 12 a\u00f1os, sus catequistas, padres y profesores de religi\u00f3n.<\/p>\n","protected":false},"excerpt":{"rendered":"<p>REAL NAVARRO, JOS\u00c9<\/p>\n","protected":false},"featured_media":356681,"template":"","meta":{"_acf_changed":false,"om_disable_all_campaigns":false,"rs_blank_template":"","rs_page_bg_color":"","slide_template_v7":"","inline_featured_image":false,"_monsterinsights_skip_tracking":false,"_monsterinsights_sitenote_active":false,"_monsterinsights_sitenote_note":"","_monsterinsights_sitenote_category":0},"product_brand":[],"product_cat":[132,388,226,219,405,478,267,362],"product_tag":[],"class_list":{"0":"post-356680","1":"product","2":"type-product","3":"status-publish","4":"has-post-thumbnail","6":"product_cat-lectures-per-preadolescents-6-12-anys","7":"product_cat-didactica-catequesis-1_espiritualidad","8":"product_cat-didactica","9":"product_cat-infantil-catequesi","10":"product_cat-infantil-pastoral-1_espiritualidad","11":"product_cat-infantil-catequesis-1_espiritualidad","12":"product_cat-infantil-pastoral","13":"product_cat-libros-preadolescentes-6-12-anos","15":"first","16":"instock","17":"taxable","18":"shipping-taxable","19":"purchasable","20":"product-type-simple"},"acf":{"editorial":[{"ID":6155,"post_author":"3","post_date":"2022-07-28 17:46:04","post_date_gmt":"2022-07-28 15:46:04","post_content":"","post_title":"Central Catequ\u00edstica Salesiana","post_excerpt":"","post_status":"publish","comment_status":"closed","ping_status":"closed","post_password":"","post_name":"central-catequistica-salesiana","to_ping":"","pinged":"","post_modified":"2022-07-28 17:46:04","post_modified_gmt":"2022-07-28 15:46:04","post_content_filtered":"","post_parent":0,"guid":"http:\/\/dev.claret.cat\/editorial\/central-catequistica-salesiana\/","menu_order":0,"post_type":"editorial","post_mime_type":"","comment_count":"0","filter":"raw"}],"autores-libros":[{"ID":160569,"post_author":"3","post_date":"2022-10-14 15:54:08","post_date_gmt":"2022-10-14 13:54:08","post_content":"","post_title":"JOSE REAL NAVARRO","post_excerpt":"","post_status":"publish","comment_status":"closed","ping_status":"closed","post_password":"","post_name":"jose-real-navarro","to_ping":"","pinged":"","post_modified":"2022-10-14 15:54:08","post_modified_gmt":"2022-10-14 13:54:08","post_content_filtered":"","post_parent":0,"guid":"http:\/\/dev.claret.cat\/autor\/jose-real-navarro\/","menu_order":0,"post_type":"autor","post_mime_type":"","comment_count":"0","filter":"raw"}],"autor":"REAL NAVARRO, JOS\u00c9","codart":"848316990","libros-coleccion":"Abba","ediciones":"4","encuadernacion":"R\u00fastica","fecha_de_publicacion":"01\/11\/2008","novedad":"0","paginas":"111","subtitulo":"ACTIVIDADES PARA DESCUBRIR LA ESENCIA DE LAS PAR\u00c1BOLAS. DESTINADO A NI\u00d1OS Y NI\u00d1AS DE 6 A 12 A\u00d1OS","orden":"999","portada":"0","idioma":"spa"},"aioseo_notices":[],"_links":{"self":[{"href":"https:\/\/www.claret.cat\/es\/wp-json\/wp\/v2\/product\/356680","targetHints":{"allow":["GET"]}}],"collection":[{"href":"https:\/\/www.claret.cat\/es\/wp-json\/wp\/v2\/product"}],"about":[{"href":"https:\/\/www.claret.cat\/es\/wp-json\/wp\/v2\/types\/product"}],"wp:featuredmedia":[{"embeddable":true,"href":"https:\/\/www.claret.cat\/es\/wp-json\/wp\/v2\/media\/356681"}],"wp:attachment":[{"href":"https:\/\/www.claret.cat\/es\/wp-json\/wp\/v2\/media?parent=356680"}],"wp:term":[{"taxonomy":"product_brand","embeddable":true,"href":"https:\/\/www.claret.cat\/es\/wp-json\/wp\/v2\/product_brand?post=356680"},{"taxonomy":"product_cat","embeddable":true,"href":"https:\/\/www.claret.cat\/es\/wp-json\/wp\/v2\/product_cat?post=356680"},{"taxonomy":"product_tag","embeddable":true,"href":"https:\/\/www.claret.cat\/es\/wp-json\/wp\/v2\/product_tag?post=356680"}],"curies":[{"name":"wp","href":"https:\/\/api.w.org\/{rel}","templated":true}]}}

EL CUENTAPARÁBOLAS DE JESÚS

<p>Este libro es un instrumento didáctico y catequético para que los niños se acerquen a Jesús y escuchen sus parábolas. Contiene las diez parábolas más significativas e interesantes para los niños.<br />¿Qué metodología sigue? El texto de la parábola; el lenguaje sugerente del dibujo; la síntesis de la parábola (mensaje secreto); el análisis de la parábola hoy (correo electrónico, parábola moderna); la actualización de la parábola hoy (cómic de la parábola, pintada final). Se trata de una metodología activa, sugerente, proyectiva donde el niño “jugando” entra en el sentido de cada parábola.<br />Está pensado para los niños de 6 a 12 años, sus catequistas, padres y profesores de religión.</p>

<p>REAL NAVARRO, JOSÉ</p>

Central Catequística Salesiana

REAL NAVARRO, JOSÉ

Rústica

ACTIVIDADES PARA DESCUBRIR LA ESENCIA DE LAS PARÁBOLAS. DESTINADO A NIÑOS Y NIÑAS DE 6 A 12 AÑOS
