{"id":356801,"date":"2023-01-15T01:00:22","date_gmt":"2023-01-15T00:00:22","guid":{"rendered":"https:\/\/www.claret.cat\/llibre\/las-riquezas-de-la-pobreza-9788483530658\/"},"modified":"2026-01-03T13:11:12","modified_gmt":"2026-01-03T12:11:12","slug":"las-riquezas-de-la-pobreza-9788483530658","status":"publish","type":"product","link":"https:\/\/www.claret.cat\/es\/libro\/las-riquezas-de-la-pobreza-9788483530658\/","title":{"rendered":"LAS RIQUEZAS DE LA POBREZA"},"content":{"rendered":"<p>Para muchos la pobreza es un esc\u00e1ndalo; mucho tiempo fue considerada como un castigo o una maldici\u00f3n. Sin embargo, Cristo afirma lo dif\u00edcil que le es a un rico entrar en el Reino de los cielos. Pues abrazar la pobreza es abandonar el orden del tener para entrar en el del ser.<br \/>En un mundo donde la b\u00fasqueda del &#8216;siempre m\u00e1s&#8217; encubre una profunda inquietud, un cartujo contempor\u00e1neo nos ofrece su ense\u00f1anza sobre una pobreza asumida, que es deseo de un bien m\u00e1s all\u00e1 de todo lo que se puede poseer.<\/p>\n","protected":false},"excerpt":{"rendered":"<p>MONTECARMELO<\/p>\n","protected":false},"featured_media":1072515,"template":"","meta":{"_acf_changed":false,"om_disable_all_campaigns":false,"rs_blank_template":"","rs_page_bg_color":"","slide_template_v7":"","inline_featured_image":false,"_monsterinsights_skip_tracking":false,"_monsterinsights_sitenote_active":false,"_monsterinsights_sitenote_note":"","_monsterinsights_sitenote_category":0},"product_brand":[],"product_cat":[237,488,284,418,497,248,490,239,266,507],"product_tag":[],"class_list":{"0":"post-356801","1":"product","2":"type-product","3":"status-publish","4":"has-post-thumbnail","6":"product_cat-cami-de-perfeccionament","7":"product_cat-camino-de-perfeccionamiento","8":"product_cat-espiritual","9":"product_cat-espiritual-teologia-1_espiritualidad","10":"product_cat-meditaciones","11":"product_cat-meditacions","12":"product_cat-monastica-espiritualidad-1_espiritualidad","13":"product_cat-monastica","14":"product_cat-vocacional","15":"product_cat-vocacional-pastoral-1_espiritualidad","17":"first","18":"outofstock","19":"taxable","20":"shipping-taxable","21":"purchasable","22":"product-type-simple"},"acf":{"editorial":[{"ID":6309,"post_author":"3","post_date":"2022-07-28 17:49:25","post_date_gmt":"2022-07-28 15:49:25","post_content":"","post_title":"Monte Carmelo","post_excerpt":"","post_status":"publish","comment_status":"closed","ping_status":"closed","post_password":"","post_name":"monte-carmelo","to_ping":"","pinged":"","post_modified":"2022-07-28 17:49:25","post_modified_gmt":"2022-07-28 15:49:25","post_content_filtered":"","post_parent":0,"guid":"http:\/\/dev.claret.cat\/editorial\/monte-carmelo\/","menu_order":0,"post_type":"editorial","post_mime_type":"","comment_count":"0","filter":"raw"}],"autores-libros":[{"ID":293793,"post_author":"3","post_date":"2022-12-11 03:11:37","post_date_gmt":"2022-12-11 02:11:37","post_content":"","post_title":"UN CARTUJO","post_excerpt":"","post_status":"publish","comment_status":"closed","ping_status":"closed","post_password":"","post_name":"un-cartujo-2","to_ping":"","pinged":"","post_modified":"2022-12-11 03:11:37","post_modified_gmt":"2022-12-11 02:11:37","post_content_filtered":"","post_parent":0,"guid":"http:\/\/dev.claret.cat\/autor\/un-cartujo-2\/","menu_order":0,"post_type":"autor","post_mime_type":"","comment_count":"0","filter":"raw"},{"ID":356764,"post_author":"3","post_date":"2023-01-15 00:49:38","post_date_gmt":"2023-01-14 23:49:38","post_content":"","post_title":"CARDENAL FRANC (prol) ROD\u00c9","post_excerpt":"","post_status":"publish","comment_status":"closed","ping_status":"closed","post_password":"","post_name":"cardenal-franc-prol-rode","to_ping":"","pinged":"","post_modified":"2023-01-15 00:49:38","post_modified_gmt":"2023-01-14 23:49:38","post_content_filtered":"","post_parent":0,"guid":"https:\/\/www.claret.cat\/autor\/cardenal-franc-prol-rode\/","menu_order":0,"post_type":"autor","post_mime_type":"","comment_count":"0","filter":"raw"}],"autor":"MONTECARMELO","codart":"848353065","libros-coleccion":"Sabidur\u00eda de los Cartuja","ediciones":"1","encuadernacion":"R\u00fastica","fecha_de_publicacion":"17\/07\/2007","novedad":"0","paginas":"200","subtitulo":"","orden":"999","portada":"0","idioma":"spa","booktrailer":"","resenas":""},"aioseo_notices":[],"_links":{"self":[{"href":"https:\/\/www.claret.cat\/es\/wp-json\/wp\/v2\/product\/356801","targetHints":{"allow":["GET"]}}],"collection":[{"href":"https:\/\/www.claret.cat\/es\/wp-json\/wp\/v2\/product"}],"about":[{"href":"https:\/\/www.claret.cat\/es\/wp-json\/wp\/v2\/types\/product"}],"wp:featuredmedia":[{"embeddable":true,"href":"https:\/\/www.claret.cat\/es\/wp-json\/wp\/v2\/media\/1072515"}],"wp:attachment":[{"href":"https:\/\/www.claret.cat\/es\/wp-json\/wp\/v2\/media?parent=356801"}],"wp:term":[{"taxonomy":"product_brand","embeddable":true,"href":"https:\/\/www.claret.cat\/es\/wp-json\/wp\/v2\/product_brand?post=356801"},{"taxonomy":"product_cat","embeddable":true,"href":"https:\/\/www.claret.cat\/es\/wp-json\/wp\/v2\/product_cat?post=356801"},{"taxonomy":"product_tag","embeddable":true,"href":"https:\/\/www.claret.cat\/es\/wp-json\/wp\/v2\/product_tag?post=356801"}],"curies":[{"name":"wp","href":"https:\/\/api.w.org\/{rel}","templated":true}]}}

<p>Para muchos la pobreza es un escándalo; mucho tiempo fue considerada como un castigo o una maldición. Sin embargo, Cristo afirma lo difícil que le es a un rico entrar en el Reino de los cielos. Pues abrazar la pobreza es abandonar el orden del tener para entrar en el del ser.<br />En un mundo donde la búsqueda del &#8216;siempre más&#8217; encubre una profunda inquietud, un cartujo contemporáneo nos ofrece su enseñanza sobre una pobreza asumida, que es deseo de un bien más allá de todo lo que se puede poseer.</p>

CARDENAL FRANC (prol) RODÉ

Sabiduría de los Cartuja

Rústica
