{"id":356915,"date":"2023-01-15T01:20:47","date_gmt":"2023-01-15T00:20:47","guid":{"rendered":"https:\/\/www.claret.cat\/llibre\/san-bruno-sediento-de-dios-9788483531426\/"},"modified":"2024-05-23T10:11:37","modified_gmt":"2024-05-23T08:11:37","slug":"san-bruno-sediento-de-dios-9788483531426","status":"publish","type":"product","link":"https:\/\/www.claret.cat\/es\/libro\/san-bruno-sediento-de-dios-9788483531426\/","title":{"rendered":"SAN BRUNO: SEDIENTO DE DIOS"},"content":{"rendered":"<p>El autor de esta obra, Andr\u00e9 Poisson (1923-2005), fue General de la Orden de los Cartujos durante treinta a\u00f1os (1967-1997). Como podr\u00e1 constatar el lector a medida que se adentre en su lectura, Dom Andr\u00e9 es un excelente autor espiritual.<br \/>Son escritos de elevada unci\u00f3n espiritual, que nos hace conocer el rostro y el esp\u00edritu de San Bruno junto con el ideal y carisma cartujanos. Un cartujo que lo ha conocido bien nos presenta al principio brevemente su figura.<br \/>Al final se encuentran las dos cartas de San Bruno, a Ra\u00fal y a los hermanos de la Cartuja, base de los sermones, seg\u00fan la traducci\u00f3n hecha por el mismo Dom Andr\u00e9.<\/p>\n","protected":false},"excerpt":{"rendered":"<p>UN CARTUJO<\/p>\n","protected":false},"featured_media":0,"template":"","meta":{"_acf_changed":false,"om_disable_all_campaigns":false,"rs_blank_template":"","rs_page_bg_color":"","slide_template_v7":"","inline_featured_image":false,"_monsterinsights_skip_tracking":false,"_monsterinsights_sitenote_active":false,"_monsterinsights_sitenote_note":"","_monsterinsights_sitenote_category":0},"product_brand":[],"product_cat":[90,540],"product_tag":[],"class_list":{"0":"post-356915","1":"product","2":"type-product","3":"status-publish","5":"product_cat-altres","6":"product_cat-otros","8":"first","9":"instock","10":"taxable","11":"shipping-taxable","12":"purchasable","13":"product-type-simple"},"acf":{"editorial":[{"ID":6309,"post_author":"3","post_date":"2022-07-28 17:49:25","post_date_gmt":"2022-07-28 15:49:25","post_content":"","post_title":"Monte Carmelo","post_excerpt":"","post_status":"publish","comment_status":"closed","ping_status":"closed","post_password":"","post_name":"monte-carmelo","to_ping":"","pinged":"","post_modified":"2022-07-28 17:49:25","post_modified_gmt":"2022-07-28 15:49:25","post_content_filtered":"","post_parent":0,"guid":"http:\/\/dev.claret.cat\/editorial\/monte-carmelo\/","menu_order":0,"post_type":"editorial","post_mime_type":"","comment_count":"0","filter":"raw"}],"autores-libros":[{"ID":293793,"post_author":"3","post_date":"2022-12-11 03:11:37","post_date_gmt":"2022-12-11 02:11:37","post_content":"","post_title":"UN CARTUJO","post_excerpt":"","post_status":"publish","comment_status":"closed","ping_status":"closed","post_password":"","post_name":"un-cartujo-2","to_ping":"","pinged":"","post_modified":"2022-12-11 03:11:37","post_modified_gmt":"2022-12-11 02:11:37","post_content_filtered":"","post_parent":0,"guid":"http:\/\/dev.claret.cat\/autor\/un-cartujo-2\/","menu_order":0,"post_type":"autor","post_mime_type":"","comment_count":"0","filter":"raw"}],"autor":"UN CARTUJO","codart":"848353142","libros-coleccion":"Sabidur\u00eda de los Cartuja","ediciones":"1","encuadernacion":"R\u00fastica","fecha_de_publicacion":"10\/10\/2008","novedad":"0","paginas":"120","subtitulo":"RETRATO ESPIRITUAL DEL SANTO","orden":"999","portada":"0","idioma":"spa"},"aioseo_notices":[],"_links":{"self":[{"href":"https:\/\/www.claret.cat\/es\/wp-json\/wp\/v2\/product\/356915","targetHints":{"allow":["GET"]}}],"collection":[{"href":"https:\/\/www.claret.cat\/es\/wp-json\/wp\/v2\/product"}],"about":[{"href":"https:\/\/www.claret.cat\/es\/wp-json\/wp\/v2\/types\/product"}],"wp:attachment":[{"href":"https:\/\/www.claret.cat\/es\/wp-json\/wp\/v2\/media?parent=356915"}],"wp:term":[{"taxonomy":"product_brand","embeddable":true,"href":"https:\/\/www.claret.cat\/es\/wp-json\/wp\/v2\/product_brand?post=356915"},{"taxonomy":"product_cat","embeddable":true,"href":"https:\/\/www.claret.cat\/es\/wp-json\/wp\/v2\/product_cat?post=356915"},{"taxonomy":"product_tag","embeddable":true,"href":"https:\/\/www.claret.cat\/es\/wp-json\/wp\/v2\/product_tag?post=356915"}],"curies":[{"name":"wp","href":"https:\/\/api.w.org\/{rel}","templated":true}]}}

<p>El autor de esta obra, André Poisson (1923-2005), fue General de la Orden de los Cartujos durante treinta años (1967-1997). Como podrá constatar el lector a medida que se adentre en su lectura, Dom André es un excelente autor espiritual.<br />Son escritos de elevada unción espiritual, que nos hace conocer el rostro y el espíritu de San Bruno junto con el ideal y carisma cartujanos. Un cartujo que lo ha conocido bien nos presenta al principio brevemente su figura.<br />Al final se encuentran las dos cartas de San Bruno, a Raúl y a los hermanos de la Cartuja, base de los sermones, según la traducción hecha por el mismo Dom André.</p>

Sabiduría de los Cartuja

Rústica
