{"id":35725,"date":"2022-10-02T18:08:07","date_gmt":"2022-10-02T16:08:07","guid":{"rendered":"http:\/\/dev.claret.cat\/producte\/cuidar-la-creacion-retos-para-una-ecoteologia\/"},"modified":"2024-12-11T10:50:52","modified_gmt":"2024-12-11T09:50:52","slug":"cuidar-la-creacion-retos-para-una-ecoteologia-9788428838443","status":"publish","type":"product","link":"https:\/\/www.claret.cat\/es\/libro\/cuidar-la-creacion-retos-para-una-ecoteologia-9788428838443\/","title":{"rendered":"CUIDAR LA CREACI\u00d3N: RETOS PARA UNA ECOTEOLOG\u00cdA"},"content":{"rendered":"<p>Ponencias en las LII Jornadas de la Facultad de Teolog\u00eda de la Universidad Pontificia de Salamanca.\u00a0Aunque hay que reconocer que la teolog\u00eda ha llegado un poco tarde a la reflexi\u00f3n sistem\u00e1tica sobre el respeto al medio ambiente, tambi\u00e9n es cierto que el pensamiento cristiano ha entendido siempre la naturaleza\u00a0(fysis) como creaci\u00f3n (ktisis); es m\u00e1s, para la fe cristiana, el valor de la naturaleza est\u00e1 intr\u00ednsecamente ligado a la fe trinitaria, siendo toda la creaci\u00f3n un verdadero sacramento de Dios, as\u00ed como reflejo de la gloria del misterio del Dios uno y trino, lo que implica por parte del creyente -llamado a ser vicario de Dios en la tierra- respeto y responsabilidad, que se traduce en compromiso por su cuidado.<\/p>\n","protected":false},"excerpt":{"rendered":"<p>PARDO MANRIQUE, ROM\u00c1N \u00c1NGEL (coord.)<\/p>\n","protected":false},"featured_media":995624,"template":"","meta":{"_acf_changed":false,"om_disable_all_campaigns":false,"rs_blank_template":"","rs_page_bg_color":"","slide_template_v7":"","inline_featured_image":false,"_monsterinsights_skip_tracking":false,"_monsterinsights_sitenote_active":false,"_monsterinsights_sitenote_note":"","_monsterinsights_sitenote_category":0},"product_brand":[],"product_cat":[289,515],"product_tag":[],"class_list":{"0":"post-35725","1":"product","2":"type-product","3":"status-publish","4":"has-post-thumbnail","6":"product_cat-moral-de-la-persona-bioetica","7":"product_cat-moral-de-la-persona-bioetica-teologia-1_espiritualidad","9":"first","10":"instock","11":"taxable","12":"shipping-taxable","13":"purchasable","14":"product-type-simple"},"acf":{"autor":"PARDO MANRIQUE, ROM\u00c1N \u00c1NGEL (coord.)","codart":"842883844","libros-coleccion":"Aula de Teolog\u00eda","ediciones":"1","encuadernacion":"R\u00fastica","fecha_de_publicacion":"25\/07\/2022","novedad":"1","paginas":"184","subtitulo":"LII JORNADAS DE LA FACULTAT DE TEOLOG\u00cdA DE LA UPSA","orden":"0","portada":"0","idioma":"spa","editorial":[{"ID":6335,"post_author":"3","post_date":"2022-07-28 17:49:59","post_date_gmt":"2022-07-28 15:49:59","post_content":"","post_title":"PPC altres","post_excerpt":"","post_status":"publish","comment_status":"closed","ping_status":"closed","post_password":"","post_name":"ppc-altres","to_ping":"","pinged":"","post_modified":"2022-07-28 17:49:59","post_modified_gmt":"2022-07-28 15:49:59","post_content_filtered":"","post_parent":0,"guid":"http:\/\/dev.claret.cat\/editorial\/ppc-altres\/","menu_order":0,"post_type":"editorial","post_mime_type":"","comment_count":"0","filter":"raw"}],"autores-libros":[{"ID":168423,"post_author":"3","post_date":"2022-10-14 18:19:06","post_date_gmt":"2022-10-14 16:19:06","post_content":"","post_title":"ROM\u00c1N \u00c1NGEL (COORD.) PARDO MANRIQUE","post_excerpt":"","post_status":"publish","comment_status":"closed","ping_status":"closed","post_password":"","post_name":"roman-angel-coord-pardo-manrique","to_ping":"","pinged":"","post_modified":"2022-10-14 18:19:06","post_modified_gmt":"2022-10-14 16:19:06","post_content_filtered":"","post_parent":0,"guid":"http:\/\/dev.claret.cat\/autor\/roman-angel-coord-pardo-manrique\/","menu_order":0,"post_type":"autor","post_mime_type":"","comment_count":"0","filter":"raw"}]},"aioseo_notices":[],"_links":{"self":[{"href":"https:\/\/www.claret.cat\/es\/wp-json\/wp\/v2\/product\/35725","targetHints":{"allow":["GET"]}}],"collection":[{"href":"https:\/\/www.claret.cat\/es\/wp-json\/wp\/v2\/product"}],"about":[{"href":"https:\/\/www.claret.cat\/es\/wp-json\/wp\/v2\/types\/product"}],"wp:featuredmedia":[{"embeddable":true,"href":"https:\/\/www.claret.cat\/es\/wp-json\/wp\/v2\/media\/995624"}],"wp:attachment":[{"href":"https:\/\/www.claret.cat\/es\/wp-json\/wp\/v2\/media?parent=35725"}],"wp:term":[{"taxonomy":"product_brand","embeddable":true,"href":"https:\/\/www.claret.cat\/es\/wp-json\/wp\/v2\/product_brand?post=35725"},{"taxonomy":"product_cat","embeddable":true,"href":"https:\/\/www.claret.cat\/es\/wp-json\/wp\/v2\/product_cat?post=35725"},{"taxonomy":"product_tag","embeddable":true,"href":"https:\/\/www.claret.cat\/es\/wp-json\/wp\/v2\/product_tag?post=35725"}],"curies":[{"name":"wp","href":"https:\/\/api.w.org\/{rel}","templated":true}]}}

CUIDAR LA CREACIÓN: RETOS PARA UNA ECOTEOLOGÍA

<p>Ponencias en las LII Jornadas de la Facultad de Teología de la Universidad Pontificia de Salamanca. Aunque hay que reconocer que la teología ha llegado un poco tarde a la reflexión sistemática sobre el respeto al medio ambiente, también es cierto que el pensamiento cristiano ha entendido siempre la naturaleza (fysis) como creación (ktisis); es más, para la fe cristiana, el valor de la naturaleza está intrínsecamente ligado a la fe trinitaria, siendo toda la creación un verdadero sacramento de Dios, así como reflejo de la gloria del misterio del Dios uno y trino, lo que implica por parte del creyente -llamado a ser vicario de Dios en la tierra- respeto y responsabilidad, que se traduce en compromiso por su cuidado.</p>

<p>PARDO MANRIQUE, ROMÁN ÁNGEL (coord.)</p>

PARDO MANRIQUE, ROMÁN ÁNGEL (coord.)

Aula de Teología

Rústica

LII JORNADAS DE LA FACULTAT DE TEOLOGÍA DE LA UPSA

ROMÁN ÁNGEL (COORD.) PARDO MANRIQUE
