{"id":358196,"date":"2023-01-15T03:01:58","date_gmt":"2023-01-15T02:01:58","guid":{"rendered":"https:\/\/www.claret.cat\/llibre\/por-los-caminos-de-teresa-9788483534441\/"},"modified":"2024-05-23T09:40:58","modified_gmt":"2024-05-23T07:40:58","slug":"por-los-caminos-de-teresa-9788483534441","status":"publish","type":"product","link":"https:\/\/www.claret.cat\/es\/libro\/por-los-caminos-de-teresa-9788483534441\/","title":{"rendered":"POR LOS CAMINOS DE TERESA"},"content":{"rendered":"","protected":false},"excerpt":{"rendered":"<p>\u00c1LVAREZ, TOM\u00c1S; DOMINGO, FERNANDO<\/p>\n","protected":false},"featured_media":0,"template":"","meta":{"_acf_changed":false,"om_disable_all_campaigns":false,"rs_blank_template":"","rs_page_bg_color":"","slide_template_v7":"","inline_featured_image":false,"_monsterinsights_skip_tracking":false,"_monsterinsights_sitenote_active":false,"_monsterinsights_sitenote_note":"","_monsterinsights_sitenote_category":0},"product_brand":[],"product_cat":[90,540],"product_tag":[],"class_list":{"0":"post-358196","1":"product","2":"type-product","3":"status-publish","5":"product_cat-altres","6":"product_cat-otros","8":"first","9":"instock","10":"taxable","11":"shipping-taxable","12":"purchasable","13":"product-type-simple"},"acf":{"editorial":[{"ID":6309,"post_author":"3","post_date":"2022-07-28 17:49:25","post_date_gmt":"2022-07-28 15:49:25","post_content":"","post_title":"Monte Carmelo","post_excerpt":"","post_status":"publish","comment_status":"closed","ping_status":"closed","post_password":"","post_name":"monte-carmelo","to_ping":"","pinged":"","post_modified":"2022-07-28 17:49:25","post_modified_gmt":"2022-07-28 15:49:25","post_content_filtered":"","post_parent":0,"guid":"http:\/\/dev.claret.cat\/editorial\/monte-carmelo\/","menu_order":0,"post_type":"editorial","post_mime_type":"","comment_count":"0","filter":"raw"}],"autores-libros":[{"ID":170490,"post_author":"3","post_date":"2022-10-14 22:35:45","post_date_gmt":"2022-10-14 20:35:45","post_content":"","post_title":"TOM\u00c1S \u00c1LVAREZ","post_excerpt":"","post_status":"publish","comment_status":"closed","ping_status":"closed","post_password":"","post_name":"tomas-alvarez","to_ping":"","pinged":"","post_modified":"2022-10-14 22:35:45","post_modified_gmt":"2022-10-14 20:35:45","post_content_filtered":"","post_parent":0,"guid":"http:\/\/dev.claret.cat\/autor\/tomas-alvarez\/","menu_order":0,"post_type":"autor","post_mime_type":"","comment_count":"0","filter":"raw"},{"ID":350650,"post_author":"3","post_date":"2023-01-14 09:17:14","post_date_gmt":"2023-01-14 08:17:14","post_content":"","post_title":"FERNANDO DOMINGO","post_excerpt":"","post_status":"publish","comment_status":"closed","ping_status":"closed","post_password":"","post_name":"fernando-domingo","to_ping":"","pinged":"","post_modified":"2023-01-14 09:17:14","post_modified_gmt":"2023-01-14 08:17:14","post_content_filtered":"","post_parent":0,"guid":"https:\/\/www.claret.cat\/autor\/fernando-domingo\/","menu_order":0,"post_type":"autor","post_mime_type":"","comment_count":"0","filter":"raw"}],"autor":"\u00c1LVAREZ, TOM\u00c1S; DOMINGO, FERNANDO","codart":"848353444","libros-coleccion":"","ediciones":"1","encuadernacion":"R\u00fastica","fecha_de_publicacion":"16\/04\/2012","novedad":"0","paginas":"242","subtitulo":"LA AVENTURA FUNDACIONAL DE UNA SANTA INQUIETA Y ANDARIEGA","orden":"999","portada":"0","idioma":"spa"},"aioseo_notices":[],"_links":{"self":[{"href":"https:\/\/www.claret.cat\/es\/wp-json\/wp\/v2\/product\/358196","targetHints":{"allow":["GET"]}}],"collection":[{"href":"https:\/\/www.claret.cat\/es\/wp-json\/wp\/v2\/product"}],"about":[{"href":"https:\/\/www.claret.cat\/es\/wp-json\/wp\/v2\/types\/product"}],"wp:attachment":[{"href":"https:\/\/www.claret.cat\/es\/wp-json\/wp\/v2\/media?parent=358196"}],"wp:term":[{"taxonomy":"product_brand","embeddable":true,"href":"https:\/\/www.claret.cat\/es\/wp-json\/wp\/v2\/product_brand?post=358196"},{"taxonomy":"product_cat","embeddable":true,"href":"https:\/\/www.claret.cat\/es\/wp-json\/wp\/v2\/product_cat?post=358196"},{"taxonomy":"product_tag","embeddable":true,"href":"https:\/\/www.claret.cat\/es\/wp-json\/wp\/v2\/product_tag?post=358196"}],"curies":[{"name":"wp","href":"https:\/\/api.w.org\/{rel}","templated":true}]}}

<p>ÁLVAREZ, TOMÁS; DOMINGO, FERNANDO</p>

TOMÁS ÁLVAREZ

ÁLVAREZ, TOMÁS; DOMINGO, FERNANDO

Rústica
