{"id":358462,"date":"2023-01-15T03:34:14","date_gmt":"2023-01-15T02:34:14","guid":{"rendered":"https:\/\/www.claret.cat\/llibre\/animacio-estimulativa-per-a-gent-gran-discapacitada-9788489467019\/"},"modified":"2024-05-23T07:45:20","modified_gmt":"2024-05-23T05:45:20","slug":"animacio-estimulativa-per-a-gent-gran-discapacitada-9788489467019","status":"publish","type":"product","link":"https:\/\/www.claret.cat\/es\/libro\/animacio-estimulativa-per-a-gent-gran-discapacitada-9788489467019\/","title":{"rendered":"ANIMACIO ESTIMULATIVA PER A GENT GRAN DISCAPACITADA"},"content":{"rendered":"<p>L&#8217;autor insisteix en els sistemes de comunicaci\u00f3 verbals i anal\u00f2gics que els animadors i el personal sanitari utilitzen com a llenguatge estimulatiu, per a reinserir, rehabilitar o simplement mantenir la persona gran dins un m\u00f3n digne d&#8217;\u00e9sser viscut.<\/p>\n","protected":false},"excerpt":{"rendered":"<p>MA\u00d1OS, QUICO<\/p>\n","protected":false},"featured_media":358463,"template":"","meta":{"_acf_changed":false,"om_disable_all_campaigns":false,"rs_blank_template":"","rs_page_bg_color":"","slide_template_v7":"","inline_featured_image":false,"_monsterinsights_skip_tracking":false,"_monsterinsights_sitenote_active":false,"_monsterinsights_sitenote_note":"","_monsterinsights_sitenote_category":0},"product_brand":[],"product_cat":[581,191,454,381,188,437,163],"product_tag":[],"class_list":{"0":"post-358462","1":"product","2":"type-product","3":"status-publish","4":"has-post-thumbnail","6":"product_cat-editorial-claret","7":"product_cat-educacio-en-valors-pedagogia-2_humanitats","8":"product_cat-educacion-en-valores","9":"product_cat-psicopedagogia-pedagogia-2_humanidades","10":"product_cat-psicopedagogia","11":"product_cat-valores-y-convivencia","12":"product_cat-valors-i-convivencia","14":"first","15":"instock","16":"taxable","17":"shipping-taxable","18":"purchasable","19":"product-type-simple"},"acf":{"editorial":[{"ID":6158,"post_author":"3","post_date":"2022-07-28 17:46:08","post_date_gmt":"2022-07-28 15:46:08","post_content":"","post_title":"CLARET","post_excerpt":"","post_status":"publish","comment_status":"closed","ping_status":"closed","post_password":"","post_name":"claret","to_ping":"","pinged":"","post_modified":"2022-07-28 17:46:08","post_modified_gmt":"2022-07-28 15:46:08","post_content_filtered":"","post_parent":0,"guid":"http:\/\/dev.claret.cat\/editorial\/claret\/","menu_order":0,"post_type":"editorial","post_mime_type":"","comment_count":"0","filter":"raw"}],"autores-libros":[{"ID":358461,"post_author":"3","post_date":"2023-01-15 03:34:11","post_date_gmt":"2023-01-15 02:34:11","post_content":"","post_title":"QUICO MA\u00d1OS","post_excerpt":"","post_status":"publish","comment_status":"closed","ping_status":"closed","post_password":"","post_name":"quico-manos","to_ping":"","pinged":"","post_modified":"2023-01-15 03:34:11","post_modified_gmt":"2023-01-15 02:34:11","post_content_filtered":"","post_parent":0,"guid":"https:\/\/www.claret.cat\/autor\/quico-manos\/","menu_order":0,"post_type":"autor","post_mime_type":"","comment_count":"0","filter":"raw"}],"autor":"MA\u00d1OS, QUICO","codart":"848946701","libros-coleccion":"Animaci\u00f3 Sociocultural","ediciones":"1","encuadernacion":"R\u00fastica","fecha_de_publicacion":"01\/05\/1996","novedad":"0","paginas":"239","subtitulo":"","orden":"999","portada":"0","idioma":"cat"},"aioseo_notices":[],"_links":{"self":[{"href":"https:\/\/www.claret.cat\/es\/wp-json\/wp\/v2\/product\/358462","targetHints":{"allow":["GET"]}}],"collection":[{"href":"https:\/\/www.claret.cat\/es\/wp-json\/wp\/v2\/product"}],"about":[{"href":"https:\/\/www.claret.cat\/es\/wp-json\/wp\/v2\/types\/product"}],"wp:featuredmedia":[{"embeddable":true,"href":"https:\/\/www.claret.cat\/es\/wp-json\/wp\/v2\/media\/358463"}],"wp:attachment":[{"href":"https:\/\/www.claret.cat\/es\/wp-json\/wp\/v2\/media?parent=358462"}],"wp:term":[{"taxonomy":"product_brand","embeddable":true,"href":"https:\/\/www.claret.cat\/es\/wp-json\/wp\/v2\/product_brand?post=358462"},{"taxonomy":"product_cat","embeddable":true,"href":"https:\/\/www.claret.cat\/es\/wp-json\/wp\/v2\/product_cat?post=358462"},{"taxonomy":"product_tag","embeddable":true,"href":"https:\/\/www.claret.cat\/es\/wp-json\/wp\/v2\/product_tag?post=358462"}],"curies":[{"name":"wp","href":"https:\/\/api.w.org\/{rel}","templated":true}]}}

<p>L&#8217;autor insisteix en els sistemes de comunicació verbals i analògics que els animadors i el personal sanitari utilitzen com a llenguatge estimulatiu, per a reinserir, rehabilitar o simplement mantenir la persona gran dins un món digne d&#8217;ésser viscut.</p>

<p>MAÑOS, QUICO</p>

QUICO MAÑOS

MAÑOS, QUICO

Animació Sociocultural

Rústica
