{"id":358762,"date":"2023-01-15T04:10:47","date_gmt":"2023-01-15T03:10:47","guid":{"rendered":"https:\/\/www.claret.cat\/llibre\/110-preguntas-de-hoy-a-jesus-9788490230671\/"},"modified":"2024-05-23T07:19:51","modified_gmt":"2024-05-23T05:19:51","slug":"110-preguntas-de-hoy-a-jesus-9788490230671","status":"publish","type":"product","link":"https:\/\/www.claret.cat\/es\/libro\/110-preguntas-de-hoy-a-jesus-9788490230671\/","title":{"rendered":"110 PREGUNTAS DE HOY A JES\u00daS"},"content":{"rendered":"<p>El libro, breve y original, nos acerca a Jes\u00fas de Nazaret, un personaje fascinante, un hombre que a nadie dej\u00f3 ni deja indiferente. Provoc\u00f3 adhesiones y repulsas apasionadas. Con este personaje el autor nos hace mantener una amigable conversaci\u00f3n. Es una entrevista formulada desde los testimonios que de su vida disponemos -los Evangelios y los textos del Nuevo Testamento-. Tanto las preguntas como las respuestas solo pretenden una cosa: acercarnos a nosotros la figura de Jes\u00fas y su mensaje, y acercarnos nosotros a la figura y mensaje de Jes\u00fas.<\/p>\n","protected":false},"excerpt":{"rendered":"<p>MONTERO, DOMINGO J.<\/p>\n","protected":false},"featured_media":358763,"template":"","meta":{"_acf_changed":false,"om_disable_all_campaigns":false,"rs_blank_template":"","rs_page_bg_color":"","slide_template_v7":"","inline_featured_image":false,"_monsterinsights_skip_tracking":false,"_monsterinsights_sitenote_active":false,"_monsterinsights_sitenote_note":"","_monsterinsights_sitenote_category":0},"product_brand":[],"product_cat":[90,540],"product_tag":[],"class_list":{"0":"post-358762","1":"product","2":"type-product","3":"status-publish","4":"has-post-thumbnail","6":"product_cat-altres","7":"product_cat-otros","9":"first","10":"instock","11":"taxable","12":"shipping-taxable","13":"purchasable","14":"product-type-simple"},"acf":{"editorial":[{"ID":6155,"post_author":"3","post_date":"2022-07-28 17:46:04","post_date_gmt":"2022-07-28 15:46:04","post_content":"","post_title":"Central Catequ\u00edstica Salesiana","post_excerpt":"","post_status":"publish","comment_status":"closed","ping_status":"closed","post_password":"","post_name":"central-catequistica-salesiana","to_ping":"","pinged":"","post_modified":"2022-07-28 17:46:04","post_modified_gmt":"2022-07-28 15:46:04","post_content_filtered":"","post_parent":0,"guid":"http:\/\/dev.claret.cat\/editorial\/central-catequistica-salesiana\/","menu_order":0,"post_type":"editorial","post_mime_type":"","comment_count":"0","filter":"raw"}],"autores-libros":[{"ID":154264,"post_author":"3","post_date":"2022-10-14 15:03:25","post_date_gmt":"2022-10-14 13:03:25","post_content":"","post_title":"DOMINGO J. MONTERO","post_excerpt":"","post_status":"publish","comment_status":"closed","ping_status":"closed","post_password":"","post_name":"domingo-j-montero","to_ping":"","pinged":"","post_modified":"2022-10-14 15:03:25","post_modified_gmt":"2022-10-14 13:03:25","post_content_filtered":"","post_parent":0,"guid":"http:\/\/dev.claret.cat\/autor\/domingo-j-montero\/","menu_order":0,"post_type":"autor","post_mime_type":"","comment_count":"0","filter":"raw"}],"autor":"MONTERO, DOMINGO J.","codart":"849023067","libros-coleccion":"","ediciones":"1","encuadernacion":"R\u00fastica","fecha_de_publicacion":"19\/04\/2013","novedad":"0","paginas":"84","subtitulo":"","orden":"999","portada":"0","idioma":"spa"},"aioseo_notices":[],"_links":{"self":[{"href":"https:\/\/www.claret.cat\/es\/wp-json\/wp\/v2\/product\/358762","targetHints":{"allow":["GET"]}}],"collection":[{"href":"https:\/\/www.claret.cat\/es\/wp-json\/wp\/v2\/product"}],"about":[{"href":"https:\/\/www.claret.cat\/es\/wp-json\/wp\/v2\/types\/product"}],"wp:featuredmedia":[{"embeddable":true,"href":"https:\/\/www.claret.cat\/es\/wp-json\/wp\/v2\/media\/358763"}],"wp:attachment":[{"href":"https:\/\/www.claret.cat\/es\/wp-json\/wp\/v2\/media?parent=358762"}],"wp:term":[{"taxonomy":"product_brand","embeddable":true,"href":"https:\/\/www.claret.cat\/es\/wp-json\/wp\/v2\/product_brand?post=358762"},{"taxonomy":"product_cat","embeddable":true,"href":"https:\/\/www.claret.cat\/es\/wp-json\/wp\/v2\/product_cat?post=358762"},{"taxonomy":"product_tag","embeddable":true,"href":"https:\/\/www.claret.cat\/es\/wp-json\/wp\/v2\/product_tag?post=358762"}],"curies":[{"name":"wp","href":"https:\/\/api.w.org\/{rel}","templated":true}]}}

110 PREGUNTAS DE HOY A JESÚS

<p>El libro, breve y original, nos acerca a Jesús de Nazaret, un personaje fascinante, un hombre que a nadie dejó ni deja indiferente. Provocó adhesiones y repulsas apasionadas. Con este personaje el autor nos hace mantener una amigable conversación. Es una entrevista formulada desde los testimonios que de su vida disponemos -los Evangelios y los textos del Nuevo Testamento-. Tanto las preguntas como las respuestas solo pretenden una cosa: acercarnos a nosotros la figura de Jesús y su mensaje, y acercarnos nosotros a la figura y mensaje de Jesús.</p>

Central Catequística Salesiana

Rústica
