{"id":36132,"date":"2022-10-02T18:14:38","date_gmt":"2022-10-02T16:14:38","guid":{"rendered":"http:\/\/dev.claret.cat\/producte\/pack-anna-kadabra-1-motxilla\/"},"modified":"2024-02-14T19:44:58","modified_gmt":"2024-02-14T18:44:58","slug":"pack-anna-kadabra-1-motxilla-9782715141582","status":"publish","type":"product","link":"https:\/\/www.claret.cat\/es\/libro\/pack-anna-kadabra-1-motxilla-9782715141582\/","title":{"rendered":"PACK ANNA KADABRA 1 + MOTXILLA"},"content":{"rendered":"<p>I si les bruixes fossin les bones del conte? Una nova col.leccio\u00b4plena de ma`gia, misteri i diversio\u00b4.<br \/>L\u2019Anna esta`empipada perque`ha d\u2019abandonar casa seva, l\u2019escola i la ciutat. Es trasllada amb els seus pares a Moonville, un vell poble enmig del bosc. Per postres, el lloc e\u00b4s ple de llegendes i secrets. Qui e\u00b4s, per exemple, aquest gat misterio\u00b4s que la segueix a tot arreu? Que potser e\u00b4s el gat d\u2019una bruixa? Ep!&#8230; I si la bruixa fos ella?!<\/p>\n","protected":false},"excerpt":{"rendered":"<p>PEDRO MA\u00d1AS ; DAVID SIERRA LIST\u00d3N<\/p>\n","protected":false},"featured_media":294571,"template":"","meta":{"_acf_changed":false,"om_disable_all_campaigns":false,"rs_blank_template":"","rs_page_bg_color":"","slide_template_v7":"","inline_featured_image":false,"_monsterinsights_skip_tracking":false,"_monsterinsights_sitenote_active":false,"_monsterinsights_sitenote_note":"","_monsterinsights_sitenote_category":0},"product_brand":[],"product_cat":[90,540],"product_tag":[],"class_list":{"0":"post-36132","1":"product","2":"type-product","3":"status-publish","4":"has-post-thumbnail","6":"product_cat-altres","7":"product_cat-otros","9":"first","10":"instock","11":"taxable","12":"shipping-taxable","13":"purchasable","14":"product-type-simple"},"acf":{"autor":"PEDRO MA\u00d1AS ; DAVID SIERRA LIST\u00d3N","codart":"271514158","libros-coleccion":"","ediciones":"1","encuadernacion":"R\u00fastica","fecha_de_publicacion":"08\/06\/2022","novedad":"1","paginas":"128","subtitulo":"EL CLUB DE LA LLUNA PLENA","orden":"0","portada":"0","idioma":"cat","editorial":[{"ID":148121,"post_author":"3","post_date":"2022-10-14 11:55:48","post_date_gmt":"2022-10-14 09:55:48","post_content":"","post_title":"ESTRELLA POLAR","post_excerpt":"","post_status":"publish","comment_status":"closed","ping_status":"closed","post_password":"","post_name":"estrella-polar-2","to_ping":"","pinged":"","post_modified":"2022-10-14 11:55:48","post_modified_gmt":"2022-10-14 09:55:48","post_content_filtered":"","post_parent":0,"guid":"http:\/\/dev.claret.cat\/editorial\/estrella-polar-2\/","menu_order":0,"post_type":"editorial","post_mime_type":"","comment_count":"0","filter":"raw"}],"autores-libros":[{"ID":166875,"post_author":"3","post_date":"2022-10-14 18:06:45","post_date_gmt":"2022-10-14 16:06:45","post_content":"","post_title":"PEDRO MA\u00d1AS","post_excerpt":"","post_status":"publish","comment_status":"closed","ping_status":"closed","post_password":"","post_name":"pedro-manas-2","to_ping":"","pinged":"","post_modified":"2022-10-14 18:06:45","post_modified_gmt":"2022-10-14 16:06:45","post_content_filtered":"","post_parent":0,"guid":"http:\/\/dev.claret.cat\/autor\/pedro-manas-2\/","menu_order":0,"post_type":"autor","post_mime_type":"","comment_count":"0","filter":"raw"},{"ID":153958,"post_author":"3","post_date":"2022-10-14 15:00:55","post_date_gmt":"2022-10-14 13:00:55","post_content":"","post_title":"DAVID SIERRA LIST\u00d3N","post_excerpt":"","post_status":"publish","comment_status":"closed","ping_status":"closed","post_password":"","post_name":"david-sierra-liston-2","to_ping":"","pinged":"","post_modified":"2022-10-14 15:00:55","post_modified_gmt":"2022-10-14 13:00:55","post_content_filtered":"","post_parent":0,"guid":"http:\/\/dev.claret.cat\/autor\/david-sierra-liston-2\/","menu_order":0,"post_type":"autor","post_mime_type":"","comment_count":"0","filter":"raw"}]},"aioseo_notices":[],"_links":{"self":[{"href":"https:\/\/www.claret.cat\/es\/wp-json\/wp\/v2\/product\/36132","targetHints":{"allow":["GET"]}}],"collection":[{"href":"https:\/\/www.claret.cat\/es\/wp-json\/wp\/v2\/product"}],"about":[{"href":"https:\/\/www.claret.cat\/es\/wp-json\/wp\/v2\/types\/product"}],"wp:featuredmedia":[{"embeddable":true,"href":"https:\/\/www.claret.cat\/es\/wp-json\/wp\/v2\/media\/294571"}],"wp:attachment":[{"href":"https:\/\/www.claret.cat\/es\/wp-json\/wp\/v2\/media?parent=36132"}],"wp:term":[{"taxonomy":"product_brand","embeddable":true,"href":"https:\/\/www.claret.cat\/es\/wp-json\/wp\/v2\/product_brand?post=36132"},{"taxonomy":"product_cat","embeddable":true,"href":"https:\/\/www.claret.cat\/es\/wp-json\/wp\/v2\/product_cat?post=36132"},{"taxonomy":"product_tag","embeddable":true,"href":"https:\/\/www.claret.cat\/es\/wp-json\/wp\/v2\/product_tag?post=36132"}],"curies":[{"name":"wp","href":"https:\/\/api.w.org\/{rel}","templated":true}]}}

<p>PEDRO MAÑAS ; DAVID SIERRA LISTÓN</p>

PEDRO MAÑAS ; DAVID SIERRA LISTÓN

Rústica

PEDRO MAÑAS

DAVID SIERRA LISTÓN
