{"id":361974,"date":"2023-01-15T08:17:14","date_gmt":"2023-01-15T07:17:14","guid":{"rendered":"https:\/\/www.claret.cat\/llibre\/en-la-escuela-de-maria-9788493125936\/"},"modified":"2024-05-23T01:48:59","modified_gmt":"2024-05-22T23:48:59","slug":"en-la-escuela-de-maria-9788493125936","status":"publish","type":"product","link":"https:\/\/www.claret.cat\/es\/libro\/en-la-escuela-de-maria-9788493125936\/","title":{"rendered":"EN LA ESCUELA DE MAR\u00cdA"},"content":{"rendered":"<p>La devoci\u00f3n a la Virgen Mar\u00eda es camino que conduce a su Hijo, Cristo Jes\u00fas, nuestro Salvador y Redentor; es tambi\u00e9n llave segura que abre las puertas del Cielo. Adem\u00e1s, da el coraje, la energ\u00eda y el amor suficientes para -con nuestras pisadas en pos de Cristo- dejar marcadas en los senderos de la tierra unas huellas que puedan seguir otros hombres y mujeres en su encuentro con Dios. Que sea Santa Mar\u00eda quien gu\u00ede nuestros pasos por los caminos del mundo para anunciar a Cristo, orientando la peregrinaci\u00f3n terrena hacia la luz de la gloria.<br \/>En la \u201cEscuela de Mar\u00eda\u201d se aprende a tener el coraz\u00f3n encendido de amor a Dios; a corresponder a las gracias que se reciben del Cielo; y a mantener la llama siempre ardiente de la caridad. Y siempre a responder con generosidad a las exigencias -\u00a1benditas exigencias!- de la vocaci\u00f3n cristiana.<\/p>\n","protected":false},"excerpt":{"rendered":"<p>AZC\u00c1RATE FAJARN\u00c9S, JES\u00daS<\/p>\n","protected":false},"featured_media":361975,"template":"","meta":{"_acf_changed":false,"om_disable_all_campaigns":false,"rs_blank_template":"","rs_page_bg_color":"","slide_template_v7":"","inline_featured_image":false,"_monsterinsights_skip_tracking":false,"_monsterinsights_sitenote_active":false,"_monsterinsights_sitenote_note":"","_monsterinsights_sitenote_category":0},"product_brand":[],"product_cat":[90,540],"product_tag":[],"class_list":{"0":"post-361974","1":"product","2":"type-product","3":"status-publish","4":"has-post-thumbnail","6":"product_cat-altres","7":"product_cat-otros","9":"first","10":"instock","11":"taxable","12":"shipping-taxable","13":"purchasable","14":"product-type-simple"},"acf":{"editorial":[{"ID":6164,"post_author":"3","post_date":"2022-07-28 17:46:16","post_date_gmt":"2022-07-28 15:46:16","post_content":"","post_title":"COBEL EDICIONES","post_excerpt":"","post_status":"publish","comment_status":"closed","ping_status":"closed","post_password":"","post_name":"cobel-ediciones","to_ping":"","pinged":"","post_modified":"2022-07-28 17:46:16","post_modified_gmt":"2022-07-28 15:46:16","post_content_filtered":"","post_parent":0,"guid":"http:\/\/dev.claret.cat\/editorial\/cobel-ediciones\/","menu_order":0,"post_type":"editorial","post_mime_type":"","comment_count":"0","filter":"raw"}],"autores-libros":[{"ID":159087,"post_author":"3","post_date":"2022-10-14 15:41:59","post_date_gmt":"2022-10-14 13:41:59","post_content":"","post_title":"JES\u00daS AZC\u00c1RATE FAJARN\u00c9S","post_excerpt":"","post_status":"publish","comment_status":"closed","ping_status":"closed","post_password":"","post_name":"jesus-azcarate-fajarnes","to_ping":"","pinged":"","post_modified":"2022-10-14 15:41:59","post_modified_gmt":"2022-10-14 13:41:59","post_content_filtered":"","post_parent":0,"guid":"http:\/\/dev.claret.cat\/autor\/jesus-azcarate-fajarnes\/","menu_order":0,"post_type":"autor","post_mime_type":"","comment_count":"0","filter":"raw"}],"autor":"AZC\u00c1RATE FAJARN\u00c9S, JES\u00daS","codart":"849312593","libros-coleccion":"FORA DE COL.LECCI\u00d3","ediciones":"1","encuadernacion":"[Vac\u00edo]","fecha_de_publicacion":"01\/04\/2010","novedad":"0","paginas":"186","subtitulo":"","orden":"999","portada":"0","idioma":"spa"},"aioseo_notices":[],"_links":{"self":[{"href":"https:\/\/www.claret.cat\/es\/wp-json\/wp\/v2\/product\/361974","targetHints":{"allow":["GET"]}}],"collection":[{"href":"https:\/\/www.claret.cat\/es\/wp-json\/wp\/v2\/product"}],"about":[{"href":"https:\/\/www.claret.cat\/es\/wp-json\/wp\/v2\/types\/product"}],"wp:featuredmedia":[{"embeddable":true,"href":"https:\/\/www.claret.cat\/es\/wp-json\/wp\/v2\/media\/361975"}],"wp:attachment":[{"href":"https:\/\/www.claret.cat\/es\/wp-json\/wp\/v2\/media?parent=361974"}],"wp:term":[{"taxonomy":"product_brand","embeddable":true,"href":"https:\/\/www.claret.cat\/es\/wp-json\/wp\/v2\/product_brand?post=361974"},{"taxonomy":"product_cat","embeddable":true,"href":"https:\/\/www.claret.cat\/es\/wp-json\/wp\/v2\/product_cat?post=361974"},{"taxonomy":"product_tag","embeddable":true,"href":"https:\/\/www.claret.cat\/es\/wp-json\/wp\/v2\/product_tag?post=361974"}],"curies":[{"name":"wp","href":"https:\/\/api.w.org\/{rel}","templated":true}]}}

EN LA ESCUELA DE MARÍA

<p>La devoción a la Virgen María es camino que conduce a su Hijo, Cristo Jesús, nuestro Salvador y Redentor; es también llave segura que abre las puertas del Cielo. Además, da el coraje, la energía y el amor suficientes para -con nuestras pisadas en pos de Cristo- dejar marcadas en los senderos de la tierra unas huellas que puedan seguir otros hombres y mujeres en su encuentro con Dios. Que sea Santa María quien guíe nuestros pasos por los caminos del mundo para anunciar a Cristo, orientando la peregrinación terrena hacia la luz de la gloria.<br />En la “Escuela de María” se aprende a tener el corazón encendido de amor a Dios; a corresponder a las gracias que se reciben del Cielo; y a mantener la llama siempre ardiente de la caridad. Y siempre a responder con generosidad a las exigencias -¡benditas exigencias!- de la vocación cristiana.</p>

<p>AZCÁRATE FAJARNÉS, JESÚS</p>

JESÚS AZCÁRATE FAJARNÉS

AZCÁRATE FAJARNÉS, JESÚS

FORA DE COL.LECCIÓ

[Vacío]
