{"id":362225,"date":"2023-01-15T08:35:46","date_gmt":"2023-01-15T07:35:46","guid":{"rendered":"https:\/\/www.claret.cat\/llibre\/fiestas-del-senor-homilias-de-benedicto-xvi-9788493752552\/"},"modified":"2024-05-23T01:34:54","modified_gmt":"2024-05-22T23:34:54","slug":"fiestas-del-senor-homilias-de-benedicto-xvi-9788493752552","status":"publish","type":"product","link":"https:\/\/www.claret.cat\/es\/libro\/fiestas-del-senor-homilias-de-benedicto-xvi-9788493752552\/","title":{"rendered":"FIESTAS DEL SE\u00d1OR &#8211; HOMIL\u00cdAS DE BENEDICTO XVI"},"content":{"rendered":"","protected":false},"excerpt":{"rendered":"<p>MANGLANO, JOS\u00c9 PEDRO<\/p>\n","protected":false},"featured_media":0,"template":"","meta":{"_acf_changed":false,"om_disable_all_campaigns":false,"rs_blank_template":"","rs_page_bg_color":"","slide_template_v7":"","inline_featured_image":false,"_monsterinsights_skip_tracking":false,"_monsterinsights_sitenote_active":false,"_monsterinsights_sitenote_note":"","_monsterinsights_sitenote_category":0},"product_brand":[],"product_cat":[90,540],"product_tag":[],"class_list":{"0":"post-362225","1":"product","2":"type-product","3":"status-publish","5":"product_cat-altres","6":"product_cat-otros","8":"first","9":"instock","10":"taxable","11":"shipping-taxable","12":"purchasable","13":"product-type-simple"},"acf":{"editorial":[{"ID":6164,"post_author":"3","post_date":"2022-07-28 17:46:16","post_date_gmt":"2022-07-28 15:46:16","post_content":"","post_title":"COBEL EDICIONES","post_excerpt":"","post_status":"publish","comment_status":"closed","ping_status":"closed","post_password":"","post_name":"cobel-ediciones","to_ping":"","pinged":"","post_modified":"2022-07-28 17:46:16","post_modified_gmt":"2022-07-28 15:46:16","post_content_filtered":"","post_parent":0,"guid":"http:\/\/dev.claret.cat\/editorial\/cobel-ediciones\/","menu_order":0,"post_type":"editorial","post_mime_type":"","comment_count":"0","filter":"raw"}],"autores-libros":[{"ID":160540,"post_author":"3","post_date":"2022-10-14 15:53:54","post_date_gmt":"2022-10-14 13:53:54","post_content":"","post_title":"JOS\u00c9 PEDRO MANGLANO","post_excerpt":"","post_status":"publish","comment_status":"closed","ping_status":"closed","post_password":"","post_name":"jose-pedro-manglano","to_ping":"","pinged":"","post_modified":"2022-10-14 15:53:54","post_modified_gmt":"2022-10-14 13:53:54","post_content_filtered":"","post_parent":0,"guid":"http:\/\/dev.claret.cat\/autor\/jose-pedro-manglano\/","menu_order":0,"post_type":"autor","post_mime_type":"","comment_count":"0","filter":"raw"}],"autor":"MANGLANO, JOS\u00c9 PEDRO","codart":"849375255","libros-coleccion":"","ediciones":"1","encuadernacion":"R\u00fastica","fecha_de_publicacion":"09\/02\/2011","novedad":"0","paginas":"123","subtitulo":"","orden":"999","portada":"0","idioma":"spa"},"aioseo_notices":[],"_links":{"self":[{"href":"https:\/\/www.claret.cat\/es\/wp-json\/wp\/v2\/product\/362225","targetHints":{"allow":["GET"]}}],"collection":[{"href":"https:\/\/www.claret.cat\/es\/wp-json\/wp\/v2\/product"}],"about":[{"href":"https:\/\/www.claret.cat\/es\/wp-json\/wp\/v2\/types\/product"}],"wp:attachment":[{"href":"https:\/\/www.claret.cat\/es\/wp-json\/wp\/v2\/media?parent=362225"}],"wp:term":[{"taxonomy":"product_brand","embeddable":true,"href":"https:\/\/www.claret.cat\/es\/wp-json\/wp\/v2\/product_brand?post=362225"},{"taxonomy":"product_cat","embeddable":true,"href":"https:\/\/www.claret.cat\/es\/wp-json\/wp\/v2\/product_cat?post=362225"},{"taxonomy":"product_tag","embeddable":true,"href":"https:\/\/www.claret.cat\/es\/wp-json\/wp\/v2\/product_tag?post=362225"}],"curies":[{"name":"wp","href":"https:\/\/api.w.org\/{rel}","templated":true}]}}

FIESTAS DEL SEÑOR &#8211; HOMILÍAS DE BENEDICTO XVI

<p>MANGLANO, JOSÉ PEDRO</p>

JOSÉ PEDRO MANGLANO

MANGLANO, JOSÉ PEDRO

Rústica
