{"id":362479,"date":"2023-01-15T09:07:52","date_gmt":"2023-01-15T08:07:52","guid":{"rendered":"https:\/\/www.claret.cat\/llibre\/breu-historia-de-lesglesia-a-ledat-mitjana-9788494364143\/"},"modified":"2025-03-28T11:50:24","modified_gmt":"2025-03-28T10:50:24","slug":"breu-historia-de-lesglesia-a-ledat-mitjana-9788494364143","status":"publish","type":"product","link":"https:\/\/www.claret.cat\/es\/libro\/breu-historia-de-lesglesia-a-ledat-mitjana-9788494364143\/","title":{"rendered":"BREU HIST\u00d2RIA DE L&#8217;ESGL\u00c9SIA A L&#8217;EDAT MITJANA"},"content":{"rendered":"","protected":false},"excerpt":{"rendered":"<p>ABAD\u00cdAS I AUR\u00cdN, DAVID<\/p>\n","protected":false},"featured_media":975370,"template":"","meta":{"_acf_changed":false,"om_disable_all_campaigns":false,"rs_blank_template":"","rs_page_bg_color":"","slide_template_v7":"","inline_featured_image":false,"_monsterinsights_skip_tracking":false,"_monsterinsights_sitenote_active":false,"_monsterinsights_sitenote_note":"","_monsterinsights_sitenote_category":0},"product_brand":[],"product_cat":[543,93,85,351],"product_tag":[],"class_list":{"0":"post-362479","1":"product","2":"type-product","3":"status-publish","4":"has-post-thumbnail","6":"product_cat-eclesiologia-es","7":"product_cat-eclesiologia","8":"product_cat-historia","9":"product_cat-historia-2_humanidades","11":"first","12":"instock","13":"taxable","14":"shipping-taxable","15":"purchasable","16":"product-type-simple"},"acf":{"editorial":[{"ID":6253,"post_author":"3","post_date":"2022-07-28 17:48:14","post_date_gmt":"2022-07-28 15:48:14","post_content":"","post_title":"Facultat Teologia de Catalunya","post_excerpt":"","post_status":"publish","comment_status":"closed","ping_status":"closed","post_password":"","post_name":"facultat-teologia-de-catalunya","to_ping":"","pinged":"","post_modified":"2022-07-28 17:48:14","post_modified_gmt":"2022-07-28 15:48:14","post_content_filtered":"","post_parent":0,"guid":"http:\/\/dev.claret.cat\/editorial\/facultat-teologia-de-catalunya\/","menu_order":0,"post_type":"editorial","post_mime_type":"","comment_count":"0","filter":"raw"}],"autores-libros":[{"ID":309489,"post_author":"3","post_date":"2022-12-20 08:52:00","post_date_gmt":"2022-12-20 07:52:00","post_content":"","post_title":"DAVID ABAD\u00cdAS I AUR\u00cdN","post_excerpt":"","post_status":"publish","comment_status":"closed","ping_status":"closed","post_password":"","post_name":"david-abadias-i-aurin","to_ping":"","pinged":"","post_modified":"2022-12-20 08:52:00","post_modified_gmt":"2022-12-20 07:52:00","post_content_filtered":"","post_parent":0,"guid":"https:\/\/www.claret.cat\/autor\/david-abadias-i-aurin\/","menu_order":0,"post_type":"autor","post_mime_type":"","comment_count":"0","filter":"raw"}],"autor":"ABAD\u00cdAS I AUR\u00cdN, DAVID","codart":"849436414","libros-coleccion":"","ediciones":"1","encuadernacion":"R\u00fastica","fecha_de_publicacion":"20\/10\/2015","novedad":"0","paginas":"352","subtitulo":"INSTRUMENTA 1","orden":"999","portada":"0","idioma":"cat"},"aioseo_notices":[],"_links":{"self":[{"href":"https:\/\/www.claret.cat\/es\/wp-json\/wp\/v2\/product\/362479","targetHints":{"allow":["GET"]}}],"collection":[{"href":"https:\/\/www.claret.cat\/es\/wp-json\/wp\/v2\/product"}],"about":[{"href":"https:\/\/www.claret.cat\/es\/wp-json\/wp\/v2\/types\/product"}],"wp:featuredmedia":[{"embeddable":true,"href":"https:\/\/www.claret.cat\/es\/wp-json\/wp\/v2\/media\/975370"}],"wp:attachment":[{"href":"https:\/\/www.claret.cat\/es\/wp-json\/wp\/v2\/media?parent=362479"}],"wp:term":[{"taxonomy":"product_brand","embeddable":true,"href":"https:\/\/www.claret.cat\/es\/wp-json\/wp\/v2\/product_brand?post=362479"},{"taxonomy":"product_cat","embeddable":true,"href":"https:\/\/www.claret.cat\/es\/wp-json\/wp\/v2\/product_cat?post=362479"},{"taxonomy":"product_tag","embeddable":true,"href":"https:\/\/www.claret.cat\/es\/wp-json\/wp\/v2\/product_tag?post=362479"}],"curies":[{"name":"wp","href":"https:\/\/api.w.org\/{rel}","templated":true}]}}

BREU HISTÒRIA DE L&#8217;ESGLÉSIA A L&#8217;EDAT MITJANA

<p>ABADÍAS I AURÍN, DAVID</p>

DAVID ABADÍAS I AURÍN

ABADÍAS I AURÍN, DAVID

Rústica
