{"id":362485,"date":"2023-01-15T09:08:18","date_gmt":"2023-01-15T08:08:18","guid":{"rendered":"https:\/\/www.claret.cat\/llibre\/los-teologos-espanoles-en-el-reino-de-maria-i-tudor-de-inglaterra-9788494364174\/"},"modified":"2024-05-23T01:04:10","modified_gmt":"2024-05-22T23:04:10","slug":"los-teologos-espanoles-en-el-reino-de-maria-i-tudor-de-inglaterra-9788494364174","status":"publish","type":"product","link":"https:\/\/www.claret.cat\/es\/libro\/los-teologos-espanoles-en-el-reino-de-maria-i-tudor-de-inglaterra-9788494364174\/","title":{"rendered":"LOS TE\u00d3LOGOS ESPA\u00d1OLES EN EL REINO DE MARIA I TUDOR DE INGLATERRA"},"content":{"rendered":"","protected":false},"excerpt":{"rendered":"<p>ABAD\u00cdAS I AUR\u00cdN, DAVID<\/p>\n","protected":false},"featured_media":362486,"template":"","meta":{"_acf_changed":false,"om_disable_all_campaigns":false,"rs_blank_template":"","rs_page_bg_color":"","slide_template_v7":"","inline_featured_image":false,"_monsterinsights_skip_tracking":false,"_monsterinsights_sitenote_active":false,"_monsterinsights_sitenote_note":"","_monsterinsights_sitenote_category":0},"product_brand":[],"product_cat":[76,342],"product_tag":[],"class_list":{"0":"post-362485","1":"product","2":"type-product","3":"status-publish","4":"has-post-thumbnail","6":"product_cat-teologia","7":"product_cat-teologia-1_espiritualidad","9":"first","10":"instock","11":"taxable","12":"shipping-taxable","13":"purchasable","14":"product-type-simple"},"acf":{"editorial":[{"ID":6253,"post_author":"3","post_date":"2022-07-28 17:48:14","post_date_gmt":"2022-07-28 15:48:14","post_content":"","post_title":"Facultat Teologia de Catalunya","post_excerpt":"","post_status":"publish","comment_status":"closed","ping_status":"closed","post_password":"","post_name":"facultat-teologia-de-catalunya","to_ping":"","pinged":"","post_modified":"2022-07-28 17:48:14","post_modified_gmt":"2022-07-28 15:48:14","post_content_filtered":"","post_parent":0,"guid":"http:\/\/dev.claret.cat\/editorial\/facultat-teologia-de-catalunya\/","menu_order":0,"post_type":"editorial","post_mime_type":"","comment_count":"0","filter":"raw"}],"autores-libros":[{"ID":309489,"post_author":"3","post_date":"2022-12-20 08:52:00","post_date_gmt":"2022-12-20 07:52:00","post_content":"","post_title":"DAVID ABAD\u00cdAS I AUR\u00cdN","post_excerpt":"","post_status":"publish","comment_status":"closed","ping_status":"closed","post_password":"","post_name":"david-abadias-i-aurin","to_ping":"","pinged":"","post_modified":"2022-12-20 08:52:00","post_modified_gmt":"2022-12-20 07:52:00","post_content_filtered":"","post_parent":0,"guid":"https:\/\/www.claret.cat\/autor\/david-abadias-i-aurin\/","menu_order":0,"post_type":"autor","post_mime_type":"","comment_count":"0","filter":"raw"}],"autor":"ABAD\u00cdAS I AUR\u00cdN, DAVID","codart":"849436417","libros-coleccion":"","ediciones":"1","encuadernacion":"R\u00fastica","fecha_de_publicacion":"19\/02\/2016","novedad":"0","paginas":"348","subtitulo":"","orden":"999","portada":"0","idioma":"spa"},"aioseo_notices":[],"_links":{"self":[{"href":"https:\/\/www.claret.cat\/es\/wp-json\/wp\/v2\/product\/362485","targetHints":{"allow":["GET"]}}],"collection":[{"href":"https:\/\/www.claret.cat\/es\/wp-json\/wp\/v2\/product"}],"about":[{"href":"https:\/\/www.claret.cat\/es\/wp-json\/wp\/v2\/types\/product"}],"wp:featuredmedia":[{"embeddable":true,"href":"https:\/\/www.claret.cat\/es\/wp-json\/wp\/v2\/media\/362486"}],"wp:attachment":[{"href":"https:\/\/www.claret.cat\/es\/wp-json\/wp\/v2\/media?parent=362485"}],"wp:term":[{"taxonomy":"product_brand","embeddable":true,"href":"https:\/\/www.claret.cat\/es\/wp-json\/wp\/v2\/product_brand?post=362485"},{"taxonomy":"product_cat","embeddable":true,"href":"https:\/\/www.claret.cat\/es\/wp-json\/wp\/v2\/product_cat?post=362485"},{"taxonomy":"product_tag","embeddable":true,"href":"https:\/\/www.claret.cat\/es\/wp-json\/wp\/v2\/product_tag?post=362485"}],"curies":[{"name":"wp","href":"https:\/\/api.w.org\/{rel}","templated":true}]}}

LOS TEÓLOGOS ESPAÑOLES EN EL REINO DE MARIA I TUDOR DE INGLATERRA

<p>ABADÍAS I AURÍN, DAVID</p>

DAVID ABADÍAS I AURÍN

ABADÍAS I AURÍN, DAVID

Rústica
