{"id":362803,"date":"2023-01-15T09:41:46","date_gmt":"2023-01-15T08:41:46","guid":{"rendered":"https:\/\/www.claret.cat\/llibre\/el-padrenuestro-9788496488199\/"},"modified":"2025-02-20T09:35:21","modified_gmt":"2025-02-20T08:35:21","slug":"el-padrenuestro-9788496488199","status":"publish","type":"product","link":"https:\/\/www.claret.cat\/es\/libro\/el-padrenuestro-9788496488199\/","title":{"rendered":"EL PADRENUESTRO"},"content":{"rendered":"<p>En estas p\u00e1ginas se ofrece una interpretaci\u00f3n trinitaria del padrenuestro a la luz de la teolog\u00eda de san Agust\u00edn y del relieve que otorga al Esp\u00edritu Santo. El padrenuestro nos introduce en el conocimiento del Dios trinitario, reavivando as\u00ed nuestra propia condici\u00f3n filial.<\/p>\n","protected":false},"excerpt":{"rendered":"<p>PEREIRA DE MATOS, MANUEL <\/p>\n","protected":false},"featured_media":362804,"template":"","meta":{"_acf_changed":false,"om_disable_all_campaigns":false,"rs_blank_template":"","rs_page_bg_color":"","slide_template_v7":"","inline_featured_image":false,"_monsterinsights_skip_tracking":false,"_monsterinsights_sitenote_active":false,"_monsterinsights_sitenote_note":"","_monsterinsights_sitenote_category":0},"product_brand":[],"product_cat":[487,234,496,246,278,508],"product_tag":[],"class_list":{"0":"post-362803","1":"product","2":"type-product","3":"status-publish","4":"has-post-thumbnail","6":"product_cat-cristocentrica-espiritualidad-1_espiritualidad","7":"product_cat-cristocentrica","8":"product_cat-devocionarios","9":"product_cat-devocionaris","10":"product_cat-misteri-de-deu","11":"product_cat-misterio-de-dios","13":"first","14":"instock","15":"taxable","16":"shipping-taxable","17":"purchasable","18":"product-type-simple"},"acf":{"editorial":[{"ID":6359,"post_author":"3","post_date":"2022-07-28 17:50:30","post_date_gmt":"2022-07-28 15:50:30","post_content":"","post_title":"Secretariado Trinitario","post_excerpt":"","post_status":"publish","comment_status":"closed","ping_status":"closed","post_password":"","post_name":"secretariado-trinitario","to_ping":"","pinged":"","post_modified":"2022-07-28 17:50:30","post_modified_gmt":"2022-07-28 15:50:30","post_content_filtered":"","post_parent":0,"guid":"http:\/\/dev.claret.cat\/editorial\/secretariado-trinitario\/","menu_order":0,"post_type":"editorial","post_mime_type":"","comment_count":"0","filter":"raw"}],"autores-libros":[{"ID":362802,"post_author":"3","post_date":"2023-01-15 09:41:43","post_date_gmt":"2023-01-15 08:41:43","post_content":"","post_title":"MANUEL ALBERTO PEREIRA DE MATOS","post_excerpt":"","post_status":"publish","comment_status":"closed","ping_status":"closed","post_password":"","post_name":"manuel-alberto-pereira-de-matos","to_ping":"","pinged":"","post_modified":"2023-01-15 09:41:43","post_modified_gmt":"2023-01-15 08:41:43","post_content_filtered":"","post_parent":0,"guid":"https:\/\/www.claret.cat\/autor\/manuel-alberto-pereira-de-matos\/","menu_order":0,"post_type":"autor","post_mime_type":"","comment_count":"0","filter":"raw"}],"autor":"PEREIRA DE MATOS, MANUEL ","codart":"849648819","libros-coleccion":"Mundo y Dios","ediciones":"1","encuadernacion":"R\u00fastica","fecha_de_publicacion":"16\/04\/2007","novedad":"0","paginas":"184","subtitulo":"LA ORACI\u00d3N TRINITARIA DE LOS HIJOS DE DIOS","orden":"1","portada":"0","idioma":"spa"},"aioseo_notices":[],"_links":{"self":[{"href":"https:\/\/www.claret.cat\/es\/wp-json\/wp\/v2\/product\/362803","targetHints":{"allow":["GET"]}}],"collection":[{"href":"https:\/\/www.claret.cat\/es\/wp-json\/wp\/v2\/product"}],"about":[{"href":"https:\/\/www.claret.cat\/es\/wp-json\/wp\/v2\/types\/product"}],"wp:featuredmedia":[{"embeddable":true,"href":"https:\/\/www.claret.cat\/es\/wp-json\/wp\/v2\/media\/362804"}],"wp:attachment":[{"href":"https:\/\/www.claret.cat\/es\/wp-json\/wp\/v2\/media?parent=362803"}],"wp:term":[{"taxonomy":"product_brand","embeddable":true,"href":"https:\/\/www.claret.cat\/es\/wp-json\/wp\/v2\/product_brand?post=362803"},{"taxonomy":"product_cat","embeddable":true,"href":"https:\/\/www.claret.cat\/es\/wp-json\/wp\/v2\/product_cat?post=362803"},{"taxonomy":"product_tag","embeddable":true,"href":"https:\/\/www.claret.cat\/es\/wp-json\/wp\/v2\/product_tag?post=362803"}],"curies":[{"name":"wp","href":"https:\/\/api.w.org\/{rel}","templated":true}]}}

<p>En estas páginas se ofrece una interpretación trinitaria del padrenuestro a la luz de la teología de san Agustín y del relieve que otorga al Espíritu Santo. El padrenuestro nos introduce en el conocimiento del Dios trinitario, reavivando así nuestra propia condición filial.</p>

Rústica

LA ORACIÓN TRINITARIA DE LOS HIJOS DE DIOS
