{"id":363618,"date":"2023-01-15T12:11:10","date_gmt":"2023-01-15T11:11:10","guid":{"rendered":"https:\/\/www.claret.cat\/llibre\/como-un-sol-9788497152549\/"},"modified":"2024-05-22T23:44:36","modified_gmt":"2024-05-22T21:44:36","slug":"como-un-sol-9788497152549","status":"publish","type":"product","link":"https:\/\/www.claret.cat\/es\/libro\/como-un-sol-9788497152549\/","title":{"rendered":"COMO UN SOL"},"content":{"rendered":"<p>Selecci\u00f3n de meditaciones, pensamientos y cartas que resaltan uno de los aspectos posiblemente menos conocidos de San Ignacio, su experiencia m\u00edstica: \u2026 un Sol que todo lo ilumina y sostiene con su amor. <\/p>\n<p>Las \u00abvisiones\u00bb que Ignacio relata en su Autobiograf\u00eda son los puntos de luz que muestran el hilo de oro de su vida. <br \/>Su experiencia m\u00edstica ilumina sus palabras, en particular las que hablan de unidad, de comuni\u00f3n, reunidas en este libro. <\/p>\n<p>Primero se alternan pasajes de la Autobiograf\u00eda y los Ejercicios espirituales, hasta que su historia se hace colectiva, \u00abcompa\u00f1\u00eda\u00bb, y entran en liza las Constituciones, el Diario espiritual, las Cartas\u2026 <\/p>\n<p>Al final volvemos al punto de partida, cuando le pedimos a Ignacio que nos hiciese part\u00edcipes de su experiencia de Dios. <\/p>\n<p>En esta comuni\u00f3n podemos reconocer el Sol que todo lo ilumina y lo sostiene con su Amor. Ignacio est\u00e1 en nosotros, nosotros en \u00e9l y todos en Jes\u00fas. Un anticipo de la comuni\u00f3n de los santos, del para\u00edso: en la tierra como en el cielo.<\/p>\n","protected":false},"excerpt":{"rendered":"<p>IGNACIO DE LOYOLA<\/p>\n","protected":false},"featured_media":388039,"template":"","meta":{"_acf_changed":false,"om_disable_all_campaigns":false,"rs_blank_template":"","rs_page_bg_color":"","slide_template_v7":"","inline_featured_image":false,"_monsterinsights_skip_tracking":false,"_monsterinsights_sitenote_active":false,"_monsterinsights_sitenote_note":"","_monsterinsights_sitenote_category":0},"product_brand":[],"product_cat":[244,494],"product_tag":[],"class_list":{"0":"post-363618","1":"product","2":"type-product","3":"status-publish","4":"has-post-thumbnail","6":"product_cat-ignaciana","7":"product_cat-ignaciana-espiritualidad-1_espiritualidad","9":"first","10":"instock","11":"taxable","12":"shipping-taxable","13":"purchasable","14":"product-type-simple"},"acf":{"editorial":[{"ID":6157,"post_author":"3","post_date":"2022-07-28 17:46:07","post_date_gmt":"2022-07-28 15:46:07","post_content":"","post_title":"Ciudad Nueva","post_excerpt":"","post_status":"publish","comment_status":"closed","ping_status":"closed","post_password":"","post_name":"ciudad-nueva","to_ping":"","pinged":"","post_modified":"2022-07-28 17:46:07","post_modified_gmt":"2022-07-28 15:46:07","post_content_filtered":"","post_parent":0,"guid":"http:\/\/dev.claret.cat\/editorial\/ciudad-nueva\/","menu_order":0,"post_type":"editorial","post_mime_type":"","comment_count":"0","filter":"raw"}],"autores-libros":[{"ID":282646,"post_author":"3","post_date":"2022-12-10 00:50:08","post_date_gmt":"2022-12-09 23:50:08","post_content":"","post_title":"IGNACIO DE LOYOLA","post_excerpt":"","post_status":"publish","comment_status":"closed","ping_status":"closed","post_password":"","post_name":"ignacio-de-loyola","to_ping":"","pinged":"","post_modified":"2022-12-10 00:50:08","post_modified_gmt":"2022-12-09 23:50:08","post_content_filtered":"","post_parent":0,"guid":"http:\/\/dev.claret.cat\/autor\/ignacio-de-loyola\/","menu_order":0,"post_type":"autor","post_mime_type":"","comment_count":"0","filter":"raw"}],"autor":"IGNACIO DE LOYOLA","codart":"849715254","libros-coleccion":"Fragmentos","ediciones":"1","encuadernacion":"R\u00fastica","fecha_de_publicacion":"21\/09\/2012","novedad":"0","paginas":"120","subtitulo":"","orden":"999","portada":"0","idioma":"spa"},"aioseo_notices":[],"_links":{"self":[{"href":"https:\/\/www.claret.cat\/es\/wp-json\/wp\/v2\/product\/363618","targetHints":{"allow":["GET"]}}],"collection":[{"href":"https:\/\/www.claret.cat\/es\/wp-json\/wp\/v2\/product"}],"about":[{"href":"https:\/\/www.claret.cat\/es\/wp-json\/wp\/v2\/types\/product"}],"wp:featuredmedia":[{"embeddable":true,"href":"https:\/\/www.claret.cat\/es\/wp-json\/wp\/v2\/media\/388039"}],"wp:attachment":[{"href":"https:\/\/www.claret.cat\/es\/wp-json\/wp\/v2\/media?parent=363618"}],"wp:term":[{"taxonomy":"product_brand","embeddable":true,"href":"https:\/\/www.claret.cat\/es\/wp-json\/wp\/v2\/product_brand?post=363618"},{"taxonomy":"product_cat","embeddable":true,"href":"https:\/\/www.claret.cat\/es\/wp-json\/wp\/v2\/product_cat?post=363618"},{"taxonomy":"product_tag","embeddable":true,"href":"https:\/\/www.claret.cat\/es\/wp-json\/wp\/v2\/product_tag?post=363618"}],"curies":[{"name":"wp","href":"https:\/\/api.w.org\/{rel}","templated":true}]}}

<p>Selección de meditaciones, pensamientos y cartas que resaltan uno de los aspectos posiblemente menos conocidos de San Ignacio, su experiencia mística: … un Sol que todo lo ilumina y sostiene con su amor. </p>
<p>Las «visiones» que Ignacio relata en su Autobiografía son los puntos de luz que muestran el hilo de oro de su vida. <br />Su experiencia mística ilumina sus palabras, en particular las que hablan de unidad, de comunión, reunidas en este libro. </p>
<p>Primero se alternan pasajes de la Autobiografía y los Ejercicios espirituales, hasta que su historia se hace colectiva, «compañía», y entran en liza las Constituciones, el Diario espiritual, las Cartas… </p>
<p>Al final volvemos al punto de partida, cuando le pedimos a Ignacio que nos hiciese partícipes de su experiencia de Dios. </p>
<p>En esta comunión podemos reconocer el Sol que todo lo ilumina y lo sostiene con su Amor. Ignacio está en nosotros, nosotros en él y todos en Jesús. Un anticipo de la comunión de los santos, del paraíso: en la tierra como en el cielo.</p>

Rústica
