{"id":364856,"date":"2023-01-15T15:00:13","date_gmt":"2023-01-15T14:00:13","guid":{"rendered":"https:\/\/www.claret.cat\/llibre\/ensename-tus-caminos-9-domingos-ciclo-b-9788498050691\/"},"modified":"2026-01-31T11:45:35","modified_gmt":"2026-01-31T10:45:35","slug":"ensename-tus-caminos-9-domingos-ciclo-b-9788498050691","status":"publish","type":"product","link":"https:\/\/www.claret.cat\/es\/libro\/ensename-tus-caminos-9-domingos-ciclo-b-9788498050691\/","title":{"rendered":"ENS\u00c9\u00d1AME TUS CAMINOS 9. DOMINGOS. CICLO B"},"content":{"rendered":"<p>Las lecturas de la misa son sin duda una de las grandes escuelas de la vida cristiana. Por ello, ponerse a la escucha del Se\u00f1or a trav\u00e9s de la proclamaci\u00f3n que de su Palabra se hace en la asamblea eucar\u00edstica es una de las mejores formas de avanzar en el crecimiento de nuestra fe. En la serie &#8216;Ens\u00e9\u00f1ame tus caminos&#8217;, el P. Jos\u00e9 Aldaz\u00e1bal, salesiano, nos ofrece una ayuda s\u00f3lida y sencilla a un tiempo para aprovechar el m\u00e1ximo esas lecturas. Tra haber presentado, en siete vol\u00famenes, sus comentarios a las lecturas de los d\u00edas feriales, ahora los comentarios a las lecturas dominicales pueden ser una importante contribuci\u00f3n a la vivencia cristiana de todos aquellos -sacedotes, &#8230;.<\/p>\n","protected":false},"excerpt":{"rendered":"<p>ALDAZ\u00c1BAL,JOS\u00c9<\/p>\n","protected":false},"featured_media":1080102,"template":"","meta":{"_acf_changed":false,"om_disable_all_campaigns":false,"rs_blank_template":"","rs_page_bg_color":"","slide_template_v7":"","inline_featured_image":false,"_monsterinsights_skip_tracking":false,"_monsterinsights_sitenote_active":false,"_monsterinsights_sitenote_note":"","_monsterinsights_sitenote_category":0},"product_brand":[],"product_cat":[256,501,522,298],"product_tag":[],"class_list":{"0":"post-364856","1":"product","2":"type-product","3":"status-publish","4":"has-post-thumbnail","6":"product_cat-homiletica","7":"product_cat-homiletica-liturgia-1_espiritualidad","8":"product_cat-sacramental-pastoral-1_espiritualidad","9":"product_cat-sacramental","11":"first","12":"instock","13":"taxable","14":"shipping-taxable","15":"purchasable","16":"product-type-simple"},"acf":{"editorial":[{"ID":6172,"post_author":"3","post_date":"2022-07-28 17:46:27","post_date_gmt":"2022-07-28 15:46:27","post_content":"","post_title":"CPL","post_excerpt":"","post_status":"publish","comment_status":"closed","ping_status":"closed","post_password":"","post_name":"cpl","to_ping":"","pinged":"","post_modified":"2022-07-28 17:46:27","post_modified_gmt":"2022-07-28 15:46:27","post_content_filtered":"","post_parent":0,"guid":"http:\/\/dev.claret.cat\/editorial\/cpl\/","menu_order":0,"post_type":"editorial","post_mime_type":"","comment_count":"0","filter":"raw"}],"autores-libros":[{"ID":8361,"post_author":"3","post_date":"2022-09-30 09:48:00","post_date_gmt":"2022-09-30 07:48:00","post_content":"","post_title":"JOSE ALDAZABAL","post_excerpt":"","post_status":"publish","comment_status":"closed","ping_status":"closed","post_password":"","post_name":"jose-aldazabal","to_ping":"","pinged":"","post_modified":"2022-09-30 09:48:00","post_modified_gmt":"2022-09-30 07:48:00","post_content_filtered":"","post_parent":0,"guid":"http:\/\/dev.claret.cat\/autor\/jose-aldazabal\/","menu_order":0,"post_type":"autor","post_mime_type":"","comment_count":"0","filter":"raw"}],"autor":"ALDAZ\u00c1BAL,JOS\u00c9","codart":"849805069","libros-coleccion":"Dossier CPL","ediciones":"1","encuadernacion":"R\u00fastica","fecha_de_publicacion":"08\/11\/2005","novedad":"0","paginas":"492","subtitulo":"LOS DOMINGOS DEL CICLO B","orden":"999","portada":"0","idioma":"spa","booktrailer":"","resenas":""},"aioseo_notices":[],"_links":{"self":[{"href":"https:\/\/www.claret.cat\/es\/wp-json\/wp\/v2\/product\/364856","targetHints":{"allow":["GET"]}}],"collection":[{"href":"https:\/\/www.claret.cat\/es\/wp-json\/wp\/v2\/product"}],"about":[{"href":"https:\/\/www.claret.cat\/es\/wp-json\/wp\/v2\/types\/product"}],"wp:featuredmedia":[{"embeddable":true,"href":"https:\/\/www.claret.cat\/es\/wp-json\/wp\/v2\/media\/1080102"}],"wp:attachment":[{"href":"https:\/\/www.claret.cat\/es\/wp-json\/wp\/v2\/media?parent=364856"}],"wp:term":[{"taxonomy":"product_brand","embeddable":true,"href":"https:\/\/www.claret.cat\/es\/wp-json\/wp\/v2\/product_brand?post=364856"},{"taxonomy":"product_cat","embeddable":true,"href":"https:\/\/www.claret.cat\/es\/wp-json\/wp\/v2\/product_cat?post=364856"},{"taxonomy":"product_tag","embeddable":true,"href":"https:\/\/www.claret.cat\/es\/wp-json\/wp\/v2\/product_tag?post=364856"}],"curies":[{"name":"wp","href":"https:\/\/api.w.org\/{rel}","templated":true}]}}

ENSÉÑAME TUS CAMINOS 9. DOMINGOS. CICLO B

<p>Las lecturas de la misa son sin duda una de las grandes escuelas de la vida cristiana. Por ello, ponerse a la escucha del Señor a través de la proclamación que de su Palabra se hace en la asamblea eucarística es una de las mejores formas de avanzar en el crecimiento de nuestra fe. En la serie &#8216;Enséñame tus caminos&#8217;, el P. José Aldazábal, salesiano, nos ofrece una ayuda sólida y sencilla a un tiempo para aprovechar el máximo esas lecturas. Tra haber presentado, en siete volúmenes, sus comentarios a las lecturas de los días feriales, ahora los comentarios a las lecturas dominicales pueden ser una importante contribución a la vivencia cristiana de todos aquellos -sacedotes, &#8230;.</p>

<p>ALDAZÁBAL,JOSÉ</p>

ALDAZÁBAL,JOSÉ

Rústica
