{"id":364966,"date":"2023-01-15T15:30:37","date_gmt":"2023-01-15T14:30:37","guid":{"rendered":"https:\/\/www.claret.cat\/llibre\/ministerios-al-servicio-de-la-comunidad-celebrante-9788498051476\/"},"modified":"2024-05-22T21:59:49","modified_gmt":"2024-05-22T19:59:49","slug":"ministerios-al-servicio-de-la-comunidad-celebrante-9788498051476","status":"publish","type":"product","link":"https:\/\/www.claret.cat\/es\/libro\/ministerios-al-servicio-de-la-comunidad-celebrante-9788498051476\/","title":{"rendered":"MINISTERIOS AL SERVICIO DE LA COMUNIDAD CELEBRANTE"},"content":{"rendered":"<p>Una de las novedades m\u00e1s significativas de la \u00faltima reforma lit\u00fargica ha sido que, adem\u00e1s de potenciarse los ministerios ordenados -ahora se entiende mejor la funci\u00f3n del presidente o del di\u00e1cono o de los concelebrantes-, tambi\u00e9n los laicos participan m\u00e1s en varios servicios lit\u00fargicos, proclamando lecturas, animando la oraci\u00f3n o el canto, distribuyendo la comuni\u00f3n en la misa o llev\u00e1ndola a los enfermos.<br \/>Estos ministerios encomendados a fieles laicos dentro de la liturgia, as\u00ed como otros relativamente nuevos en diversos campos de la vida eclesial, est\u00e1n dando una nueva imagen de la Iglesia, no s\u00f3lo en su funcionamiento, sino tambi\u00e9n en su comprensi\u00f3n teol\u00f3gica.<br \/>Tambi\u00e9n se ha clarificado, sobre todo despu\u00e9s del Vaticano II, que la protagonista de toda la acci\u00f3n es la comunidad entera, a la que se puede llamar con raz\u00f3n &#8216;comunidad celebrante&#8217;. Pero para que ella pueda celebrar -o sea, reunirse, escuchar, orar, cantar, participar-le prestan su ayuda varios ministros, tanta los ordenados como los laicos.<br \/>Reflexionar sobre los ministerios eclesiales -aqu\u00ed, los que se ejercen dentro de la celebraci\u00f3n lit\u00fargica- es algo importante para entender mejor la din\u00e1mica de la liturgia y para que el Pueblo de Dios pueda celebrar mejor el misterio al que es invitado.<br \/>En este Dossier -que sustituye, complet\u00e1ndolo sustancialmente, al anterior Dossier 35 &#8216;Ministerios de laicos&#8217;- ofrecemos una sencilla reflexi\u00f3n sobre los ministerios lit\u00fargicos, algunos propios de los ordenados y otros, los m\u00e1s, encomendables tambi\u00e9n a los fieles laicos.<\/p>\n","protected":false},"excerpt":{"rendered":"<p>ALDAZ\u00c1BAL, JOS\u00c9<\/p>\n","protected":false},"featured_media":364980,"template":"","meta":{"_acf_changed":false,"om_disable_all_campaigns":false,"rs_blank_template":"","rs_page_bg_color":"","slide_template_v7":"","inline_featured_image":false,"_monsterinsights_skip_tracking":false,"_monsterinsights_sitenote_active":false,"_monsterinsights_sitenote_note":"","_monsterinsights_sitenote_category":0},"product_brand":[],"product_cat":[249,498,484,228,523,299,344,78],"product_tag":[],"class_list":{"0":"post-364966","1":"product","2":"type-product","3":"status-publish","4":"has-post-thumbnail","6":"product_cat-de-la-iniciacio-cristiana","7":"product_cat-de-la-iniciacion-cristiana","8":"product_cat-dosieres","9":"product_cat-dossiers","10":"product_cat-laicos-y-testimonios","11":"product_cat-laics-i-testimonis","12":"product_cat-pastoral-1_espiritualidad","13":"product_cat-pastoral","15":"first","16":"instock","17":"taxable","18":"shipping-taxable","19":"purchasable","20":"product-type-simple"},"acf":{"editorial":[{"ID":6172,"post_author":"3","post_date":"2022-07-28 17:46:27","post_date_gmt":"2022-07-28 15:46:27","post_content":"","post_title":"CPL","post_excerpt":"","post_status":"publish","comment_status":"closed","ping_status":"closed","post_password":"","post_name":"cpl","to_ping":"","pinged":"","post_modified":"2022-07-28 17:46:27","post_modified_gmt":"2022-07-28 15:46:27","post_content_filtered":"","post_parent":0,"guid":"http:\/\/dev.claret.cat\/editorial\/cpl\/","menu_order":0,"post_type":"editorial","post_mime_type":"","comment_count":"0","filter":"raw"}],"autores-libros":[{"ID":8361,"post_author":"3","post_date":"2022-09-30 09:48:00","post_date_gmt":"2022-09-30 07:48:00","post_content":"","post_title":"JOSE ALDAZABAL","post_excerpt":"","post_status":"publish","comment_status":"closed","ping_status":"closed","post_password":"","post_name":"jose-aldazabal","to_ping":"","pinged":"","post_modified":"2022-09-30 09:48:00","post_modified_gmt":"2022-09-30 07:48:00","post_content_filtered":"","post_parent":0,"guid":"http:\/\/dev.claret.cat\/autor\/jose-aldazabal\/","menu_order":0,"post_type":"autor","post_mime_type":"","comment_count":"0","filter":"raw"}],"autor":"ALDAZ\u00c1BAL, JOS\u00c9","codart":"849805147","libros-coleccion":"DOSSIERS-CASTELLA-C.P.L.","ediciones":"1","encuadernacion":"R\u00fastica","fecha_de_publicacion":"02\/11\/2006","novedad":"0","paginas":"245","subtitulo":"","orden":"999","portada":"0","idioma":"spa"},"aioseo_notices":[],"_links":{"self":[{"href":"https:\/\/www.claret.cat\/es\/wp-json\/wp\/v2\/product\/364966","targetHints":{"allow":["GET"]}}],"collection":[{"href":"https:\/\/www.claret.cat\/es\/wp-json\/wp\/v2\/product"}],"about":[{"href":"https:\/\/www.claret.cat\/es\/wp-json\/wp\/v2\/types\/product"}],"wp:featuredmedia":[{"embeddable":true,"href":"https:\/\/www.claret.cat\/es\/wp-json\/wp\/v2\/media\/364980"}],"wp:attachment":[{"href":"https:\/\/www.claret.cat\/es\/wp-json\/wp\/v2\/media?parent=364966"}],"wp:term":[{"taxonomy":"product_brand","embeddable":true,"href":"https:\/\/www.claret.cat\/es\/wp-json\/wp\/v2\/product_brand?post=364966"},{"taxonomy":"product_cat","embeddable":true,"href":"https:\/\/www.claret.cat\/es\/wp-json\/wp\/v2\/product_cat?post=364966"},{"taxonomy":"product_tag","embeddable":true,"href":"https:\/\/www.claret.cat\/es\/wp-json\/wp\/v2\/product_tag?post=364966"}],"curies":[{"name":"wp","href":"https:\/\/api.w.org\/{rel}","templated":true}]}}

<p>Una de las novedades más significativas de la última reforma litúrgica ha sido que, además de potenciarse los ministerios ordenados -ahora se entiende mejor la función del presidente o del diácono o de los concelebrantes-, también los laicos participan más en varios servicios litúrgicos, proclamando lecturas, animando la oración o el canto, distribuyendo la comunión en la misa o llevándola a los enfermos.<br />Estos ministerios encomendados a fieles laicos dentro de la liturgia, así como otros relativamente nuevos en diversos campos de la vida eclesial, están dando una nueva imagen de la Iglesia, no sólo en su funcionamiento, sino también en su comprensión teológica.<br />También se ha clarificado, sobre todo después del Vaticano II, que la protagonista de toda la acción es la comunidad entera, a la que se puede llamar con razón &#8216;comunidad celebrante&#8217;. Pero para que ella pueda celebrar -o sea, reunirse, escuchar, orar, cantar, participar-le prestan su ayuda varios ministros, tanta los ordenados como los laicos.<br />Reflexionar sobre los ministerios eclesiales -aquí, los que se ejercen dentro de la celebración litúrgica- es algo importante para entender mejor la dinámica de la liturgia y para que el Pueblo de Dios pueda celebrar mejor el misterio al que es invitado.<br />En este Dossier -que sustituye, completándolo sustancialmente, al anterior Dossier 35 &#8216;Ministerios de laicos&#8217;- ofrecemos una sencilla reflexión sobre los ministerios litúrgicos, algunos propios de los ordenados y otros, los más, encomendables también a los fieles laicos.</p>

<p>ALDAZÁBAL, JOSÉ</p>

ALDAZÁBAL, JOSÉ

Rústica
