{"id":365004,"date":"2023-01-15T15:41:47","date_gmt":"2023-01-15T14:41:47","guid":{"rendered":"https:\/\/www.claret.cat\/llibre\/el-monitor-9788498051759\/"},"modified":"2023-01-28T11:29:41","modified_gmt":"2023-01-28T10:29:41","slug":"el-monitor-9788498051759","status":"publish","type":"product","link":"https:\/\/www.claret.cat\/es\/libro\/el-monitor-9788498051759\/","title":{"rendered":"EL MONITOR"},"content":{"rendered":"<p>La colecci\u00f3n LITURGIA B\u00c1SICA quiere presentar de manera sencilla y comunicativa, realidades b\u00e1sicas de la celebraci\u00f3n que practicamos los seguidores del Se\u00f1or Jes\u00fas. Ayudar a conocer, a vivir y a participar&#8230; Quisi\u00e9ramos que fuera \u00fatil a muchos cristianos y cristianas, j\u00f3venes y mayores, que -como quien compra en el quiosco unos fasc\u00edculos de alg\u00fan curso- tambi\u00e9n les apetezca saber m\u00e1s de la liturgia cristiana b\u00e1sica.<\/p>\n","protected":false},"excerpt":{"rendered":"<p>ALDAZ\u00c1BAL, JOS\u00c9<\/p>\n","protected":false},"featured_media":365005,"template":"","meta":{"_acf_changed":false,"om_disable_all_campaigns":false,"rs_blank_template":"","rs_page_bg_color":"","slide_template_v7":"","inline_featured_image":false,"_monsterinsights_skip_tracking":false,"_monsterinsights_sitenote_active":false,"_monsterinsights_sitenote_note":"","_monsterinsights_sitenote_category":0},"product_brand":[],"product_cat":[252,227,389,500,255,398],"product_tag":[],"class_list":{"0":"post-365004","1":"product","2":"type-product","3":"status-publish","4":"has-post-thumbnail","6":"product_cat-altres-rituals","7":"product_cat-formacio","8":"product_cat-formacion","9":"product_cat-misales","10":"product_cat-missals","11":"product_cat-otros-rituales","13":"first","14":"instock","15":"taxable","16":"shipping-taxable","17":"purchasable","18":"product-type-simple"},"acf":{"editorial":[{"ID":6172,"post_author":"3","post_date":"2022-07-28 17:46:27","post_date_gmt":"2022-07-28 15:46:27","post_content":"","post_title":"CPL","post_excerpt":"","post_status":"publish","comment_status":"closed","ping_status":"closed","post_password":"","post_name":"cpl","to_ping":"","pinged":"","post_modified":"2022-07-28 17:46:27","post_modified_gmt":"2022-07-28 15:46:27","post_content_filtered":"","post_parent":0,"guid":"http:\/\/dev.claret.cat\/editorial\/cpl\/","menu_order":0,"post_type":"editorial","post_mime_type":"","comment_count":"0","filter":"raw"}],"autores-libros":[{"ID":8361,"post_author":"3","post_date":"2022-09-30 09:48:00","post_date_gmt":"2022-09-30 07:48:00","post_content":"","post_title":"JOSE ALDAZABAL","post_excerpt":"","post_status":"publish","comment_status":"closed","ping_status":"closed","post_password":"","post_name":"jose-aldazabal","to_ping":"","pinged":"","post_modified":"2022-09-30 09:48:00","post_modified_gmt":"2022-09-30 07:48:00","post_content_filtered":"","post_parent":0,"guid":"http:\/\/dev.claret.cat\/autor\/jose-aldazabal\/","menu_order":0,"post_type":"autor","post_mime_type":"","comment_count":"0","filter":"raw"}],"autor":"ALDAZ\u00c1BAL, JOS\u00c9","codart":"849805175","libros-coleccion":"Liturgia B\u00e1sica","ediciones":"1","encuadernacion":"R\u00fastica","fecha_de_publicacion":"21\/02\/2007","novedad":"0","paginas":"24","subtitulo":"","orden":"999","portada":"0","idioma":"spa"},"aioseo_notices":[],"_links":{"self":[{"href":"https:\/\/www.claret.cat\/es\/wp-json\/wp\/v2\/product\/365004","targetHints":{"allow":["GET"]}}],"collection":[{"href":"https:\/\/www.claret.cat\/es\/wp-json\/wp\/v2\/product"}],"about":[{"href":"https:\/\/www.claret.cat\/es\/wp-json\/wp\/v2\/types\/product"}],"wp:featuredmedia":[{"embeddable":true,"href":"https:\/\/www.claret.cat\/es\/wp-json\/wp\/v2\/media\/365005"}],"wp:attachment":[{"href":"https:\/\/www.claret.cat\/es\/wp-json\/wp\/v2\/media?parent=365004"}],"wp:term":[{"taxonomy":"product_brand","embeddable":true,"href":"https:\/\/www.claret.cat\/es\/wp-json\/wp\/v2\/product_brand?post=365004"},{"taxonomy":"product_cat","embeddable":true,"href":"https:\/\/www.claret.cat\/es\/wp-json\/wp\/v2\/product_cat?post=365004"},{"taxonomy":"product_tag","embeddable":true,"href":"https:\/\/www.claret.cat\/es\/wp-json\/wp\/v2\/product_tag?post=365004"}],"curies":[{"name":"wp","href":"https:\/\/api.w.org\/{rel}","templated":true}]}}

<p>La colección LITURGIA BÁSICA quiere presentar de manera sencilla y comunicativa, realidades básicas de la celebración que practicamos los seguidores del Señor Jesús. Ayudar a conocer, a vivir y a participar&#8230; Quisiéramos que fuera útil a muchos cristianos y cristianas, jóvenes y mayores, que -como quien compra en el quiosco unos fascículos de algún curso- también les apetezca saber más de la liturgia cristiana básica.</p>

<p>ALDAZÁBAL, JOSÉ</p>

ALDAZÁBAL, JOSÉ

Liturgia Básica

Rústica
