{"id":36570,"date":"2022-10-02T18:21:39","date_gmt":"2022-10-02T16:21:39","guid":{"rendered":"http:\/\/dev.claret.cat\/producte\/500-anos-de-frio\/"},"modified":"2023-10-06T09:14:06","modified_gmt":"2023-10-06T07:14:06","slug":"500-anos-de-frio-9788491994121","status":"publish","type":"product","link":"https:\/\/www.claret.cat\/es\/libro\/500-anos-de-frio-9788491994121\/","title":{"rendered":"500 A\u00d1OS DE FR\u00cdO"},"content":{"rendered":"<p>Este libro es el mejor relato posible de la loca carrera por conquistar el Polo Norte. Con la maestr\u00eda de un gran contador de historias, Javier Pel\u00e1ez nos ofrece una visi\u00f3n panor\u00e1mica de la carrera polar y la salpica de datos y detalles in\u00e9ditos, extra\u00eddos de los diarios de los exploradores y de los libros originales. Sus p\u00e1ginas son como un exclusivo pasaje a lo desconocido, un asiento en primera fila para vivir con sus protagonistas algunas de las haza\u00f1as m\u00e1s extremas e inveros\u00edmiles de la historia humana. Antes de que se pueda dar cuenta, el lector estar\u00e1 cruzando los paisajes helados en busca de una de esas ideas que hacen arder las mentes de los hombres<\/p>\n","protected":false},"excerpt":{"rendered":"<p>PEL\u00c1EZ, JAVIER<\/p>\n","protected":false},"featured_media":54029,"template":"","meta":{"_acf_changed":false,"om_disable_all_campaigns":false,"rs_blank_template":"","rs_page_bg_color":"","slide_template_v7":"","inline_featured_image":false,"_monsterinsights_skip_tracking":false,"_monsterinsights_sitenote_active":false,"_monsterinsights_sitenote_note":"","_monsterinsights_sitenote_category":0},"product_brand":[],"product_cat":[368],"product_tag":[],"class_list":{"0":"post-36570","1":"product","2":"type-product","3":"status-publish","4":"has-post-thumbnail","6":"product_cat-contemporanea","8":"first","9":"instock","10":"taxable","11":"shipping-taxable","12":"purchasable","13":"product-type-simple"},"acf":{"autor":"PEL\u00c1EZ, JAVIER","codart":"849199412","libros-coleccion":"Drakontos","ediciones":"1","encuadernacion":"R\u00fastica","fecha_de_publicacion":"01\/05\/2022","novedad":"1","paginas":"320","subtitulo":"LA GRAN AVENTURA DEL \u00c1RTICO","orden":"0","portada":"0","idioma":"spa","editorial":[{"ID":6174,"post_author":"3","post_date":"2022-07-28 17:46:29","post_date_gmt":"2022-07-28 15:46:29","post_content":"","post_title":"CRITICA","post_excerpt":"","post_status":"publish","comment_status":"closed","ping_status":"closed","post_password":"","post_name":"critica","to_ping":"","pinged":"","post_modified":"2022-07-28 17:46:29","post_modified_gmt":"2022-07-28 15:46:29","post_content_filtered":"","post_parent":0,"guid":"http:\/\/dev.claret.cat\/editorial\/critica\/","menu_order":0,"post_type":"editorial","post_mime_type":"","comment_count":"0","filter":"raw"}],"autores-libros":[{"ID":158766,"post_author":"3","post_date":"2022-10-14 15:39:26","post_date_gmt":"2022-10-14 13:39:26","post_content":"","post_title":"JAVIER PEL\u00c1EZ","post_excerpt":"","post_status":"publish","comment_status":"closed","ping_status":"closed","post_password":"","post_name":"javier-pelaez","to_ping":"","pinged":"","post_modified":"2022-10-14 15:39:26","post_modified_gmt":"2022-10-14 13:39:26","post_content_filtered":"","post_parent":0,"guid":"http:\/\/dev.claret.cat\/autor\/javier-pelaez\/","menu_order":0,"post_type":"autor","post_mime_type":"","comment_count":"0","filter":"raw"}]},"aioseo_notices":[],"_links":{"self":[{"href":"https:\/\/www.claret.cat\/es\/wp-json\/wp\/v2\/product\/36570","targetHints":{"allow":["GET"]}}],"collection":[{"href":"https:\/\/www.claret.cat\/es\/wp-json\/wp\/v2\/product"}],"about":[{"href":"https:\/\/www.claret.cat\/es\/wp-json\/wp\/v2\/types\/product"}],"wp:featuredmedia":[{"embeddable":true,"href":"https:\/\/www.claret.cat\/es\/wp-json\/wp\/v2\/media\/54029"}],"wp:attachment":[{"href":"https:\/\/www.claret.cat\/es\/wp-json\/wp\/v2\/media?parent=36570"}],"wp:term":[{"taxonomy":"product_brand","embeddable":true,"href":"https:\/\/www.claret.cat\/es\/wp-json\/wp\/v2\/product_brand?post=36570"},{"taxonomy":"product_cat","embeddable":true,"href":"https:\/\/www.claret.cat\/es\/wp-json\/wp\/v2\/product_cat?post=36570"},{"taxonomy":"product_tag","embeddable":true,"href":"https:\/\/www.claret.cat\/es\/wp-json\/wp\/v2\/product_tag?post=36570"}],"curies":[{"name":"wp","href":"https:\/\/api.w.org\/{rel}","templated":true}]}}

500 AÑOS DE FRÍO

<p>Este libro es el mejor relato posible de la loca carrera por conquistar el Polo Norte. Con la maestría de un gran contador de historias, Javier Peláez nos ofrece una visión panorámica de la carrera polar y la salpica de datos y detalles inéditos, extraídos de los diarios de los exploradores y de los libros originales. Sus páginas son como un exclusivo pasaje a lo desconocido, un asiento en primera fila para vivir con sus protagonistas algunas de las hazañas más extremas e inverosímiles de la historia humana. Antes de que se pueda dar cuenta, el lector estará cruzando los paisajes helados en busca de una de esas ideas que hacen arder las mentes de los hombres</p>

<p>PELÁEZ, JAVIER</p>

PELÁEZ, JAVIER

Rústica

LA GRAN AVENTURA DEL ÁRTICO

JAVIER PELÁEZ
