{"id":365802,"date":"2023-01-15T17:01:55","date_gmt":"2023-01-15T16:01:55","guid":{"rendered":"https:\/\/www.claret.cat\/llibre\/el-camino-de-la-fe-9788498056082\/"},"modified":"2024-05-22T21:01:37","modified_gmt":"2024-05-22T19:01:37","slug":"el-camino-de-la-fe-9788498056082","status":"publish","type":"product","link":"https:\/\/www.claret.cat\/es\/libro\/el-camino-de-la-fe-9788498056082\/","title":{"rendered":"EL CAMINO DE LA FE"},"content":{"rendered":"<p>El itinerario del a\u00f1o lit\u00fargico es una magn\u00edfica escuela de vida cristiana. Por eso, el seguimiento y la reflexi\u00f3n, domingo tras domingo, de la Palabra de Dios proclamada en la Eucarist\u00eda ser\u00e1 la mejor gu\u00eda para caminar por el camino de la fe. Partiendo de la Pascua, este libro nos introduce en el sentido profundo de la presencia del Se\u00f1or en nuestras vidas, y a partir de ah\u00ed nos invita a descubrir su ense\u00f1anza y lo que el mensaje evang\u00e9lico implica para nosotros, si queremos ser fieles a la fe que profesamos. Guillermo Juan Morado (Mondariz, Pontevedra, 1966), sacerdote diocesano de Tui-Vigo y doctor en Teolog\u00eda por la Pontificia Universidad Gregoriana de Roma, es director del Instituto Teol\u00f3gico de Vigo, p\u00e1rroco de la parroquia de San Pablo y can\u00f3nigo del Cabildo de Tui-Vigo. Autor de distintos trabajos de teolog\u00eda y de espiritualidad, Guillermo Juan Morado completa con este libro la reflexi\u00f3n que inici\u00f3, en esta misma colecci\u00f3n, con el volumen titulado La cercan\u00eda de Dios.<\/p>\n","protected":false},"excerpt":{"rendered":"<p>MORADO, GUILLERMO JUAN<\/p>\n","protected":false},"featured_media":365803,"template":"","meta":{"_acf_changed":false,"om_disable_all_campaigns":false,"rs_blank_template":"","rs_page_bg_color":"","slide_template_v7":"","inline_featured_image":false,"_monsterinsights_skip_tracking":false,"_monsterinsights_sitenote_active":false,"_monsterinsights_sitenote_note":"","_monsterinsights_sitenote_category":0},"product_brand":[],"product_cat":[90,540],"product_tag":[],"class_list":{"0":"post-365802","1":"product","2":"type-product","3":"status-publish","4":"has-post-thumbnail","6":"product_cat-altres","7":"product_cat-otros","9":"first","10":"instock","11":"taxable","12":"shipping-taxable","13":"purchasable","14":"product-type-simple"},"acf":{"editorial":[{"ID":6172,"post_author":"3","post_date":"2022-07-28 17:46:27","post_date_gmt":"2022-07-28 15:46:27","post_content":"","post_title":"CPL","post_excerpt":"","post_status":"publish","comment_status":"closed","ping_status":"closed","post_password":"","post_name":"cpl","to_ping":"","pinged":"","post_modified":"2022-07-28 17:46:27","post_modified_gmt":"2022-07-28 15:46:27","post_content_filtered":"","post_parent":0,"guid":"http:\/\/dev.claret.cat\/editorial\/cpl\/","menu_order":0,"post_type":"editorial","post_mime_type":"","comment_count":"0","filter":"raw"}],"autores-libros":[{"ID":157228,"post_author":"3","post_date":"2022-10-14 15:27:08","post_date_gmt":"2022-10-14 13:27:08","post_content":"","post_title":"GUILLERMO JUAN MORADO","post_excerpt":"","post_status":"publish","comment_status":"closed","ping_status":"closed","post_password":"","post_name":"guillermo-juan-morado","to_ping":"","pinged":"","post_modified":"2022-10-14 15:27:08","post_modified_gmt":"2022-10-14 13:27:08","post_content_filtered":"","post_parent":0,"guid":"http:\/\/dev.claret.cat\/autor\/guillermo-juan-morado\/","menu_order":0,"post_type":"autor","post_mime_type":"","comment_count":"0","filter":"raw"}],"autor":"MORADO, GUILLERMO JUAN","codart":"849805608","libros-coleccion":"","ediciones":"1","encuadernacion":"R\u00fastica","fecha_de_publicacion":"28\/02\/2013","novedad":"0","paginas":"96","subtitulo":"REFLEXIONES AL HILO DEL A\u00d1O LIT\u00daRGICO","orden":"999","portada":"0","idioma":"spa"},"aioseo_notices":[],"_links":{"self":[{"href":"https:\/\/www.claret.cat\/es\/wp-json\/wp\/v2\/product\/365802","targetHints":{"allow":["GET"]}}],"collection":[{"href":"https:\/\/www.claret.cat\/es\/wp-json\/wp\/v2\/product"}],"about":[{"href":"https:\/\/www.claret.cat\/es\/wp-json\/wp\/v2\/types\/product"}],"wp:featuredmedia":[{"embeddable":true,"href":"https:\/\/www.claret.cat\/es\/wp-json\/wp\/v2\/media\/365803"}],"wp:attachment":[{"href":"https:\/\/www.claret.cat\/es\/wp-json\/wp\/v2\/media?parent=365802"}],"wp:term":[{"taxonomy":"product_brand","embeddable":true,"href":"https:\/\/www.claret.cat\/es\/wp-json\/wp\/v2\/product_brand?post=365802"},{"taxonomy":"product_cat","embeddable":true,"href":"https:\/\/www.claret.cat\/es\/wp-json\/wp\/v2\/product_cat?post=365802"},{"taxonomy":"product_tag","embeddable":true,"href":"https:\/\/www.claret.cat\/es\/wp-json\/wp\/v2\/product_tag?post=365802"}],"curies":[{"name":"wp","href":"https:\/\/api.w.org\/{rel}","templated":true}]}}

<p>El itinerario del año litúrgico es una magnífica escuela de vida cristiana. Por eso, el seguimiento y la reflexión, domingo tras domingo, de la Palabra de Dios proclamada en la Eucaristía será la mejor guía para caminar por el camino de la fe. Partiendo de la Pascua, este libro nos introduce en el sentido profundo de la presencia del Señor en nuestras vidas, y a partir de ahí nos invita a descubrir su enseñanza y lo que el mensaje evangélico implica para nosotros, si queremos ser fieles a la fe que profesamos. Guillermo Juan Morado (Mondariz, Pontevedra, 1966), sacerdote diocesano de Tui-Vigo y doctor en Teología por la Pontificia Universidad Gregoriana de Roma, es director del Instituto Teológico de Vigo, párroco de la parroquia de San Pablo y canónigo del Cabildo de Tui-Vigo. Autor de distintos trabajos de teología y de espiritualidad, Guillermo Juan Morado completa con este libro la reflexión que inició, en esta misma colección, con el volumen titulado La cercanía de Dios.</p>

Rústica

REFLEXIONES AL HILO DEL AÑO LITÚRGICO
