{"id":366217,"date":"2023-01-15T17:34:55","date_gmt":"2023-01-15T16:34:55","guid":{"rendered":"https:\/\/www.claret.cat\/llibre\/gestos-i-simbols-9788498057836\/"},"modified":"2026-01-27T12:05:48","modified_gmt":"2026-01-27T11:05:48","slug":"gestos-i-simbols-9788498057836","status":"publish","type":"product","link":"https:\/\/www.claret.cat\/es\/libro\/gestos-i-simbols-9788498057836\/","title":{"rendered":"GESTOS I S\u00cdMBOLS"},"content":{"rendered":"","protected":false},"excerpt":{"rendered":"<p>ALDAZ\u00c1BAL, JOS\u00c9<\/p>\n","protected":false},"featured_media":1078411,"template":"","meta":{"_acf_changed":false,"om_disable_all_campaigns":false,"rs_blank_template":"","rs_page_bg_color":"","slide_template_v7":"","inline_featured_image":false,"_monsterinsights_skip_tracking":false,"_monsterinsights_sitenote_active":false,"_monsterinsights_sitenote_note":"","_monsterinsights_sitenote_category":0},"product_brand":[],"product_cat":[502,257,285,419],"product_tag":[],"class_list":{"0":"post-366217","1":"product","2":"type-product","3":"status-publish","4":"has-post-thumbnail","6":"product_cat-obras-generales-liturgia-1_espiritualidad","7":"product_cat-obres-generals-liturgia-1_espiritualitat","8":"product_cat-pastoral-teologia","9":"product_cat-pastoral-teologia-1_espiritualidad","11":"first","12":"instock","13":"taxable","14":"shipping-taxable","15":"purchasable","16":"product-type-simple"},"acf":{"editorial":[{"ID":6172,"post_author":"3","post_date":"2022-07-28 17:46:27","post_date_gmt":"2022-07-28 15:46:27","post_content":"","post_title":"CPL","post_excerpt":"","post_status":"publish","comment_status":"closed","ping_status":"closed","post_password":"","post_name":"cpl","to_ping":"","pinged":"","post_modified":"2022-07-28 17:46:27","post_modified_gmt":"2022-07-28 15:46:27","post_content_filtered":"","post_parent":0,"guid":"http:\/\/dev.claret.cat\/editorial\/cpl\/","menu_order":0,"post_type":"editorial","post_mime_type":"","comment_count":"0","filter":"raw"}],"autores-libros":[{"ID":8361,"post_author":"3","post_date":"2022-09-30 09:48:00","post_date_gmt":"2022-09-30 07:48:00","post_content":"","post_title":"JOSE ALDAZABAL","post_excerpt":"","post_status":"publish","comment_status":"closed","ping_status":"closed","post_password":"","post_name":"jose-aldazabal","to_ping":"","pinged":"","post_modified":"2022-09-30 09:48:00","post_modified_gmt":"2022-09-30 07:48:00","post_content_filtered":"","post_parent":0,"guid":"http:\/\/dev.claret.cat\/autor\/jose-aldazabal\/","menu_order":0,"post_type":"autor","post_mime_type":"","comment_count":"0","filter":"raw"}],"autor":"ALDAZ\u00c1BAL, JOS\u00c9","codart":"849805783","libros-coleccion":"DOSSIERS-CATALA-C.P.L.","ediciones":"1","encuadernacion":"R\u00fastica","fecha_de_publicacion":"20\/02\/2015","novedad":"0","paginas":"394","subtitulo":"","orden":"999","portada":"0","idioma":"cat","booktrailer":"","resenas":""},"aioseo_notices":[],"_links":{"self":[{"href":"https:\/\/www.claret.cat\/es\/wp-json\/wp\/v2\/product\/366217","targetHints":{"allow":["GET"]}}],"collection":[{"href":"https:\/\/www.claret.cat\/es\/wp-json\/wp\/v2\/product"}],"about":[{"href":"https:\/\/www.claret.cat\/es\/wp-json\/wp\/v2\/types\/product"}],"wp:featuredmedia":[{"embeddable":true,"href":"https:\/\/www.claret.cat\/es\/wp-json\/wp\/v2\/media\/1078411"}],"wp:attachment":[{"href":"https:\/\/www.claret.cat\/es\/wp-json\/wp\/v2\/media?parent=366217"}],"wp:term":[{"taxonomy":"product_brand","embeddable":true,"href":"https:\/\/www.claret.cat\/es\/wp-json\/wp\/v2\/product_brand?post=366217"},{"taxonomy":"product_cat","embeddable":true,"href":"https:\/\/www.claret.cat\/es\/wp-json\/wp\/v2\/product_cat?post=366217"},{"taxonomy":"product_tag","embeddable":true,"href":"https:\/\/www.claret.cat\/es\/wp-json\/wp\/v2\/product_tag?post=366217"}],"curies":[{"name":"wp","href":"https:\/\/api.w.org\/{rel}","templated":true}]}}

GESTOS I SÍMBOLS

<p>ALDAZÁBAL, JOSÉ</p>

ALDAZÁBAL, JOSÉ

Rústica
