{"id":366253,"date":"2023-01-15T17:45:28","date_gmt":"2023-01-15T16:45:28","guid":{"rendered":"https:\/\/www.claret.cat\/llibre\/santa-tecla-deixebla-de-pau-serventa-de-deu-9788498058901\/"},"modified":"2024-05-22T20:24:38","modified_gmt":"2024-05-22T18:24:38","slug":"santa-tecla-deixebla-de-pau-serventa-de-deu-9788498058901","status":"publish","type":"product","link":"https:\/\/www.claret.cat\/es\/libro\/santa-tecla-deixebla-de-pau-serventa-de-deu-9788498058901\/","title":{"rendered":"SANTA TECLA, DEIXEBLA DE PAU, SERVENTA DE D\u00c9U"},"content":{"rendered":"<p>Una dona decidida, disposada a seguir Jesucrist pass\u00e9s el que pass\u00e9s. I la hist\u00f2ria comen\u00e7a aix\u00ed: &#8216;\u00c9s un 20 de setembre, en plens dies de Santa Tecla, a Tarragona. Ja fa dies que la festa bull al carrer: gent, m\u00fasica, vermuts, dinars i sopars a la fresca. Ara tot apunta cap a la catarsi festiva del dia 23, quan Tecla i la ciutat es fonen en una sola cosa durant la process\u00f3 del Bra\u00e7. Tarragona \u00e9s una ciutat que, de fa molts, molts segles, ha quedat lligada a santa Tecla, i \u00e9s a trav\u00e9s de la seva festa que s\u2019explica a ella mateixa i de cara enfora. Per\u00f2 no ens enredem. Som al 20 de setembre, al vespre. Vaig caminant pels carrers antics de Tarragona, cap a la Catedral. Quan hi arribo, busco un raconet i m\u2019hi encabeixo com puc. En un dels moments m\u00e9s \u00edntims d\u2019aquells dies, uns personatges davallaran del bancal del retaule g\u00f2tic i s\u2019adre\u00e7aran entre la gent a explicar-nos, a trav\u00e9s d\u2019una mena de moixiganga contempor\u00e0nia (el &#8216;Retaule de Santa Tecla&#8217;), la hist\u00f2ria de Tecla, una jove d\u2019Iconi, a l\u2019\u00c0sia Menor, deixebla de l\u2019ap\u00f2stol Pau i, com es deia a ella mateixa, &#8216;serventa del D\u00e9u viu&#8217;&#8230;&#8230;&#8217;<\/p>\n","protected":false},"excerpt":{"rendered":"<p>GU\u00c0RDIA, JORDI<\/p>\n","protected":false},"featured_media":366279,"template":"","meta":{"_acf_changed":false,"om_disable_all_campaigns":false,"rs_blank_template":"","rs_page_bg_color":"","slide_template_v7":"","inline_featured_image":false,"_monsterinsights_skip_tracking":false,"_monsterinsights_sitenote_active":false,"_monsterinsights_sitenote_note":"","_monsterinsights_sitenote_category":0},"product_brand":[],"product_cat":[345,79],"product_tag":[],"class_list":{"0":"post-366253","1":"product","2":"type-product","3":"status-publish","4":"has-post-thumbnail","6":"product_cat-espiritualidad","7":"product_cat-espiritualitat","9":"first","10":"instock","11":"taxable","12":"shipping-taxable","13":"purchasable","14":"product-type-simple"},"acf":{"editorial":[{"ID":6172,"post_author":"3","post_date":"2022-07-28 17:46:27","post_date_gmt":"2022-07-28 15:46:27","post_content":"","post_title":"CPL","post_excerpt":"","post_status":"publish","comment_status":"closed","ping_status":"closed","post_password":"","post_name":"cpl","to_ping":"","pinged":"","post_modified":"2022-07-28 17:46:27","post_modified_gmt":"2022-07-28 15:46:27","post_content_filtered":"","post_parent":0,"guid":"http:\/\/dev.claret.cat\/editorial\/cpl\/","menu_order":0,"post_type":"editorial","post_mime_type":"","comment_count":"0","filter":"raw"}],"autores-libros":[{"ID":8359,"post_author":"3","post_date":"2022-09-30 09:47:59","post_date_gmt":"2022-09-30 07:47:59","post_content":"","post_title":"JORDI GUARDIA","post_excerpt":"","post_status":"publish","comment_status":"closed","ping_status":"closed","post_password":"","post_name":"jordi-guardia","to_ping":"","pinged":"","post_modified":"2022-09-30 09:47:59","post_modified_gmt":"2022-09-30 07:47:59","post_content_filtered":"","post_parent":0,"guid":"http:\/\/dev.claret.cat\/autor\/jordi-guardia\/","menu_order":0,"post_type":"autor","post_mime_type":"","comment_count":"0","filter":"raw"}],"autor":"GU\u00c0RDIA, JORDI","codart":"849805890","libros-coleccion":"","ediciones":"1","encuadernacion":"Grapado","fecha_de_publicacion":"22\/02\/2016","novedad":"0","paginas":"36","subtitulo":"","orden":"999","portada":"0","idioma":"cat"},"aioseo_notices":[],"_links":{"self":[{"href":"https:\/\/www.claret.cat\/es\/wp-json\/wp\/v2\/product\/366253","targetHints":{"allow":["GET"]}}],"collection":[{"href":"https:\/\/www.claret.cat\/es\/wp-json\/wp\/v2\/product"}],"about":[{"href":"https:\/\/www.claret.cat\/es\/wp-json\/wp\/v2\/types\/product"}],"wp:featuredmedia":[{"embeddable":true,"href":"https:\/\/www.claret.cat\/es\/wp-json\/wp\/v2\/media\/366279"}],"wp:attachment":[{"href":"https:\/\/www.claret.cat\/es\/wp-json\/wp\/v2\/media?parent=366253"}],"wp:term":[{"taxonomy":"product_brand","embeddable":true,"href":"https:\/\/www.claret.cat\/es\/wp-json\/wp\/v2\/product_brand?post=366253"},{"taxonomy":"product_cat","embeddable":true,"href":"https:\/\/www.claret.cat\/es\/wp-json\/wp\/v2\/product_cat?post=366253"},{"taxonomy":"product_tag","embeddable":true,"href":"https:\/\/www.claret.cat\/es\/wp-json\/wp\/v2\/product_tag?post=366253"}],"curies":[{"name":"wp","href":"https:\/\/api.w.org\/{rel}","templated":true}]}}

SANTA TECLA, DEIXEBLA DE PAU, SERVENTA DE DÉU

<p>Una dona decidida, disposada a seguir Jesucrist passés el que passés. I la història comença així: &#8216;És un 20 de setembre, en plens dies de Santa Tecla, a Tarragona. Ja fa dies que la festa bull al carrer: gent, música, vermuts, dinars i sopars a la fresca. Ara tot apunta cap a la catarsi festiva del dia 23, quan Tecla i la ciutat es fonen en una sola cosa durant la processó del Braç. Tarragona és una ciutat que, de fa molts, molts segles, ha quedat lligada a santa Tecla, i és a través de la seva festa que s’explica a ella mateixa i de cara enfora. Però no ens enredem. Som al 20 de setembre, al vespre. Vaig caminant pels carrers antics de Tarragona, cap a la Catedral. Quan hi arribo, busco un raconet i m’hi encabeixo com puc. En un dels moments més íntims d’aquells dies, uns personatges davallaran del bancal del retaule gòtic i s’adreçaran entre la gent a explicar-nos, a través d’una mena de moixiganga contemporània (el &#8216;Retaule de Santa Tecla&#8217;), la història de Tecla, una jove d’Iconi, a l’Àsia Menor, deixebla de l’apòstol Pau i, com es deia a ella mateixa, &#8216;serventa del Déu viu&#8217;&#8230;&#8230;&#8217;</p>

<p>GUÀRDIA, JORDI</p>

GUÀRDIA, JORDI
