{"id":366670,"date":"2023-01-15T19:05:28","date_gmt":"2023-01-15T18:05:28","guid":{"rendered":"https:\/\/www.claret.cat\/llibre\/cuentos-para-pensar-9788498421972\/"},"modified":"2024-05-22T19:59:39","modified_gmt":"2024-05-22T17:59:39","slug":"cuentos-para-pensar-9788498421972","status":"publish","type":"product","link":"https:\/\/www.claret.cat\/es\/libro\/cuentos-para-pensar-9788498421972\/","title":{"rendered":"CUENTOS PARA PENSAR"},"content":{"rendered":"<p>El cuento, como m\u00e9todo de ense\u00f1anza, no proporciona soluciones sino datos concretos para que reflexionemos, analicemos y discutamos las posibles salidas que se pueden encontrar: no oferta soluciones sino que nos entrena en generar soluciones. Nos obliga a pensar y a contrastar nuestras conclusiones con las de otros. Ese es su gran valor. Los cuentos propuestos en este libro se pueden aplicar o adaptar a distintos grupos: scouts, clases de primaria, cursillos prematrimoniales, terapia de grupo, clases universitarias (psicolog\u00eda, empresariales, sociolog\u00eda, periodismo, pedagog\u00eda, magisterio), escuelas de padres, reuniones familiares con los hijos, catequesis, formaci\u00f3n de profesorado&#8230;<\/p>\n","protected":false},"excerpt":{"rendered":"<p>L\u00d3PEZ CABALLERO, ALFONSO<\/p>\n","protected":false},"featured_media":367054,"template":"","meta":{"_acf_changed":false,"om_disable_all_campaigns":false,"rs_blank_template":"","rs_page_bg_color":"","slide_template_v7":"","inline_featured_image":false,"_monsterinsights_skip_tracking":false,"_monsterinsights_sitenote_active":false,"_monsterinsights_sitenote_note":"","_monsterinsights_sitenote_category":0},"product_brand":[],"product_cat":[226,388,189,453,143,191,454,576,267,405],"product_tag":[],"class_list":{"0":"post-366670","1":"product","2":"type-product","3":"status-publish","4":"has-post-thumbnail","6":"product_cat-didactica","7":"product_cat-didactica-catequesis-1_espiritualidad","8":"product_cat-didactica-i-praxi-escolar","9":"product_cat-didactica-y-praxis-escolar","10":"product_cat-educacio-en-valors","11":"product_cat-educacio-en-valors-pedagogia-2_humanitats","12":"product_cat-educacion-en-valores","13":"product_cat-educacion-en-valores-escolar-4_escolar-spa","14":"product_cat-infantil-pastoral","15":"product_cat-infantil-pastoral-1_espiritualidad","17":"first","18":"instock","19":"taxable","20":"shipping-taxable","21":"purchasable","22":"product-type-simple"},"acf":{"editorial":[{"ID":6155,"post_author":"3","post_date":"2022-07-28 17:46:04","post_date_gmt":"2022-07-28 15:46:04","post_content":"","post_title":"Central Catequ\u00edstica Salesiana","post_excerpt":"","post_status":"publish","comment_status":"closed","ping_status":"closed","post_password":"","post_name":"central-catequistica-salesiana","to_ping":"","pinged":"","post_modified":"2022-07-28 17:46:04","post_modified_gmt":"2022-07-28 15:46:04","post_content_filtered":"","post_parent":0,"guid":"http:\/\/dev.claret.cat\/editorial\/central-catequistica-salesiana\/","menu_order":0,"post_type":"editorial","post_mime_type":"","comment_count":"0","filter":"raw"}],"autores-libros":[{"ID":366669,"post_author":"3","post_date":"2023-01-15 19:05:25","post_date_gmt":"2023-01-15 18:05:25","post_content":"","post_title":"ALFONSO LOPEZ CABALLERO","post_excerpt":"","post_status":"publish","comment_status":"closed","ping_status":"closed","post_password":"","post_name":"alfonso-lopez-caballero","to_ping":"","pinged":"","post_modified":"2023-01-15 19:05:25","post_modified_gmt":"2023-01-15 18:05:25","post_content_filtered":"","post_parent":0,"guid":"https:\/\/www.claret.cat\/autor\/alfonso-lopez-caballero\/","menu_order":0,"post_type":"autor","post_mime_type":"","comment_count":"0","filter":"raw"}],"autor":"L\u00d3PEZ CABALLERO, ALFONSO","codart":"849842197","libros-coleccion":"La Zarza Ardiente","ediciones":"1","encuadernacion":"R\u00fastica","fecha_de_publicacion":"16\/07\/2008","novedad":"0","paginas":"267","subtitulo":"ENSE\u00d1ANZA DE VALORES EN GRUPO","orden":"999","portada":"0","idioma":"spa"},"aioseo_notices":[],"_links":{"self":[{"href":"https:\/\/www.claret.cat\/es\/wp-json\/wp\/v2\/product\/366670","targetHints":{"allow":["GET"]}}],"collection":[{"href":"https:\/\/www.claret.cat\/es\/wp-json\/wp\/v2\/product"}],"about":[{"href":"https:\/\/www.claret.cat\/es\/wp-json\/wp\/v2\/types\/product"}],"wp:featuredmedia":[{"embeddable":true,"href":"https:\/\/www.claret.cat\/es\/wp-json\/wp\/v2\/media\/367054"}],"wp:attachment":[{"href":"https:\/\/www.claret.cat\/es\/wp-json\/wp\/v2\/media?parent=366670"}],"wp:term":[{"taxonomy":"product_brand","embeddable":true,"href":"https:\/\/www.claret.cat\/es\/wp-json\/wp\/v2\/product_brand?post=366670"},{"taxonomy":"product_cat","embeddable":true,"href":"https:\/\/www.claret.cat\/es\/wp-json\/wp\/v2\/product_cat?post=366670"},{"taxonomy":"product_tag","embeddable":true,"href":"https:\/\/www.claret.cat\/es\/wp-json\/wp\/v2\/product_tag?post=366670"}],"curies":[{"name":"wp","href":"https:\/\/api.w.org\/{rel}","templated":true}]}}

<p>El cuento, como método de enseñanza, no proporciona soluciones sino datos concretos para que reflexionemos, analicemos y discutamos las posibles salidas que se pueden encontrar: no oferta soluciones sino que nos entrena en generar soluciones. Nos obliga a pensar y a contrastar nuestras conclusiones con las de otros. Ese es su gran valor. Los cuentos propuestos en este libro se pueden aplicar o adaptar a distintos grupos: scouts, clases de primaria, cursillos prematrimoniales, terapia de grupo, clases universitarias (psicología, empresariales, sociología, periodismo, pedagogía, magisterio), escuelas de padres, reuniones familiares con los hijos, catequesis, formación de profesorado&#8230;</p>

<p>LÓPEZ CABALLERO, ALFONSO</p>

Central Catequística Salesiana

LÓPEZ CABALLERO, ALFONSO

Rústica

ENSEÑANZA DE VALORES EN GRUPO
