{"id":366833,"date":"2023-01-15T19:28:58","date_gmt":"2023-01-15T18:28:58","guid":{"rendered":"https:\/\/www.claret.cat\/llibre\/palabras-escandalosas-de-jesus-9788498427165\/"},"modified":"2024-05-22T19:35:43","modified_gmt":"2024-05-22T17:35:43","slug":"palabras-escandalosas-de-jesus-9788498427165","status":"publish","type":"product","link":"https:\/\/www.claret.cat\/es\/libro\/palabras-escandalosas-de-jesus-9788498427165\/","title":{"rendered":"PALABRAS ESCANDALOSAS DE JES\u00daS"},"content":{"rendered":"<p>Los evangelios nos transmiten algunos dichos (&#8216;logia&#8217;) de Jes\u00fas que no dejaron de suscitar perplejidad, disgusto y desasosiego en los creyentes de entonces, y que contin\u00faan impactando y sorprendiendo a los lectores de hoy. Este libro intenta acercar al lector a esas palabras y facilitar su comprensi\u00f3n, rescat\u00e1ndolas de un literalismo r\u00edgido e insert6\u00e1ndolas en el dinamismo del lenguaje de Jes\u00fas, descubriendo sus contextos redaccionales y demostrando c\u00f3mo el mensaje de Jes\u00fas, a\u00fan en sus formas m\u00e1s parad\u00f3jicas, es enormemente coherente. Es buena y nueva noticia.<\/p>\n","protected":false},"excerpt":{"rendered":"<p>MONTERO, DOMINGO J.<\/p>\n","protected":false},"featured_media":366834,"template":"","meta":{"_acf_changed":false,"om_disable_all_campaigns":false,"rs_blank_template":"","rs_page_bg_color":"","slide_template_v7":"","inline_featured_image":false,"_monsterinsights_skip_tracking":false,"_monsterinsights_sitenote_active":false,"_monsterinsights_sitenote_note":"","_monsterinsights_sitenote_category":0},"product_brand":[],"product_cat":[90,540],"product_tag":[],"class_list":{"0":"post-366833","1":"product","2":"type-product","3":"status-publish","4":"has-post-thumbnail","6":"product_cat-altres","7":"product_cat-otros","9":"first","10":"instock","11":"taxable","12":"shipping-taxable","13":"purchasable","14":"product-type-simple"},"acf":{"editorial":[{"ID":6155,"post_author":"3","post_date":"2022-07-28 17:46:04","post_date_gmt":"2022-07-28 15:46:04","post_content":"","post_title":"Central Catequ\u00edstica Salesiana","post_excerpt":"","post_status":"publish","comment_status":"closed","ping_status":"closed","post_password":"","post_name":"central-catequistica-salesiana","to_ping":"","pinged":"","post_modified":"2022-07-28 17:46:04","post_modified_gmt":"2022-07-28 15:46:04","post_content_filtered":"","post_parent":0,"guid":"http:\/\/dev.claret.cat\/editorial\/central-catequistica-salesiana\/","menu_order":0,"post_type":"editorial","post_mime_type":"","comment_count":"0","filter":"raw"}],"autores-libros":[{"ID":154264,"post_author":"3","post_date":"2022-10-14 15:03:25","post_date_gmt":"2022-10-14 13:03:25","post_content":"","post_title":"DOMINGO J. MONTERO","post_excerpt":"","post_status":"publish","comment_status":"closed","ping_status":"closed","post_password":"","post_name":"domingo-j-montero","to_ping":"","pinged":"","post_modified":"2022-10-14 15:03:25","post_modified_gmt":"2022-10-14 13:03:25","post_content_filtered":"","post_parent":0,"guid":"http:\/\/dev.claret.cat\/autor\/domingo-j-montero\/","menu_order":0,"post_type":"autor","post_mime_type":"","comment_count":"0","filter":"raw"}],"autor":"MONTERO, DOMINGO J.","codart":"849842716","libros-coleccion":"","ediciones":"1","encuadernacion":"R\u00fastica","fecha_de_publicacion":"13\/04\/2011","novedad":"0","paginas":"144","subtitulo":"","orden":"999","portada":"0","idioma":"spa"},"aioseo_notices":[],"_links":{"self":[{"href":"https:\/\/www.claret.cat\/es\/wp-json\/wp\/v2\/product\/366833","targetHints":{"allow":["GET"]}}],"collection":[{"href":"https:\/\/www.claret.cat\/es\/wp-json\/wp\/v2\/product"}],"about":[{"href":"https:\/\/www.claret.cat\/es\/wp-json\/wp\/v2\/types\/product"}],"wp:featuredmedia":[{"embeddable":true,"href":"https:\/\/www.claret.cat\/es\/wp-json\/wp\/v2\/media\/366834"}],"wp:attachment":[{"href":"https:\/\/www.claret.cat\/es\/wp-json\/wp\/v2\/media?parent=366833"}],"wp:term":[{"taxonomy":"product_brand","embeddable":true,"href":"https:\/\/www.claret.cat\/es\/wp-json\/wp\/v2\/product_brand?post=366833"},{"taxonomy":"product_cat","embeddable":true,"href":"https:\/\/www.claret.cat\/es\/wp-json\/wp\/v2\/product_cat?post=366833"},{"taxonomy":"product_tag","embeddable":true,"href":"https:\/\/www.claret.cat\/es\/wp-json\/wp\/v2\/product_tag?post=366833"}],"curies":[{"name":"wp","href":"https:\/\/api.w.org\/{rel}","templated":true}]}}

PALABRAS ESCANDALOSAS DE JESÚS

<p>Los evangelios nos transmiten algunos dichos (&#8216;logia&#8217;) de Jesús que no dejaron de suscitar perplejidad, disgusto y desasosiego en los creyentes de entonces, y que continúan impactando y sorprendiendo a los lectores de hoy. Este libro intenta acercar al lector a esas palabras y facilitar su comprensión, rescatándolas de un literalismo rígido e insert6ándolas en el dinamismo del lenguaje de Jesús, descubriendo sus contextos redaccionales y demostrando cómo el mensaje de Jesús, aún en sus formas más paradójicas, es enormemente coherente. Es buena y nueva noticia.</p>

Central Catequística Salesiana

Rústica
