{"id":367201,"date":"2023-01-15T20:06:00","date_gmt":"2023-01-15T19:06:00","guid":{"rendered":"https:\/\/www.claret.cat\/llibre\/el-pa-de-la-vida-9788498460124\/"},"modified":"2024-07-09T17:07:17","modified_gmt":"2024-07-09T15:07:17","slug":"el-pa-de-la-vida-9788498460124","status":"publish","type":"product","link":"https:\/\/www.claret.cat\/es\/libro\/el-pa-de-la-vida-9788498460124\/","title":{"rendered":"EL PA DE LA VIDA"},"content":{"rendered":"<p>L\u00e9on-Dufour se\u2019ns mostra en aquest llibre com un exegeta, capa\u00e7 ajudar el lector a entrar en el misteri del Cos entregat i de la Sang vessada. La seva gran preocupaci\u00f3, i tamb\u00e9 el seu gran m\u00e8rit, \u00e9s unir fortament les dues tradicions \u2013i ensems les dues dimen sions\u2013, de l\u2019eucaristia: la dimensi\u00f3 cultuali la dimensi\u00f3 existencial. S\u00f3n l\u2019anvers i el revers, la cara i la creu inseparables d\u2019una mateixa realitat. S\u00f3n dues formes complemen t\u00e0ries de dir-nos que estem cridats a la comuni\u00f3 amb Jes\u00fas i amb els homes, i que quan som \u00abincorporats\u00bb amb Aquell que salva el m\u00f3n, esdevenim els seus cooperadors.<\/p>\n","protected":false},"excerpt":{"rendered":"<p>L\u00c9ON-DUFOUR, XAVIER<\/p>\n","protected":false},"featured_media":973987,"template":"","meta":{"_acf_changed":false,"om_disable_all_campaigns":false,"rs_blank_template":"","rs_page_bg_color":"","slide_template_v7":"","inline_featured_image":false,"_monsterinsights_skip_tracking":false,"_monsterinsights_sitenote_active":false,"_monsterinsights_sitenote_note":"","_monsterinsights_sitenote_category":0},"product_brand":[],"product_cat":[234,487,276,414,249,498,496,246,581,275,413],"product_tag":[],"class_list":{"0":"post-367201","1":"product","2":"type-product","3":"status-publish","4":"has-post-thumbnail","6":"product_cat-cristocentrica","7":"product_cat-cristocentrica-espiritualidad-1_espiritualidad","8":"product_cat-cristologia-teologia","9":"product_cat-cristologia-teologia-1_espiritualidad","10":"product_cat-de-la-iniciacio-cristiana","11":"product_cat-de-la-iniciacion-cristiana","12":"product_cat-devocionarios","13":"product_cat-devocionaris","14":"product_cat-editorial-claret","15":"product_cat-fonamental","16":"product_cat-fundamental","18":"first","19":"instock","20":"taxable","21":"shipping-taxable","22":"purchasable","23":"product-type-simple"},"acf":{"editorial":[{"ID":6158,"post_author":"3","post_date":"2022-07-28 17:46:08","post_date_gmt":"2022-07-28 15:46:08","post_content":"","post_title":"CLARET","post_excerpt":"","post_status":"publish","comment_status":"closed","ping_status":"closed","post_password":"","post_name":"claret","to_ping":"","pinged":"","post_modified":"2022-07-28 17:46:08","post_modified_gmt":"2022-07-28 15:46:08","post_content_filtered":"","post_parent":0,"guid":"http:\/\/dev.claret.cat\/editorial\/claret\/","menu_order":0,"post_type":"editorial","post_mime_type":"","comment_count":"0","filter":"raw"}],"autores-libros":[{"ID":345451,"post_author":"3","post_date":"2023-01-13 21:46:39","post_date_gmt":"2023-01-13 20:46:39","post_content":"","post_title":"XAVIER LEON-DUFOUR","post_excerpt":"","post_status":"publish","comment_status":"closed","ping_status":"closed","post_password":"","post_name":"xavier-leon-dufour-2","to_ping":"","pinged":"","post_modified":"2023-01-13 21:46:39","post_modified_gmt":"2023-01-13 20:46:39","post_content_filtered":"","post_parent":0,"guid":"https:\/\/www.claret.cat\/autor\/xavier-leon-dufour-2\/","menu_order":0,"post_type":"autor","post_mime_type":"","comment_count":"0","filter":"raw"}],"autor":"L\u00c9ON-DUFOUR, XAVIER","codart":"849846012","libros-coleccion":"HORITZONS","ediciones":"1","encuadernacion":"R\u00fastica","fecha_de_publicacion":"28\/03\/2007","novedad":"0","paginas":"144","subtitulo":"","orden":"0","portada":"0","idioma":"cat"},"aioseo_notices":[],"_links":{"self":[{"href":"https:\/\/www.claret.cat\/es\/wp-json\/wp\/v2\/product\/367201","targetHints":{"allow":["GET"]}}],"collection":[{"href":"https:\/\/www.claret.cat\/es\/wp-json\/wp\/v2\/product"}],"about":[{"href":"https:\/\/www.claret.cat\/es\/wp-json\/wp\/v2\/types\/product"}],"wp:featuredmedia":[{"embeddable":true,"href":"https:\/\/www.claret.cat\/es\/wp-json\/wp\/v2\/media\/973987"}],"wp:attachment":[{"href":"https:\/\/www.claret.cat\/es\/wp-json\/wp\/v2\/media?parent=367201"}],"wp:term":[{"taxonomy":"product_brand","embeddable":true,"href":"https:\/\/www.claret.cat\/es\/wp-json\/wp\/v2\/product_brand?post=367201"},{"taxonomy":"product_cat","embeddable":true,"href":"https:\/\/www.claret.cat\/es\/wp-json\/wp\/v2\/product_cat?post=367201"},{"taxonomy":"product_tag","embeddable":true,"href":"https:\/\/www.claret.cat\/es\/wp-json\/wp\/v2\/product_tag?post=367201"}],"curies":[{"name":"wp","href":"https:\/\/api.w.org\/{rel}","templated":true}]}}

<p>Léon-Dufour se’ns mostra en aquest llibre com un exegeta, capaç ajudar el lector a entrar en el misteri del Cos entregat i de la Sang vessada. La seva gran preocupació, i també el seu gran mèrit, és unir fortament les dues tradicions –i ensems les dues dimen sions–, de l’eucaristia: la dimensió cultuali la dimensió existencial. Són l’anvers i el revers, la cara i la creu inseparables d’una mateixa realitat. Són dues formes complemen tàries de dir-nos que estem cridats a la comunió amb Jesús i amb els homes, i que quan som «incorporats» amb Aquell que salva el món, esdevenim els seus cooperadors.</p>

<p>LÉON-DUFOUR, XAVIER</p>

LÉON-DUFOUR, XAVIER

Rústica
