{"id":367235,"date":"2023-01-15T20:12:03","date_gmt":"2023-01-15T19:12:03","guid":{"rendered":"https:\/\/www.claret.cat\/llibre\/culte-i-iconografia-de-sant-abdo-i-sant-senen-a-catalunya-9788498460490\/"},"modified":"2024-06-12T10:35:45","modified_gmt":"2024-06-12T08:35:45","slug":"culte-i-iconografia-de-sant-abdo-i-sant-senen-a-catalunya-9788498460490","status":"publish","type":"product","link":"https:\/\/www.claret.cat\/es\/libro\/culte-i-iconografia-de-sant-abdo-i-sant-senen-a-catalunya-9788498460490\/","title":{"rendered":"CULTE I ICONOGRAFIA DE SANT ABD\u00d3 I SANT SEN\u00c9N A CATALUNYA"},"content":{"rendered":"<p>Abd\u00f3 i Sen\u00e9n s\u00f3n dos Sants m\u00e0rtirs d\u2019origen oriental. Al segle X les seves rel\u00edquies van ser traslladades de Roma al monestir benedict\u00ed d\u2019Arles del Tec a la comarca del Rossell\u00f3. Des de la Catalunya Nord el seu culte es va difondre molt r\u00e0pidament per tot l\u2019entorn mediterrani. A l\u2019esgl\u00e9sia de Sant Pere de Terrassa es conserva un retaule g\u00f2tic dedicat als dos Sants, obra de Jaume Huguet, que \u00e9s considerat una de les peces m\u00e9s rellevants i m\u00e9s ben conservades de la pintura g\u00f2tica catalana.<\/p>\n","protected":false},"excerpt":{"rendered":"<p>RIBAS GARRIGA, ROSA<\/p>\n","protected":false},"featured_media":969968,"template":"","meta":{"_acf_changed":false,"om_disable_all_campaigns":false,"rs_blank_template":"","rs_page_bg_color":"","slide_template_v7":"","inline_featured_image":false,"_monsterinsights_skip_tracking":false,"_monsterinsights_sitenote_active":false,"_monsterinsights_sitenote_note":"","_monsterinsights_sitenote_category":0},"product_brand":[],"product_cat":[77,343,581,117,566,344,78,545,95],"product_tag":[],"class_list":{"0":"post-367235","1":"product","2":"type-product","3":"status-publish","4":"has-post-thumbnail","6":"product_cat-catequesi","7":"product_cat-catequesis","8":"product_cat-editorial-claret","9":"product_cat-juvenil","10":"product_cat-juvenil-3_infantil-juvenil-spa-spa","11":"product_cat-pastoral-1_espiritualidad","12":"product_cat-pastoral","13":"product_cat-santoral-1_espiritualidad-spa","14":"product_cat-santoral","16":"first","17":"instock","18":"taxable","19":"shipping-taxable","20":"purchasable","21":"product-type-simple"},"acf":{"editorial":[{"ID":6158,"post_author":"3","post_date":"2022-07-28 17:46:08","post_date_gmt":"2022-07-28 15:46:08","post_content":"","post_title":"CLARET","post_excerpt":"","post_status":"publish","comment_status":"closed","ping_status":"closed","post_password":"","post_name":"claret","to_ping":"","pinged":"","post_modified":"2022-07-28 17:46:08","post_modified_gmt":"2022-07-28 15:46:08","post_content_filtered":"","post_parent":0,"guid":"http:\/\/dev.claret.cat\/editorial\/claret\/","menu_order":0,"post_type":"editorial","post_mime_type":"","comment_count":"0","filter":"raw"}],"autores-libros":[{"ID":8433,"post_author":"3","post_date":"2022-09-30 09:48:33","post_date_gmt":"2022-09-30 07:48:33","post_content":"","post_title":"ROSA RIBAS GARRIGA","post_excerpt":"","post_status":"publish","comment_status":"closed","ping_status":"closed","post_password":"","post_name":"rosa-ribas-garriga","to_ping":"","pinged":"","post_modified":"2022-09-30 09:48:33","post_modified_gmt":"2022-09-30 07:48:33","post_content_filtered":"","post_parent":0,"guid":"http:\/\/dev.claret.cat\/autor\/rosa-ribas-garriga\/","menu_order":0,"post_type":"autor","post_mime_type":"","comment_count":"0","filter":"raw"}],"autor":"RIBAS GARRIGA, ROSA","codart":"849846049","libros-coleccion":"","ediciones":"1","encuadernacion":"R\u00fastica","fecha_de_publicacion":"27\/07\/2007","novedad":"0","paginas":"126","subtitulo":"UNA PROPOSTA DID\u00c0CTICA","orden":"999","portada":"0","idioma":"cat"},"aioseo_notices":[],"_links":{"self":[{"href":"https:\/\/www.claret.cat\/es\/wp-json\/wp\/v2\/product\/367235","targetHints":{"allow":["GET"]}}],"collection":[{"href":"https:\/\/www.claret.cat\/es\/wp-json\/wp\/v2\/product"}],"about":[{"href":"https:\/\/www.claret.cat\/es\/wp-json\/wp\/v2\/types\/product"}],"wp:featuredmedia":[{"embeddable":true,"href":"https:\/\/www.claret.cat\/es\/wp-json\/wp\/v2\/media\/969968"}],"wp:attachment":[{"href":"https:\/\/www.claret.cat\/es\/wp-json\/wp\/v2\/media?parent=367235"}],"wp:term":[{"taxonomy":"product_brand","embeddable":true,"href":"https:\/\/www.claret.cat\/es\/wp-json\/wp\/v2\/product_brand?post=367235"},{"taxonomy":"product_cat","embeddable":true,"href":"https:\/\/www.claret.cat\/es\/wp-json\/wp\/v2\/product_cat?post=367235"},{"taxonomy":"product_tag","embeddable":true,"href":"https:\/\/www.claret.cat\/es\/wp-json\/wp\/v2\/product_tag?post=367235"}],"curies":[{"name":"wp","href":"https:\/\/api.w.org\/{rel}","templated":true}]}}

CULTE I ICONOGRAFIA DE SANT ABDÓ I SANT SENÉN A CATALUNYA

<p>Abdó i Senén són dos Sants màrtirs d’origen oriental. Al segle X les seves relíquies van ser traslladades de Roma al monestir benedictí d’Arles del Tec a la comarca del Rosselló. Des de la Catalunya Nord el seu culte es va difondre molt ràpidament per tot l’entorn mediterrani. A l’església de Sant Pere de Terrassa es conserva un retaule gòtic dedicat als dos Sants, obra de Jaume Huguet, que és considerat una de les peces més rellevants i més ben conservades de la pintura gòtica catalana.</p>

Rústica

UNA PROPOSTA DIDÀCTICA
