{"id":367546,"date":"2023-01-15T21:05:49","date_gmt":"2023-01-15T20:05:49","guid":{"rendered":"https:\/\/www.claret.cat\/llibre\/pregaria-9788498462340\/"},"modified":"2026-03-21T12:12:44","modified_gmt":"2026-03-21T11:12:44","slug":"pregaria-9788498462340","status":"publish","type":"product","link":"https:\/\/www.claret.cat\/es\/libro\/pregaria-9788498462340\/","title":{"rendered":"PREG\u00c0RIA"},"content":{"rendered":"<p>Els llibrets de la col\u00b7lecci\u00f3 \u00abImpulsos b\u00edblics\u00bb s\u00f3n reculls de citacions b\u00edbliques, acompanyades de fotografies que ajuden a interioritzar els textos. Cada llibret se centra en un tema: Amor, Agra\u00efment, Consol, Encoratjament, Pau, Perd\u00f3 i Preg\u00e0ria.<\/p>\n","protected":false},"excerpt":{"rendered":"<p>RICART F\u00c0BREGAS, IGNASI<\/p>\n","protected":false},"featured_media":367547,"template":"","meta":{"_acf_changed":false,"om_disable_all_campaigns":false,"rs_blank_template":"","rs_page_bg_color":"","slide_template_v7":"","inline_featured_image":false,"_monsterinsights_skip_tracking":false,"_monsterinsights_sitenote_active":false,"_monsterinsights_sitenote_note":"","_monsterinsights_sitenote_category":0},"product_brand":[],"product_cat":[237,488,581,523,299,497,248,396,247,394,236],"product_tag":[],"class_list":{"0":"post-367546","1":"product","2":"type-product","3":"status-publish","4":"has-post-thumbnail","6":"product_cat-cami-de-perfeccionament","7":"product_cat-camino-de-perfeccionamiento","8":"product_cat-editorial-claret","9":"product_cat-laicos-y-testimonios","10":"product_cat-laics-i-testimonis","11":"product_cat-meditaciones","12":"product_cat-meditacions","13":"product_cat-oracion","14":"product_cat-pregaria","15":"product_cat-vida-cotidiana","16":"product_cat-vida-quotidiana","18":"first","19":"instock","20":"taxable","21":"shipping-taxable","22":"purchasable","23":"product-type-simple"},"acf":{"editorial":[{"ID":6158,"post_author":"3","post_date":"2022-07-28 17:46:08","post_date_gmt":"2022-07-28 15:46:08","post_content":"","post_title":"CLARET","post_excerpt":"","post_status":"publish","comment_status":"closed","ping_status":"closed","post_password":"","post_name":"claret","to_ping":"","pinged":"","post_modified":"2022-07-28 17:46:08","post_modified_gmt":"2022-07-28 15:46:08","post_content_filtered":"","post_parent":0,"guid":"http:\/\/dev.claret.cat\/editorial\/claret\/","menu_order":0,"post_type":"editorial","post_mime_type":"","comment_count":"0","filter":"raw"}],"autores-libros":[{"ID":314260,"post_author":"3","post_date":"2022-12-29 11:35:54","post_date_gmt":"2022-12-29 10:35:54","post_content":"","post_title":"IGNASI RICART F\u00c0BREGAS","post_excerpt":"","post_status":"publish","comment_status":"closed","ping_status":"closed","post_password":"","post_name":"ignasi-ricart-fabregas","to_ping":"","pinged":"","post_modified":"2022-12-29 11:35:54","post_modified_gmt":"2022-12-29 10:35:54","post_content_filtered":"","post_parent":0,"guid":"https:\/\/www.claret.cat\/autor\/ignasi-ricart-fabregas\/","menu_order":0,"post_type":"autor","post_mime_type":"","comment_count":"0","filter":"raw"}],"autor":"RICART F\u00c0BREGAS, IGNASI","codart":"849846234","libros-coleccion":"Impulsos b\u00edblics","ediciones":"1","encuadernacion":"Grapado","fecha_de_publicacion":"23\/07\/2008","novedad":"0","paginas":"32","subtitulo":"","orden":"999","portada":"0","idioma":"cat","booktrailer":"","resenas":""},"aioseo_notices":[],"_links":{"self":[{"href":"https:\/\/www.claret.cat\/es\/wp-json\/wp\/v2\/product\/367546","targetHints":{"allow":["GET"]}}],"collection":[{"href":"https:\/\/www.claret.cat\/es\/wp-json\/wp\/v2\/product"}],"about":[{"href":"https:\/\/www.claret.cat\/es\/wp-json\/wp\/v2\/types\/product"}],"wp:featuredmedia":[{"embeddable":true,"href":"https:\/\/www.claret.cat\/es\/wp-json\/wp\/v2\/media\/367547"}],"wp:attachment":[{"href":"https:\/\/www.claret.cat\/es\/wp-json\/wp\/v2\/media?parent=367546"}],"wp:term":[{"taxonomy":"product_brand","embeddable":true,"href":"https:\/\/www.claret.cat\/es\/wp-json\/wp\/v2\/product_brand?post=367546"},{"taxonomy":"product_cat","embeddable":true,"href":"https:\/\/www.claret.cat\/es\/wp-json\/wp\/v2\/product_cat?post=367546"},{"taxonomy":"product_tag","embeddable":true,"href":"https:\/\/www.claret.cat\/es\/wp-json\/wp\/v2\/product_tag?post=367546"}],"curies":[{"name":"wp","href":"https:\/\/api.w.org\/{rel}","templated":true}]}}

PREGÀRIA

<p>Els llibrets de la col·lecció «Impulsos bíblics» són reculls de citacions bíbliques, acompanyades de fotografies que ajuden a interioritzar els textos. Cada llibret se centra en un tema: Amor, Agraïment, Consol, Encoratjament, Pau, Perdó i Pregària.</p>

<p>RICART FÀBREGAS, IGNASI</p>

IGNASI RICART FÀBREGAS

RICART FÀBREGAS, IGNASI

Impulsos bíblics
