{"id":367576,"date":"2023-01-15T21:07:47","date_gmt":"2023-01-15T20:07:47","guid":{"rendered":"https:\/\/www.claret.cat\/llibre\/pau-apostol-del-nostre-poble-9788498462869\/"},"modified":"2024-05-22T18:45:39","modified_gmt":"2024-05-22T16:45:39","slug":"pau-apostol-del-nostre-poble-9788498462869","status":"publish","type":"product","link":"https:\/\/www.claret.cat\/es\/libro\/pau-apostol-del-nostre-poble-9788498462869\/","title":{"rendered":"PAU, AP\u00d2STOL DEL NOSTRE POBLE"},"content":{"rendered":"<p>Els historiadors situen el naixement de l\u2019ap\u00f2stol sant Pau entre els anys 7 i 10 dC. Per commemorar el seu bimil\u00b7lenari, i aprofitant que el 2008 la festa de l\u2019ap\u00f2stol se celebra en diumenge, el Sant Pare ha proclamat un any jubilar especial que t\u00e9 lloc del 28 de juny de 2008 al 29 de juny de 2009.<br \/>Els bisbes de Catalunya han volgut afegir-se a aquesta celebraci\u00f3 amb aquesta carta pastoral en la que recorden les arrels paulines de l\u2019Esgl\u00e9sia catalana. El text glossa la complexa figura de Pau: convers, mestre, pastor, comunicador i m\u00e0rtir, i proposa la viv\u00e8ncia d\u2019aquest any paul\u00ed com una ocasi\u00f3 per a la renovaci\u00f3 espiritual i eclesial de les di\u00f2cesis catalanes.<\/p>\n","protected":false},"excerpt":{"rendered":"<p>ELS BISBES DE CATALUNYA<\/p>\n","protected":false},"featured_media":386392,"template":"","meta":{"_acf_changed":false,"om_disable_all_campaigns":false,"rs_blank_template":"","rs_page_bg_color":"","slide_template_v7":"","inline_featured_image":false,"_monsterinsights_skip_tracking":false,"_monsterinsights_sitenote_active":false,"_monsterinsights_sitenote_note":"","_monsterinsights_sitenote_category":0},"product_brand":[],"product_cat":[90,581,540],"product_tag":[],"class_list":{"0":"post-367576","1":"product","2":"type-product","3":"status-publish","4":"has-post-thumbnail","6":"product_cat-altres","7":"product_cat-editorial-claret","8":"product_cat-otros","10":"first","11":"instock","12":"taxable","13":"shipping-taxable","14":"purchasable","15":"product-type-simple"},"acf":{"editorial":[{"ID":6158,"post_author":"3","post_date":"2022-07-28 17:46:08","post_date_gmt":"2022-07-28 15:46:08","post_content":"","post_title":"CLARET","post_excerpt":"","post_status":"publish","comment_status":"closed","ping_status":"closed","post_password":"","post_name":"claret","to_ping":"","pinged":"","post_modified":"2022-07-28 17:46:08","post_modified_gmt":"2022-07-28 15:46:08","post_content_filtered":"","post_parent":0,"guid":"http:\/\/dev.claret.cat\/editorial\/claret\/","menu_order":0,"post_type":"editorial","post_mime_type":"","comment_count":"0","filter":"raw"}],"autores-libros":[{"ID":5442,"post_author":"3","post_date":"2022-07-28 17:24:03","post_date_gmt":"2022-07-28 15:24:03","post_content":"","post_title":"ELS BISBES DE CATALUNYA","post_excerpt":"","post_status":"publish","comment_status":"closed","ping_status":"closed","post_password":"","post_name":"els-bisbes-de-catalunya","to_ping":"","pinged":"","post_modified":"2022-07-28 17:24:03","post_modified_gmt":"2022-07-28 15:24:03","post_content_filtered":"","post_parent":0,"guid":"http:\/\/dev.claret.cat\/autor\/els-bisbes-de-catalunya\/","menu_order":0,"post_type":"autor","post_mime_type":"","comment_count":"0","filter":"raw"}],"autor":"ELS BISBES DE CATALUNYA","codart":"849846286","libros-coleccion":"DOCUMENTS DEL MAGISTERI","ediciones":"0","encuadernacion":"R\u00fastica","fecha_de_publicacion":"23\/12\/2008","novedad":"0","paginas":"40","subtitulo":"","orden":"999","portada":"0","idioma":"cat"},"aioseo_notices":[],"_links":{"self":[{"href":"https:\/\/www.claret.cat\/es\/wp-json\/wp\/v2\/product\/367576","targetHints":{"allow":["GET"]}}],"collection":[{"href":"https:\/\/www.claret.cat\/es\/wp-json\/wp\/v2\/product"}],"about":[{"href":"https:\/\/www.claret.cat\/es\/wp-json\/wp\/v2\/types\/product"}],"wp:featuredmedia":[{"embeddable":true,"href":"https:\/\/www.claret.cat\/es\/wp-json\/wp\/v2\/media\/386392"}],"wp:attachment":[{"href":"https:\/\/www.claret.cat\/es\/wp-json\/wp\/v2\/media?parent=367576"}],"wp:term":[{"taxonomy":"product_brand","embeddable":true,"href":"https:\/\/www.claret.cat\/es\/wp-json\/wp\/v2\/product_brand?post=367576"},{"taxonomy":"product_cat","embeddable":true,"href":"https:\/\/www.claret.cat\/es\/wp-json\/wp\/v2\/product_cat?post=367576"},{"taxonomy":"product_tag","embeddable":true,"href":"https:\/\/www.claret.cat\/es\/wp-json\/wp\/v2\/product_tag?post=367576"}],"curies":[{"name":"wp","href":"https:\/\/api.w.org\/{rel}","templated":true}]}}

PAU, APÒSTOL DEL NOSTRE POBLE

<p>Els historiadors situen el naixement de l’apòstol sant Pau entre els anys 7 i 10 dC. Per commemorar el seu bimil·lenari, i aprofitant que el 2008 la festa de l’apòstol se celebra en diumenge, el Sant Pare ha proclamat un any jubilar especial que té lloc del 28 de juny de 2008 al 29 de juny de 2009.<br />Els bisbes de Catalunya han volgut afegir-se a aquesta celebració amb aquesta carta pastoral en la que recorden les arrels paulines de l’Església catalana. El text glossa la complexa figura de Pau: convers, mestre, pastor, comunicador i màrtir, i proposa la vivència d’aquest any paulí com una ocasió per a la renovació espiritual i eclesial de les diòcesis catalanes.</p>

Rústica
