{"id":367636,"date":"2023-01-15T21:25:21","date_gmt":"2023-01-15T20:25:21","guid":{"rendered":"https:\/\/www.claret.cat\/llibre\/orientacions-pastorals-per-a-lacolliment-de-promesos-9788498463279\/"},"modified":"2024-05-22T18:42:23","modified_gmt":"2024-05-22T16:42:23","slug":"orientacions-pastorals-per-a-lacolliment-de-promesos-9788498463279","status":"publish","type":"product","link":"https:\/\/www.claret.cat\/es\/libro\/orientacions-pastorals-per-a-lacolliment-de-promesos-9788498463279\/","title":{"rendered":"ORIENTACIONS PASTORALS PER A L&#8217;ACOLLIMENT DE PROMESOS"},"content":{"rendered":"<p>L\u2019acci\u00f3 concreta d\u2019acollir els promesos que es preparen a celebrar el sagrament del matrimoni t\u00e9 una gran incid\u00e8ncia en la manera d\u2019entendre, projectar i viure el futur matrimoni i la comunitat familiar.<br \/>\u00c9s per aix\u00f2 que els Bisbes de Catalunya han cregut oport\u00fa donar aquestes Orientacions pr\u00e0ctiques i m\u00ednimes que garanteixin la celebraci\u00f3 digna del sagrament.<\/p>\n","protected":false},"excerpt":{"rendered":"<p>ELS BISBES DE CATALUNYA<\/p>\n","protected":false},"featured_media":367637,"template":"","meta":{"_acf_changed":false,"om_disable_all_campaigns":false,"rs_blank_template":"","rs_page_bg_color":"","slide_template_v7":"","inline_featured_image":false,"_monsterinsights_skip_tracking":false,"_monsterinsights_sitenote_active":false,"_monsterinsights_sitenote_note":"","_monsterinsights_sitenote_category":0},"product_brand":[],"product_cat":[543,93,581,346,80,344,78],"product_tag":[],"class_list":{"0":"post-367636","1":"product","2":"type-product","3":"status-publish","4":"has-post-thumbnail","6":"product_cat-eclesiologia-es","7":"product_cat-eclesiologia","8":"product_cat-editorial-claret","9":"product_cat-libros-liturgia","10":"product_cat-liturgia","11":"product_cat-pastoral-1_espiritualidad","12":"product_cat-pastoral","14":"first","15":"instock","16":"taxable","17":"shipping-taxable","18":"purchasable","19":"product-type-simple"},"acf":{"editorial":[{"ID":6158,"post_author":"3","post_date":"2022-07-28 17:46:08","post_date_gmt":"2022-07-28 15:46:08","post_content":"","post_title":"CLARET","post_excerpt":"","post_status":"publish","comment_status":"closed","ping_status":"closed","post_password":"","post_name":"claret","to_ping":"","pinged":"","post_modified":"2022-07-28 17:46:08","post_modified_gmt":"2022-07-28 15:46:08","post_content_filtered":"","post_parent":0,"guid":"http:\/\/dev.claret.cat\/editorial\/claret\/","menu_order":0,"post_type":"editorial","post_mime_type":"","comment_count":"0","filter":"raw"}],"autores-libros":[{"ID":5442,"post_author":"3","post_date":"2022-07-28 17:24:03","post_date_gmt":"2022-07-28 15:24:03","post_content":"","post_title":"ELS BISBES DE CATALUNYA","post_excerpt":"","post_status":"publish","comment_status":"closed","ping_status":"closed","post_password":"","post_name":"els-bisbes-de-catalunya","to_ping":"","pinged":"","post_modified":"2022-07-28 17:24:03","post_modified_gmt":"2022-07-28 15:24:03","post_content_filtered":"","post_parent":0,"guid":"http:\/\/dev.claret.cat\/autor\/els-bisbes-de-catalunya\/","menu_order":0,"post_type":"autor","post_mime_type":"","comment_count":"0","filter":"raw"}],"autor":"ELS BISBES DE CATALUNYA","codart":"849846327","libros-coleccion":"DOCUMENTS DEL MAGISTERI","ediciones":"1","encuadernacion":"[Vac\u00edo]","fecha_de_publicacion":"28\/07\/2008","novedad":"0","paginas":"30","subtitulo":"","orden":"999","portada":"0","idioma":"cat"},"aioseo_notices":[],"_links":{"self":[{"href":"https:\/\/www.claret.cat\/es\/wp-json\/wp\/v2\/product\/367636","targetHints":{"allow":["GET"]}}],"collection":[{"href":"https:\/\/www.claret.cat\/es\/wp-json\/wp\/v2\/product"}],"about":[{"href":"https:\/\/www.claret.cat\/es\/wp-json\/wp\/v2\/types\/product"}],"wp:featuredmedia":[{"embeddable":true,"href":"https:\/\/www.claret.cat\/es\/wp-json\/wp\/v2\/media\/367637"}],"wp:attachment":[{"href":"https:\/\/www.claret.cat\/es\/wp-json\/wp\/v2\/media?parent=367636"}],"wp:term":[{"taxonomy":"product_brand","embeddable":true,"href":"https:\/\/www.claret.cat\/es\/wp-json\/wp\/v2\/product_brand?post=367636"},{"taxonomy":"product_cat","embeddable":true,"href":"https:\/\/www.claret.cat\/es\/wp-json\/wp\/v2\/product_cat?post=367636"},{"taxonomy":"product_tag","embeddable":true,"href":"https:\/\/www.claret.cat\/es\/wp-json\/wp\/v2\/product_tag?post=367636"}],"curies":[{"name":"wp","href":"https:\/\/api.w.org\/{rel}","templated":true}]}}

<p>L’acció concreta d’acollir els promesos que es preparen a celebrar el sagrament del matrimoni té una gran incidència en la manera d’entendre, projectar i viure el futur matrimoni i la comunitat familiar.<br />És per això que els Bisbes de Catalunya han cregut oportú donar aquestes Orientacions pràctiques i mínimes que garanteixin la celebració digna del sagrament.</p>

[Vacío]
