{"id":368034,"date":"2023-01-15T22:41:02","date_gmt":"2023-01-15T21:41:02","guid":{"rendered":"https:\/\/www.claret.cat\/llibre\/el-compromis-de-lafrica-africa-munus-9788498466355\/"},"modified":"2024-05-22T18:21:04","modified_gmt":"2024-05-22T16:21:04","slug":"el-compromis-de-lafrica-africa-munus-9788498466355","status":"publish","type":"product","link":"https:\/\/www.claret.cat\/es\/libro\/el-compromis-de-lafrica-africa-munus-9788498466355\/","title":{"rendered":"EL COMPROM\u00cdS DE L&#8217;\u00c0FRICA &#8211; AFRICA MUNUS"},"content":{"rendered":"<p>Exhortaci\u00f3 apost\u00f2lica postsinodal Africae munus als bisbes, al clergat, a les persones consagrades i als fidels laics sobre l\u2019Esgl\u00e9sia a l\u2019\u00c0frica al servei de la reconciliaci\u00f3, la just\u00edcia i la pau.<br \/>El papa Benet XVI va convocar una segona Assemblea especial per a l\u2019\u00c0frica del S\u00ednode dels Bisbes, celebrada del 4 al 25 d\u2019octubre de 2009 al Vatic\u00e0. El comprom\u00eds de l\u2019\u00c0frica amb el Senyor Jes\u00fas \u00e9s un tresor preci\u00f3s que el papa Benet XVI confia en aquest comen\u00e7ament del tercer mil\u00b7leni als bisbes, als preveres, als diaques permanents, a les persones consagrades, als catequistes i als laics d\u2019aquest continent i de les illes ve\u00efnes.<\/p>\n","protected":false},"excerpt":{"rendered":"<p>BENET XVI<\/p>\n","protected":false},"featured_media":386404,"template":"","meta":{"_acf_changed":false,"om_disable_all_campaigns":false,"rs_blank_template":"","rs_page_bg_color":"","slide_template_v7":"","inline_featured_image":false,"_monsterinsights_skip_tracking":false,"_monsterinsights_sitenote_active":false,"_monsterinsights_sitenote_note":"","_monsterinsights_sitenote_category":0},"product_brand":[],"product_cat":[90,581,540],"product_tag":[],"class_list":{"0":"post-368034","1":"product","2":"type-product","3":"status-publish","4":"has-post-thumbnail","6":"product_cat-altres","7":"product_cat-editorial-claret","8":"product_cat-otros","10":"first","11":"instock","12":"taxable","13":"shipping-taxable","14":"purchasable","15":"product-type-simple"},"acf":{"editorial":[{"ID":6158,"post_author":"3","post_date":"2022-07-28 17:46:08","post_date_gmt":"2022-07-28 15:46:08","post_content":"","post_title":"CLARET","post_excerpt":"","post_status":"publish","comment_status":"closed","ping_status":"closed","post_password":"","post_name":"claret","to_ping":"","pinged":"","post_modified":"2022-07-28 17:46:08","post_modified_gmt":"2022-07-28 15:46:08","post_content_filtered":"","post_parent":0,"guid":"http:\/\/dev.claret.cat\/editorial\/claret\/","menu_order":0,"post_type":"editorial","post_mime_type":"","comment_count":"0","filter":"raw"}],"autores-libros":[{"ID":151553,"post_author":"3","post_date":"2022-10-14 14:41:47","post_date_gmt":"2022-10-14 12:41:47","post_content":"","post_title":"BENET XVI","post_excerpt":"","post_status":"publish","comment_status":"closed","ping_status":"closed","post_password":"","post_name":"benet-xvi","to_ping":"","pinged":"","post_modified":"2022-10-14 14:41:47","post_modified_gmt":"2022-10-14 12:41:47","post_content_filtered":"","post_parent":0,"guid":"http:\/\/dev.claret.cat\/autor\/benet-xvi\/","menu_order":0,"post_type":"autor","post_mime_type":"","comment_count":"0","filter":"raw"}],"autor":"BENET XVI","codart":"849846635","libros-coleccion":"DOCUMENTS DEL MAGISTERI","ediciones":"1","encuadernacion":"R\u00fastica","fecha_de_publicacion":"14\/12\/2011","novedad":"0","paginas":"133","subtitulo":"EXHORTACI\u00d3 APOST\u00d2LICA POSTSINODAL","orden":"999","portada":"0","idioma":"cat"},"aioseo_notices":[],"_links":{"self":[{"href":"https:\/\/www.claret.cat\/es\/wp-json\/wp\/v2\/product\/368034","targetHints":{"allow":["GET"]}}],"collection":[{"href":"https:\/\/www.claret.cat\/es\/wp-json\/wp\/v2\/product"}],"about":[{"href":"https:\/\/www.claret.cat\/es\/wp-json\/wp\/v2\/types\/product"}],"wp:featuredmedia":[{"embeddable":true,"href":"https:\/\/www.claret.cat\/es\/wp-json\/wp\/v2\/media\/386404"}],"wp:attachment":[{"href":"https:\/\/www.claret.cat\/es\/wp-json\/wp\/v2\/media?parent=368034"}],"wp:term":[{"taxonomy":"product_brand","embeddable":true,"href":"https:\/\/www.claret.cat\/es\/wp-json\/wp\/v2\/product_brand?post=368034"},{"taxonomy":"product_cat","embeddable":true,"href":"https:\/\/www.claret.cat\/es\/wp-json\/wp\/v2\/product_cat?post=368034"},{"taxonomy":"product_tag","embeddable":true,"href":"https:\/\/www.claret.cat\/es\/wp-json\/wp\/v2\/product_tag?post=368034"}],"curies":[{"name":"wp","href":"https:\/\/api.w.org\/{rel}","templated":true}]}}

EL COMPROMÍS DE L&#8217;ÀFRICA &#8211; AFRICA MUNUS

<p>Exhortació apostòlica postsinodal Africae munus als bisbes, al clergat, a les persones consagrades i als fidels laics sobre l’Església a l’Àfrica al servei de la reconciliació, la justícia i la pau.<br />El papa Benet XVI va convocar una segona Assemblea especial per a l’Àfrica del Sínode dels Bisbes, celebrada del 4 al 25 d’octubre de 2009 al Vaticà. El compromís de l’Àfrica amb el Senyor Jesús és un tresor preciós que el papa Benet XVI confia en aquest començament del tercer mil·leni als bisbes, als preveres, als diaques permanents, a les persones consagrades, als catequistes i als laics d’aquest continent i de les illes veïnes.</p>

Rústica

EXHORTACIÓ APOSTÒLICA POSTSINODAL
