{"id":368144,"date":"2023-01-15T22:52:15","date_gmt":"2023-01-15T21:52:15","guid":{"rendered":"https:\/\/www.claret.cat\/llibre\/deu-amb-nosaltres-9788498466799\/"},"modified":"2026-01-21T11:11:41","modified_gmt":"2026-01-21T10:11:41","slug":"deu-amb-nosaltres-9788498466799","status":"publish","type":"product","link":"https:\/\/www.claret.cat\/es\/libro\/deu-amb-nosaltres-9788498466799\/","title":{"rendered":"D\u00c9U AMB NOSALTRES"},"content":{"rendered":"<p>El contingut del llibre \u00e9s molt senzill. Per cada dia d&#8217;Advent i Nadal trobar\u00e0s un fragment de l&#8217;Escriptura acompanyat d&#8217;uns punts perqu\u00e8 ajudin a la meditaci\u00f3 o la contemplaci\u00f3 del text. Al final del llibre trobar\u00e0s tamb\u00e9 la proposta d&#8217;un rec\u00e9s per aquest Advent.<\/p>\n","protected":false},"excerpt":{"rendered":"<p>PREGARIA.CAT<\/p>\n","protected":false},"featured_media":1075458,"template":"","meta":{"_acf_changed":false,"om_disable_all_campaigns":false,"rs_blank_template":"","rs_page_bg_color":"","slide_template_v7":"","inline_featured_image":false,"_monsterinsights_skip_tracking":false,"_monsterinsights_sitenote_active":false,"_monsterinsights_sitenote_note":"","_monsterinsights_sitenote_category":0},"product_brand":[],"product_cat":[581,346,80,78,344],"product_tag":[],"class_list":{"0":"post-368144","1":"product","2":"type-product","3":"status-publish","4":"has-post-thumbnail","6":"product_cat-editorial-claret","7":"product_cat-libros-liturgia","8":"product_cat-liturgia","9":"product_cat-pastoral","10":"product_cat-pastoral-1_espiritualidad","12":"first","13":"instock","14":"taxable","15":"shipping-taxable","16":"purchasable","17":"product-type-simple"},"acf":{"editorial":[{"ID":6158,"post_author":"3","post_date":"2022-07-28 17:46:08","post_date_gmt":"2022-07-28 15:46:08","post_content":"","post_title":"CLARET","post_excerpt":"","post_status":"publish","comment_status":"closed","ping_status":"closed","post_password":"","post_name":"claret","to_ping":"","pinged":"","post_modified":"2022-07-28 17:46:08","post_modified_gmt":"2022-07-28 15:46:08","post_content_filtered":"","post_parent":0,"guid":"http:\/\/dev.claret.cat\/editorial\/claret\/","menu_order":0,"post_type":"editorial","post_mime_type":"","comment_count":"0","filter":"raw"}],"autores-libros":[{"ID":271647,"post_author":"3","post_date":"2022-12-09 03:38:18","post_date_gmt":"2022-12-09 02:38:18","post_content":"","post_title":"PREGARIA.CAT","post_excerpt":"","post_status":"publish","comment_status":"closed","ping_status":"closed","post_password":"","post_name":"pregaria-cat","to_ping":"","pinged":"","post_modified":"2022-12-09 03:38:18","post_modified_gmt":"2022-12-09 02:38:18","post_content_filtered":"","post_parent":0,"guid":"http:\/\/dev.claret.cat\/autor\/pregaria-cat\/","menu_order":0,"post_type":"autor","post_mime_type":"","comment_count":"0","filter":"raw"}],"autor":"PREGARIA.CAT","codart":"849846679","libros-coleccion":"","ediciones":"1","encuadernacion":"R\u00fastica","fecha_de_publicacion":"21\/11\/2012","novedad":"0","paginas":"98","subtitulo":"RECURSOS DE PREG\u00c0RIA ADVENT-NADAL","orden":"999","portada":"0","idioma":"cat","booktrailer":"","resenas":""},"aioseo_notices":[],"_links":{"self":[{"href":"https:\/\/www.claret.cat\/es\/wp-json\/wp\/v2\/product\/368144","targetHints":{"allow":["GET"]}}],"collection":[{"href":"https:\/\/www.claret.cat\/es\/wp-json\/wp\/v2\/product"}],"about":[{"href":"https:\/\/www.claret.cat\/es\/wp-json\/wp\/v2\/types\/product"}],"wp:featuredmedia":[{"embeddable":true,"href":"https:\/\/www.claret.cat\/es\/wp-json\/wp\/v2\/media\/1075458"}],"wp:attachment":[{"href":"https:\/\/www.claret.cat\/es\/wp-json\/wp\/v2\/media?parent=368144"}],"wp:term":[{"taxonomy":"product_brand","embeddable":true,"href":"https:\/\/www.claret.cat\/es\/wp-json\/wp\/v2\/product_brand?post=368144"},{"taxonomy":"product_cat","embeddable":true,"href":"https:\/\/www.claret.cat\/es\/wp-json\/wp\/v2\/product_cat?post=368144"},{"taxonomy":"product_tag","embeddable":true,"href":"https:\/\/www.claret.cat\/es\/wp-json\/wp\/v2\/product_tag?post=368144"}],"curies":[{"name":"wp","href":"https:\/\/api.w.org\/{rel}","templated":true}]}}

DÉU AMB NOSALTRES

<p>El contingut del llibre és molt senzill. Per cada dia d&#8217;Advent i Nadal trobaràs un fragment de l&#8217;Escriptura acompanyat d&#8217;uns punts perquè ajudin a la meditació o la contemplació del text. Al final del llibre trobaràs també la proposta d&#8217;un recés per aquest Advent.</p>

Rústica

RECURSOS DE PREGÀRIA ADVENT-NADAL
