{"id":369234,"date":"2023-01-16T01:06:07","date_gmt":"2023-01-16T00:06:07","guid":{"rendered":"https:\/\/www.claret.cat\/llibre\/la-busqueda-de-la-armonia-en-la-diversidad-9788499450810\/"},"modified":"2024-07-17T12:36:17","modified_gmt":"2024-07-17T10:36:17","slug":"la-busqueda-de-la-armonia-en-la-diversidad-9788499450810","status":"publish","type":"product","link":"https:\/\/www.claret.cat\/es\/libro\/la-busqueda-de-la-armonia-en-la-diversidad-9788499450810\/","title":{"rendered":"LA B\u00daSQUEDA DE LA ARMON\u00cdA EN LA DIVERSIDAD"},"content":{"rendered":"","protected":false},"excerpt":{"rendered":"<p>P\u00c9REZ PRIETO, VICTORINO<\/p>\n","protected":false},"featured_media":975401,"template":"","meta":{"_acf_changed":false,"om_disable_all_campaigns":false,"rs_blank_template":"","rs_page_bg_color":"","slide_template_v7":"","inline_featured_image":false,"_monsterinsights_skip_tracking":false,"_monsterinsights_sitenote_active":false,"_monsterinsights_sitenote_note":"","_monsterinsights_sitenote_category":0},"product_brand":[],"product_cat":[544,94],"product_tag":[],"class_list":{"0":"post-369234","1":"product","2":"type-product","3":"status-publish","4":"has-post-thumbnail","6":"product_cat-religiones","7":"product_cat-religions","9":"first","10":"instock","11":"taxable","12":"shipping-taxable","13":"purchasable","14":"product-type-simple"},"acf":{"editorial":[{"ID":6390,"post_author":"3","post_date":"2022-07-28 17:51:08","post_date_gmt":"2022-07-28 15:51:08","post_content":"","post_title":"VERBO DIVINO","post_excerpt":"","post_status":"publish","comment_status":"closed","ping_status":"closed","post_password":"","post_name":"verbo-divino","to_ping":"","pinged":"","post_modified":"2022-07-28 17:51:08","post_modified_gmt":"2022-07-28 15:51:08","post_content_filtered":"","post_parent":0,"guid":"http:\/\/dev.claret.cat\/editorial\/verbo-divino\/","menu_order":0,"post_type":"editorial","post_mime_type":"","comment_count":"0","filter":"raw"}],"autores-libros":[{"ID":280939,"post_author":"3","post_date":"2022-12-09 21:52:30","post_date_gmt":"2022-12-09 20:52:30","post_content":"","post_title":"VICTORINO P\u00c9REZ PRIETO","post_excerpt":"","post_status":"publish","comment_status":"closed","ping_status":"closed","post_password":"","post_name":"victorino-perez-prieto","to_ping":"","pinged":"","post_modified":"2022-12-09 21:52:30","post_modified_gmt":"2022-12-09 20:52:30","post_content_filtered":"","post_parent":0,"guid":"http:\/\/dev.claret.cat\/autor\/victorino-perez-prieto\/","menu_order":0,"post_type":"autor","post_mime_type":"","comment_count":"0","filter":"raw"}],"autor":"P\u00c9REZ PRIETO, VICTORINO","codart":"849945081","libros-coleccion":"","ediciones":"1","encuadernacion":"R\u00fastica","fecha_de_publicacion":"11\/04\/2014","novedad":"0","paginas":"208","subtitulo":"EL DI\u00c1LOGO ECUM\u00c9NICO E INTERRELIGIOSO DESDE EL CONCILIO VATICANO II","orden":"999","portada":"0","idioma":"spa"},"aioseo_notices":[],"_links":{"self":[{"href":"https:\/\/www.claret.cat\/es\/wp-json\/wp\/v2\/product\/369234","targetHints":{"allow":["GET"]}}],"collection":[{"href":"https:\/\/www.claret.cat\/es\/wp-json\/wp\/v2\/product"}],"about":[{"href":"https:\/\/www.claret.cat\/es\/wp-json\/wp\/v2\/types\/product"}],"wp:featuredmedia":[{"embeddable":true,"href":"https:\/\/www.claret.cat\/es\/wp-json\/wp\/v2\/media\/975401"}],"wp:attachment":[{"href":"https:\/\/www.claret.cat\/es\/wp-json\/wp\/v2\/media?parent=369234"}],"wp:term":[{"taxonomy":"product_brand","embeddable":true,"href":"https:\/\/www.claret.cat\/es\/wp-json\/wp\/v2\/product_brand?post=369234"},{"taxonomy":"product_cat","embeddable":true,"href":"https:\/\/www.claret.cat\/es\/wp-json\/wp\/v2\/product_cat?post=369234"},{"taxonomy":"product_tag","embeddable":true,"href":"https:\/\/www.claret.cat\/es\/wp-json\/wp\/v2\/product_tag?post=369234"}],"curies":[{"name":"wp","href":"https:\/\/api.w.org\/{rel}","templated":true}]}}

LA BÚSQUEDA DE LA ARMONÍA EN LA DIVERSIDAD

<p>PÉREZ PRIETO, VICTORINO</p>

VICTORINO PÉREZ PRIETO

PÉREZ PRIETO, VICTORINO

Rústica

EL DIÁLOGO ECUMÉNICO E INTERRELIGIOSO DESDE EL CONCILIO VATICANO II
