{"id":369337,"date":"2023-01-16T01:12:53","date_gmt":"2023-01-16T00:12:53","guid":{"rendered":"https:\/\/www.claret.cat\/llibre\/traducciones-arameas-de-la-biblia-ii-exodo-9788499451831\/"},"modified":"2026-01-16T17:45:05","modified_gmt":"2026-01-16T16:45:05","slug":"traducciones-arameas-de-la-biblia-ii-exodo-9788499451831","status":"publish","type":"product","link":"https:\/\/www.claret.cat\/es\/libro\/traducciones-arameas-de-la-biblia-ii-exodo-9788499451831\/","title":{"rendered":"TRADUCCIONES ARAMEAS DE LA BIBLIA II. EXODO"},"content":{"rendered":"","protected":false},"excerpt":{"rendered":"<p>MART\u00cdNEZ S\u00c1IZ, TERESA; P\u00c9REZ FERN\u00c1NDEZ, MIGUEL<\/p>\n","protected":false},"featured_media":373263,"template":"","meta":{"_acf_changed":false,"om_disable_all_campaigns":false,"rs_blank_template":"","rs_page_bg_color":"","slide_template_v7":"","inline_featured_image":false,"_monsterinsights_skip_tracking":false,"_monsterinsights_sitenote_active":false,"_monsterinsights_sitenote_note":"","_monsterinsights_sitenote_category":0},"product_brand":[],"product_cat":[75,341,344,78],"product_tag":[],"class_list":{"0":"post-369337","1":"product","2":"type-product","3":"status-publish","4":"has-post-thumbnail","6":"product_cat-biblia","7":"product_cat-biblia-es","8":"product_cat-pastoral-1_espiritualidad","9":"product_cat-pastoral","11":"first","12":"instock","13":"taxable","14":"shipping-taxable","15":"purchasable","16":"product-type-simple"},"acf":{"editorial":[{"ID":6390,"post_author":"3","post_date":"2022-07-28 17:51:08","post_date_gmt":"2022-07-28 15:51:08","post_content":"","post_title":"VERBO DIVINO","post_excerpt":"","post_status":"publish","comment_status":"closed","ping_status":"closed","post_password":"","post_name":"verbo-divino","to_ping":"","pinged":"","post_modified":"2022-07-28 17:51:08","post_modified_gmt":"2022-07-28 15:51:08","post_content_filtered":"","post_parent":0,"guid":"http:\/\/dev.claret.cat\/editorial\/verbo-divino\/","menu_order":0,"post_type":"editorial","post_mime_type":"","comment_count":"0","filter":"raw"}],"autores-libros":[{"ID":165017,"post_author":"3","post_date":"2022-10-14 17:51:43","post_date_gmt":"2022-10-14 15:51:43","post_content":"","post_title":"MIGUEL PEREZ FERNANDEZ","post_excerpt":"","post_status":"publish","comment_status":"closed","ping_status":"closed","post_password":"","post_name":"miguel-perez-fernandez","to_ping":"","pinged":"","post_modified":"2022-10-14 17:51:43","post_modified_gmt":"2022-10-14 15:51:43","post_content_filtered":"","post_parent":0,"guid":"http:\/\/dev.claret.cat\/autor\/miguel-perez-fernandez\/","menu_order":0,"post_type":"autor","post_mime_type":"","comment_count":"0","filter":"raw"},{"ID":170229,"post_author":"3","post_date":"2022-10-14 22:33:37","post_date_gmt":"2022-10-14 20:33:37","post_content":"","post_title":"TERESA MARTINEZ SAIZ","post_excerpt":"","post_status":"publish","comment_status":"closed","ping_status":"closed","post_password":"","post_name":"teresa-martinez-saiz","to_ping":"","pinged":"","post_modified":"2022-10-14 22:33:37","post_modified_gmt":"2022-10-14 20:33:37","post_content_filtered":"","post_parent":0,"guid":"http:\/\/dev.claret.cat\/autor\/teresa-martinez-saiz\/","menu_order":0,"post_type":"autor","post_mime_type":"","comment_count":"0","filter":"raw"}],"autor":"MART\u00cdNEZ S\u00c1IZ, TERESA; P\u00c9REZ FERN\u00c1NDEZ, MIGUEL","codart":"849945183","libros-coleccion":"","ediciones":"1","encuadernacion":"R\u00fastica","fecha_de_publicacion":"08\/04\/2011","novedad":"0","paginas":"386","subtitulo":"","orden":"999","portada":"0","idioma":"spa","booktrailer":"","resenas":""},"aioseo_notices":[],"_links":{"self":[{"href":"https:\/\/www.claret.cat\/es\/wp-json\/wp\/v2\/product\/369337","targetHints":{"allow":["GET"]}}],"collection":[{"href":"https:\/\/www.claret.cat\/es\/wp-json\/wp\/v2\/product"}],"about":[{"href":"https:\/\/www.claret.cat\/es\/wp-json\/wp\/v2\/types\/product"}],"wp:featuredmedia":[{"embeddable":true,"href":"https:\/\/www.claret.cat\/es\/wp-json\/wp\/v2\/media\/373263"}],"wp:attachment":[{"href":"https:\/\/www.claret.cat\/es\/wp-json\/wp\/v2\/media?parent=369337"}],"wp:term":[{"taxonomy":"product_brand","embeddable":true,"href":"https:\/\/www.claret.cat\/es\/wp-json\/wp\/v2\/product_brand?post=369337"},{"taxonomy":"product_cat","embeddable":true,"href":"https:\/\/www.claret.cat\/es\/wp-json\/wp\/v2\/product_cat?post=369337"},{"taxonomy":"product_tag","embeddable":true,"href":"https:\/\/www.claret.cat\/es\/wp-json\/wp\/v2\/product_tag?post=369337"}],"curies":[{"name":"wp","href":"https:\/\/api.w.org\/{rel}","templated":true}]}}

<p>MARTÍNEZ SÁIZ, TERESA; PÉREZ FERNÁNDEZ, MIGUEL</p>

MARTÍNEZ SÁIZ, TERESA; PÉREZ FERNÁNDEZ, MIGUEL

Rústica
