{"id":370941,"date":"2023-01-17T11:35:24","date_gmt":"2023-01-17T10:35:24","guid":{"rendered":"https:\/\/www.claret.cat\/llibre\/anatomia-del-cristianismo-9788417796761\/"},"modified":"2023-10-06T06:23:12","modified_gmt":"2023-10-06T04:23:12","slug":"anatomia-del-cristianismo-9788417796761","status":"publish","type":"product","link":"https:\/\/www.claret.cat\/es\/libro\/anatomia-del-cristianismo-9788417796761\/","title":{"rendered":"ANATOM\u00cdA DEL CRISTIANISMO"},"content":{"rendered":"<p>A pesar del aire familiar, el cristianismo no es una religi\u00f3n entre otras. Est\u00e1 m\u00e1s pr\u00f3xima del ate\u00edsmo que de una religi\u00f3n al uso (y acaso por eso mismo, sea la respuesta m\u00e1s consistente al desaf\u00edo nihilista). De hecho, podr\u00edamos considerar el ate\u00edsmo actual como un hijo bastardo de la fe que proclama a un abandonado de Dios como Hijo de Dios. Pues esto est\u00e1 muy cerca de decir que no hay Dios.<br \/>La proclamaci\u00f3n de la muerte de Dios fue antes cristiana que nietzscheana. Y es que el Dios que se revela en la cruz es un Dios cuya voluntad fue la de no ser nadie sin la absurda fe del ser humano. De ah\u00ed que el Dios que se revela en el G\u00f3lgota no acabe de encajar con el prejuicio religioso, aquel que sostiene, precisamente, que Dios es con independencia de la fe del hombre. Como escribiera Bonhoeffer, \u00abun Dios que existe no existe como Dios\u00bb. Frente a las espiritualidades oce\u00e1nicas de la actualidad, el cristianismo afirma que Dios no tiene otra entidad que la del cuerpo de un crucificado en su nombre. De ah\u00ed que la cuesti\u00f3n sea en qu\u00e9 sentido a\u00fan podemos tomarnos en serio lo que el creyente espera de Dios.<br \/>Anatom\u00eda del cristianismo es el tercer t\u00edtulo de una trilog\u00eda integrada por Incapaces de Dios (2019) y La parad\u00f3jica realidad de Dios (2020). Cada volumen puede ser le\u00eddo de forma independiente.<\/p>\n","protected":false},"excerpt":{"rendered":"<p>COBO CUCURULL, JOS\u00c9<\/p>\n","protected":false},"featured_media":393844,"template":"","meta":{"_acf_changed":false,"om_disable_all_campaigns":false,"rs_blank_template":"","rs_page_bg_color":"","slide_template_v7":"","inline_featured_image":false,"_monsterinsights_skip_tracking":false,"_monsterinsights_sitenote_active":false,"_monsterinsights_sitenote_note":"","_monsterinsights_sitenote_category":0},"product_brand":[],"product_cat":[442,508],"product_tag":[],"class_list":{"0":"post-370941","1":"product","2":"type-product","3":"status-publish","4":"has-post-thumbnail","6":"product_cat-del-lenguaje","7":"product_cat-misterio-de-dios","9":"first","10":"instock","11":"taxable","12":"shipping-taxable","13":"purchasable","14":"product-type-simple"},"acf":{"editorial":[{"ID":6258,"post_author":"3","post_date":"2022-07-28 17:48:20","post_date_gmt":"2022-07-28 15:48:20","post_content":"","post_title":"FRAGMENTA EDITORIAL","post_excerpt":"","post_status":"publish","comment_status":"closed","ping_status":"closed","post_password":"","post_name":"fragmenta-editorial","to_ping":"","pinged":"","post_modified":"2022-07-28 17:48:20","post_modified_gmt":"2022-07-28 15:48:20","post_content_filtered":"","post_parent":0,"guid":"http:\/\/dev.claret.cat\/editorial\/fragmenta-editorial\/","menu_order":0,"post_type":"editorial","post_mime_type":"","comment_count":"0","filter":"raw"}],"autor":"COBO CUCURULL, JOS\u00c9","codart":"841779676","libros-coleccion":"Fragmentos","ediciones":"1","encuadernacion":"R\u00fastica","fecha_de_publicacion":"17\/01\/2023","novedad":"1","paginas":"250","subtitulo":"","orden":"0","portada":"1","idioma":"spa","autores-libros":[{"ID":160226,"post_author":"3","post_date":"2022-10-14 15:51:19","post_date_gmt":"2022-10-14 13:51:19","post_content":"","post_title":"JOS\u00c9 COBO CUCURULL","post_excerpt":"","post_status":"publish","comment_status":"closed","ping_status":"closed","post_password":"","post_name":"jose-cobo-cucurull","to_ping":"","pinged":"","post_modified":"2022-10-14 15:51:19","post_modified_gmt":"2022-10-14 13:51:19","post_content_filtered":"","post_parent":0,"guid":"http:\/\/dev.claret.cat\/autor\/jose-cobo-cucurull\/","menu_order":0,"post_type":"autor","post_mime_type":"","comment_count":"0","filter":"raw"}]},"aioseo_notices":[],"_links":{"self":[{"href":"https:\/\/www.claret.cat\/es\/wp-json\/wp\/v2\/product\/370941","targetHints":{"allow":["GET"]}}],"collection":[{"href":"https:\/\/www.claret.cat\/es\/wp-json\/wp\/v2\/product"}],"about":[{"href":"https:\/\/www.claret.cat\/es\/wp-json\/wp\/v2\/types\/product"}],"wp:featuredmedia":[{"embeddable":true,"href":"https:\/\/www.claret.cat\/es\/wp-json\/wp\/v2\/media\/393844"}],"wp:attachment":[{"href":"https:\/\/www.claret.cat\/es\/wp-json\/wp\/v2\/media?parent=370941"}],"wp:term":[{"taxonomy":"product_brand","embeddable":true,"href":"https:\/\/www.claret.cat\/es\/wp-json\/wp\/v2\/product_brand?post=370941"},{"taxonomy":"product_cat","embeddable":true,"href":"https:\/\/www.claret.cat\/es\/wp-json\/wp\/v2\/product_cat?post=370941"},{"taxonomy":"product_tag","embeddable":true,"href":"https:\/\/www.claret.cat\/es\/wp-json\/wp\/v2\/product_tag?post=370941"}],"curies":[{"name":"wp","href":"https:\/\/api.w.org\/{rel}","templated":true}]}}

ANATOMÍA DEL CRISTIANISMO

<p>A pesar del aire familiar, el cristianismo no es una religión entre otras. Está más próxima del ateísmo que de una religión al uso (y acaso por eso mismo, sea la respuesta más consistente al desafío nihilista). De hecho, podríamos considerar el ateísmo actual como un hijo bastardo de la fe que proclama a un abandonado de Dios como Hijo de Dios. Pues esto está muy cerca de decir que no hay Dios.<br />La proclamación de la muerte de Dios fue antes cristiana que nietzscheana. Y es que el Dios que se revela en la cruz es un Dios cuya voluntad fue la de no ser nadie sin la absurda fe del ser humano. De ahí que el Dios que se revela en el Gólgota no acabe de encajar con el prejuicio religioso, aquel que sostiene, precisamente, que Dios es con independencia de la fe del hombre. Como escribiera Bonhoeffer, «un Dios que existe no existe como Dios». Frente a las espiritualidades oceánicas de la actualidad, el cristianismo afirma que Dios no tiene otra entidad que la del cuerpo de un crucificado en su nombre. De ahí que la cuestión sea en qué sentido aún podemos tomarnos en serio lo que el creyente espera de Dios.<br />Anatomía del cristianismo es el tercer título de una trilogía integrada por Incapaces de Dios (2019) y La paradójica realidad de Dios (2020). Cada volumen puede ser leído de forma independiente.</p>

<p>COBO CUCURULL, JOSÉ</p>

COBO CUCURULL, JOSÉ

Rústica

JOSÉ COBO CUCURULL
