{"id":371033,"date":"2023-01-17T14:25:03","date_gmt":"2023-01-17T13:25:03","guid":{"rendered":"https:\/\/www.claret.cat\/llibre\/que-es-el-judaismo-9788412452846\/"},"modified":"2025-04-29T10:05:24","modified_gmt":"2025-04-29T08:05:24","slug":"que-es-el-judaismo-9788412452846","status":"publish","type":"product","link":"https:\/\/www.claret.cat\/es\/libro\/que-es-el-judaismo-9788412452846\/","title":{"rendered":"\u00bfQU\u00c9 ES EL JUDAISMO?"},"content":{"rendered":"<p>Hay jud\u00edos ateos y jud\u00edos creyentes, de cabello rojizo y de piel oscura, jud\u00edos israel\u00edes y jud\u00edos de otras naciones, hay un juda\u00edsmo askenaz\u00ed, sefard\u00ed, mizraj\u00ed y falasha, un juda\u00edsmo reformista, ultraortodoxo o reconstruccionista. El juda\u00edsmo no es solo una religi\u00f3n, ni un linaje, ni una naci\u00f3n, \u00bfqu\u00e9 es entonces? En este libro el autor profundiza en la evoluci\u00f3n del juda\u00edsmo desde una perspectiva hist\u00f3rico-cr\u00edtica, partiendo de una \u00e9poca antigua en la que ni siquiera exist\u00eda esa categor\u00eda conceptual, pasando por las etapas en las que los jud\u00edos dejaron de ser un grupo \u00e9tnico y un Estado territorial debido a la dispersi\u00f3n y el proselitismo, hasta la consolidaci\u00f3n del juda\u00edsmo como una religi\u00f3n en el sentido moderno del t\u00e9rmino, como un conjunto de creencias y pr\u00e1cticas rituales, morales y \u00e9ticas vinculadas con lo espiritual y lo divino. Sin conocer el pasado y el presente del juda\u00edsmo no es posible predecir su futuro, pero tampoco comprender los or\u00edgenes del cristianismo ni el islam. El autor reflexiona sobre los v\u00ednculos hist\u00f3ricos y las relaciones entre las tres grandes religiones monote\u00edstas.<\/p>\n","protected":false},"excerpt":{"rendered":"<p>PEDRO GIMENEZ DE ARAGON SIERRA<\/p>\n","protected":false},"featured_media":372104,"template":"","meta":{"_acf_changed":false,"om_disable_all_campaigns":false,"rs_blank_template":"","rs_page_bg_color":"","slide_template_v7":"","inline_featured_image":false,"_monsterinsights_skip_tracking":false,"_monsterinsights_sitenote_active":false,"_monsterinsights_sitenote_note":"","_monsterinsights_sitenote_category":0},"product_brand":[],"product_cat":[544,94],"product_tag":[],"class_list":{"0":"post-371033","1":"product","2":"type-product","3":"status-publish","4":"has-post-thumbnail","6":"product_cat-religiones","7":"product_cat-religions","9":"first","10":"instock","11":"taxable","12":"shipping-taxable","13":"purchasable","14":"product-type-simple"},"acf":{"editorial":[{"ID":148774,"post_author":"3","post_date":"2022-10-14 12:00:52","post_date_gmt":"2022-10-14 10:00:52","post_content":"","post_title":"SALVADOR ANAYA GONZALEZ","post_excerpt":"","post_status":"publish","comment_status":"closed","ping_status":"closed","post_password":"","post_name":"salvador-anaya-gonzalez","to_ping":"","pinged":"","post_modified":"2022-10-14 12:00:52","post_modified_gmt":"2022-10-14 10:00:52","post_content_filtered":"","post_parent":0,"guid":"http:\/\/dev.claret.cat\/editorial\/salvador-anaya-gonzalez\/","menu_order":0,"post_type":"editorial","post_mime_type":"","comment_count":"0","filter":"raw"}],"autor":"PEDRO GIMENEZ DE ARAGON SIERRA","codart":"841245284","libros-coleccion":"","ediciones":"1","encuadernacion":"R\u00fastica","fecha_de_publicacion":"01\/12\/2022","novedad":"1","paginas":"240","subtitulo":"","orden":"0","portada":"0","idioma":"spa","booktrailer":"","resenas":"","autores-libros":[{"ID":427539,"post_author":"3","post_date":"2023-05-16 09:08:08","post_date_gmt":"2023-05-16 07:08:08","post_content":"","post_title":"PEDRO GIMENEZ DE ARAGON SIERRA","post_excerpt":"","post_status":"publish","comment_status":"closed","ping_status":"closed","post_password":"","post_name":"pedro-gimenez-de-aragon-sierra","to_ping":"","pinged":"","post_modified":"2023-05-16 09:08:08","post_modified_gmt":"2023-05-16 07:08:08","post_content_filtered":"","post_parent":0,"guid":"https:\/\/www.claret.cat\/autor\/pedro-gimenez-de-aragon-sierra\/","menu_order":0,"post_type":"autor","post_mime_type":"","comment_count":"0","filter":"raw"}]},"aioseo_notices":[],"_links":{"self":[{"href":"https:\/\/www.claret.cat\/es\/wp-json\/wp\/v2\/product\/371033","targetHints":{"allow":["GET"]}}],"collection":[{"href":"https:\/\/www.claret.cat\/es\/wp-json\/wp\/v2\/product"}],"about":[{"href":"https:\/\/www.claret.cat\/es\/wp-json\/wp\/v2\/types\/product"}],"wp:featuredmedia":[{"embeddable":true,"href":"https:\/\/www.claret.cat\/es\/wp-json\/wp\/v2\/media\/372104"}],"wp:attachment":[{"href":"https:\/\/www.claret.cat\/es\/wp-json\/wp\/v2\/media?parent=371033"}],"wp:term":[{"taxonomy":"product_brand","embeddable":true,"href":"https:\/\/www.claret.cat\/es\/wp-json\/wp\/v2\/product_brand?post=371033"},{"taxonomy":"product_cat","embeddable":true,"href":"https:\/\/www.claret.cat\/es\/wp-json\/wp\/v2\/product_cat?post=371033"},{"taxonomy":"product_tag","embeddable":true,"href":"https:\/\/www.claret.cat\/es\/wp-json\/wp\/v2\/product_tag?post=371033"}],"curies":[{"name":"wp","href":"https:\/\/api.w.org\/{rel}","templated":true}]}}

¿QUÉ ES EL JUDAISMO?

<p>Hay judíos ateos y judíos creyentes, de cabello rojizo y de piel oscura, judíos israelíes y judíos de otras naciones, hay un judaísmo askenazí, sefardí, mizrají y falasha, un judaísmo reformista, ultraortodoxo o reconstruccionista. El judaísmo no es solo una religión, ni un linaje, ni una nación, ¿qué es entonces? En este libro el autor profundiza en la evolución del judaísmo desde una perspectiva histórico-crítica, partiendo de una época antigua en la que ni siquiera existía esa categoría conceptual, pasando por las etapas en las que los judíos dejaron de ser un grupo étnico y un Estado territorial debido a la dispersión y el proselitismo, hasta la consolidación del judaísmo como una religión en el sentido moderno del término, como un conjunto de creencias y prácticas rituales, morales y éticas vinculadas con lo espiritual y lo divino. Sin conocer el pasado y el presente del judaísmo no es posible predecir su futuro, pero tampoco comprender los orígenes del cristianismo ni el islam. El autor reflexiona sobre los vínculos históricos y las relaciones entre las tres grandes religiones monoteístas.</p>

Rústica
