{"id":37303,"date":"2022-10-02T18:33:46","date_gmt":"2022-10-02T16:33:46","guid":{"rendered":"http:\/\/dev.claret.cat\/producte\/el-sagrat-cor-de-jesus-amb-ulls-de-nen\/"},"modified":"2025-03-24T16:05:37","modified_gmt":"2025-03-24T15:05:37","slug":"el-sagrat-cor-de-jesus-amb-ulls-de-nen-9788412480917","status":"publish","type":"product","link":"https:\/\/www.claret.cat\/es\/libro\/el-sagrat-cor-de-jesus-amb-ulls-de-nen-9788412480917\/","title":{"rendered":"EL SAGRAT COR DE JES\u00daS&#8230; AMB ULLS DE NEN"},"content":{"rendered":"<p>Aquesta \u00e9s una devoci\u00f3 que Jes\u00fas mateix ha dit que vol que tinguem. Aix\u00ed aconsegueix Jes\u00fas que entenguem que Ell t\u00e9 un cor molt gran i que ens estima m\u00e9s que ning\u00fa del m\u00f3n.<\/p>\n<p>Jes\u00fas vol que nosaltres li tinguem molta confian\u00e7a i que tamb\u00e9 l&#8217;estimem amb tot el nostre petit cor. I aix\u00ed li tornem amor per amor. Li agrada que li diguem amb freq\u00fc\u00e8ncia Sagrat Cor de Jes\u00fas, en V\u00f3s confio i que li confiem les nostres necessitats i els nostres problemes i tamb\u00e9 els del m\u00f3n sencer. Ell \u00e9s D\u00e9u i ens vol ajudar.<\/p>\n","protected":false},"excerpt":{"rendered":"<p>MANI RIBERA, V\u00cdCTOR<\/p>\n","protected":false},"featured_media":1013435,"template":"","meta":{"_acf_changed":false,"om_disable_all_campaigns":false,"rs_blank_template":"","rs_page_bg_color":"","slide_template_v7":"","inline_featured_image":false,"_monsterinsights_skip_tracking":false,"_monsterinsights_sitenote_active":false,"_monsterinsights_sitenote_note":"","_monsterinsights_sitenote_category":0},"product_brand":[],"product_cat":[496,246],"product_tag":[],"class_list":{"0":"post-37303","1":"product","2":"type-product","3":"status-publish","4":"has-post-thumbnail","6":"product_cat-devocionarios","7":"product_cat-devocionaris","9":"first","10":"outofstock","11":"taxable","12":"shipping-taxable","13":"purchasable","14":"product-type-simple"},"acf":{"autor":"MANI RIBERA, V\u00cdCTOR","codart":"841248091","libros-coleccion":"FORA DE COL.LECCI\u00d3","ediciones":"1","encuadernacion":"Grapado","fecha_de_publicacion":"01\/04\/2022","novedad":"1","paginas":"24","subtitulo":"","orden":"0","portada":"0","idioma":"cat","editorial":[{"ID":147814,"post_author":"3","post_date":"2022-10-14 11:53:25","post_date_gmt":"2022-10-14 09:53:25","post_content":"","post_title":"Ediciones Humanidades","post_excerpt":"","post_status":"publish","comment_status":"closed","ping_status":"closed","post_password":"","post_name":"ediciones-humanidades","to_ping":"","pinged":"","post_modified":"2022-10-14 11:53:25","post_modified_gmt":"2022-10-14 09:53:25","post_content_filtered":"","post_parent":0,"guid":"http:\/\/dev.claret.cat\/editorial\/ediciones-humanidades\/","menu_order":0,"post_type":"editorial","post_mime_type":"","comment_count":"0","filter":"raw"}],"autores-libros":[{"ID":171037,"post_author":"3","post_date":"2022-10-14 22:40:11","post_date_gmt":"2022-10-14 20:40:11","post_content":"","post_title":"V\u00cdCTOR MANI RIBERA","post_excerpt":"","post_status":"publish","comment_status":"closed","ping_status":"closed","post_password":"","post_name":"victor-mani-ribera","to_ping":"","pinged":"","post_modified":"2022-10-14 22:40:11","post_modified_gmt":"2022-10-14 20:40:11","post_content_filtered":"","post_parent":0,"guid":"http:\/\/dev.claret.cat\/autor\/victor-mani-ribera\/","menu_order":0,"post_type":"autor","post_mime_type":"","comment_count":"0","filter":"raw"}]},"aioseo_notices":[],"_links":{"self":[{"href":"https:\/\/www.claret.cat\/es\/wp-json\/wp\/v2\/product\/37303","targetHints":{"allow":["GET"]}}],"collection":[{"href":"https:\/\/www.claret.cat\/es\/wp-json\/wp\/v2\/product"}],"about":[{"href":"https:\/\/www.claret.cat\/es\/wp-json\/wp\/v2\/types\/product"}],"wp:featuredmedia":[{"embeddable":true,"href":"https:\/\/www.claret.cat\/es\/wp-json\/wp\/v2\/media\/1013435"}],"wp:attachment":[{"href":"https:\/\/www.claret.cat\/es\/wp-json\/wp\/v2\/media?parent=37303"}],"wp:term":[{"taxonomy":"product_brand","embeddable":true,"href":"https:\/\/www.claret.cat\/es\/wp-json\/wp\/v2\/product_brand?post=37303"},{"taxonomy":"product_cat","embeddable":true,"href":"https:\/\/www.claret.cat\/es\/wp-json\/wp\/v2\/product_cat?post=37303"},{"taxonomy":"product_tag","embeddable":true,"href":"https:\/\/www.claret.cat\/es\/wp-json\/wp\/v2\/product_tag?post=37303"}],"curies":[{"name":"wp","href":"https:\/\/api.w.org\/{rel}","templated":true}]}}

EL SAGRAT COR DE JESÚS&#8230; AMB ULLS DE NEN

<p>Aquesta és una devoció que Jesús mateix ha dit que vol que tinguem. Així aconsegueix Jesús que entenguem que Ell té un cor molt gran i que ens estima més que ningú del món.</p>
<p>Jesús vol que nosaltres li tinguem molta confiança i que també l&#8217;estimem amb tot el nostre petit cor. I així li tornem amor per amor. Li agrada que li diguem amb freqüència Sagrat Cor de Jesús, en Vós confio i que li confiem les nostres necessitats i els nostres problemes i també els del món sencer. Ell és Déu i ens vol ajudar.</p>

<p>MANI RIBERA, VÍCTOR</p>

MANI RIBERA, VÍCTOR

FORA DE COL.LECCIÓ

VÍCTOR MANI RIBERA
