{"id":373480,"date":"2023-01-19T10:55:04","date_gmt":"2023-01-19T09:55:04","guid":{"rendered":"https:\/\/www.claret.cat\/llibre\/jesus-de-natzaret-iii-la-infancia-de-jesus-9788498467314\/"},"modified":"2026-04-07T13:37:14","modified_gmt":"2026-04-07T11:37:14","slug":"jesus-de-natzaret-iii-la-infancia-de-jesus-9788498467314","status":"publish","type":"product","link":"https:\/\/www.claret.cat\/es\/libro\/jesus-de-natzaret-iii-la-infancia-de-jesus-9788498467314\/","title":{"rendered":"JES\u00daS DE NATZARET III. LA INFANCIA DE JESUS"},"content":{"rendered":"<p>No tingueu por. Un anuncio una bona nova que portar\u00e0 a tot el poble una gran alegria: avui,a la ciutat de David, us ha nascut un salvador, que \u00e9s el Messies, el senyor .Aix\u00f2 us servir\u00e0 de senyal:trobareu un infant faixat amb bolquers i posat en una menjadora.<br \/>Evangeli de lluc , 2,10-12<\/p>\n","protected":false},"excerpt":{"rendered":"<p>JOSEPH RATZINGER, BENET XVI<\/p>\n","protected":false},"featured_media":1095038,"template":"","meta":{"_acf_changed":false,"om_disable_all_campaigns":false,"rs_blank_template":"","rs_page_bg_color":"","slide_template_v7":"","inline_featured_image":false,"_monsterinsights_skip_tracking":false,"_monsterinsights_sitenote_active":false,"_monsterinsights_sitenote_note":"","_monsterinsights_sitenote_category":0},"product_brand":[],"product_cat":[414,276,581],"product_tag":[],"class_list":{"0":"post-373480","1":"product","2":"type-product","3":"status-publish","4":"has-post-thumbnail","6":"product_cat-cristologia-teologia-1_espiritualidad","7":"product_cat-cristologia-teologia","8":"product_cat-editorial-claret","10":"first","11":"outofstock","12":"taxable","13":"shipping-taxable","14":"purchasable","15":"product-type-simple"},"acf":{"editorial":[{"ID":6158,"post_author":"3","post_date":"2022-07-28 17:46:08","post_date_gmt":"2022-07-28 15:46:08","post_content":"","post_title":"CLARET","post_excerpt":"","post_status":"publish","comment_status":"closed","ping_status":"closed","post_password":"","post_name":"claret","to_ping":"","pinged":"","post_modified":"2022-07-28 17:46:08","post_modified_gmt":"2022-07-28 15:46:08","post_content_filtered":"","post_parent":0,"guid":"http:\/\/dev.claret.cat\/editorial\/claret\/","menu_order":0,"post_type":"editorial","post_mime_type":"","comment_count":"0","filter":"raw"}],"autores-libros":[{"ID":328517,"post_author":"3","post_date":"2023-01-11 10:30:10","post_date_gmt":"2023-01-11 09:30:10","post_content":"","post_title":"BENET XVI JOSEPH RATZINGER","post_excerpt":"","post_status":"publish","comment_status":"closed","ping_status":"closed","post_password":"","post_name":"benet-xvi-joseph-ratzinger","to_ping":"","pinged":"","post_modified":"2023-01-11 10:30:10","post_modified_gmt":"2023-01-11 09:30:10","post_content_filtered":"","post_parent":0,"guid":"https:\/\/www.claret.cat\/autor\/benet-xvi-joseph-ratzinger\/","menu_order":0,"post_type":"autor","post_mime_type":"","comment_count":"0","filter":"raw"}],"autor":"JOSEPH RATZINGER, BENET XVI","codart":"849846731","libros-coleccion":"","ediciones":"0","encuadernacion":"Carton\u00e9","fecha_de_publicacion":"11\/01\/2013","novedad":"0","paginas":"114","subtitulo":"LA INF\u00c0NCIA DE JES\u00daS","orden":"999","portada":"0","idioma":"cat","booktrailer":"","resenas":""},"aioseo_notices":[],"_links":{"self":[{"href":"https:\/\/www.claret.cat\/es\/wp-json\/wp\/v2\/product\/373480","targetHints":{"allow":["GET"]}}],"collection":[{"href":"https:\/\/www.claret.cat\/es\/wp-json\/wp\/v2\/product"}],"about":[{"href":"https:\/\/www.claret.cat\/es\/wp-json\/wp\/v2\/types\/product"}],"wp:featuredmedia":[{"embeddable":true,"href":"https:\/\/www.claret.cat\/es\/wp-json\/wp\/v2\/media\/1095038"}],"wp:attachment":[{"href":"https:\/\/www.claret.cat\/es\/wp-json\/wp\/v2\/media?parent=373480"}],"wp:term":[{"taxonomy":"product_brand","embeddable":true,"href":"https:\/\/www.claret.cat\/es\/wp-json\/wp\/v2\/product_brand?post=373480"},{"taxonomy":"product_cat","embeddable":true,"href":"https:\/\/www.claret.cat\/es\/wp-json\/wp\/v2\/product_cat?post=373480"},{"taxonomy":"product_tag","embeddable":true,"href":"https:\/\/www.claret.cat\/es\/wp-json\/wp\/v2\/product_tag?post=373480"}],"curies":[{"name":"wp","href":"https:\/\/api.w.org\/{rel}","templated":true}]}}

JESÚS DE NATZARET III. LA INFANCIA DE JESUS

<p>No tingueu por. Un anuncio una bona nova que portarà a tot el poble una gran alegria: avui,a la ciutat de David, us ha nascut un salvador, que és el Messies, el senyor .Això us servirà de senyal:trobareu un infant faixat amb bolquers i posat en una menjadora.<br />Evangeli de lluc , 2,10-12</p>

Cartoné

LA INFÀNCIA DE JESÚS
