{"id":374548,"date":"2023-01-20T19:50:18","date_gmt":"2023-01-20T18:50:18","guid":{"rendered":"https:\/\/www.claret.cat\/llibre\/ines-y-la-alegria-9788483836019\/"},"modified":"2023-01-28T18:54:48","modified_gmt":"2023-01-28T17:54:48","slug":"ines-y-la-alegria-9788483836019","status":"publish","type":"product","link":"https:\/\/www.claret.cat\/es\/libro\/ines-y-la-alegria-9788483836019\/","title":{"rendered":"INES Y LA ALEGRIA"},"content":{"rendered":"<p>Una historia de amor, y la historia de unos d\u00edas que pudieron cambiar para siempre el destino de Espa\u00f1a.<br \/>Toulouse, verano de 1939. Carmen de Pedro, responsable en Francia de los diezmados comunistas espa\u00f1oles, se cruza con Jes\u00fas Monz\u00f3n, un cargo menor del partido que, sin ella intuirlo, alberga un ambicioso plan. Unos a\u00f1os despu\u00e9s, en 1944, Monz\u00f3n, convertido en su pareja, ha organizado el grupo m\u00e1s disciplinado de la Resistencia contra la ocupaci\u00f3n alemana, prepara la plataforma de la Uni\u00f3n Nacional Espa\u00f1ola y cuenta con un ej\u00e9rcito de hombres dispuestos a invadir Espa\u00f1a. Entre ellos est\u00e1 Gal\u00e1n, que ha combatido en la Agrupaci\u00f3n de Guerrilleros Espa\u00f1oles y que cree, como muchos otros en el oto\u00f1o de 1944, que tras el desembarco aliado y la retirada de los alemanes, es posible establecer un gobierno republicano en Viella. No muy lejos de all\u00ed, In\u00e9s vive recluida y vigilada en casa de su hermano, delegado provincial de Falange en L\u00e9rida. Ha sufrido todas las calamidades desde que, sola en Madrid, apoy\u00f3 la causa republicana durante la guerra, pero ahora, cuando oye a escondidas el anuncio de la operaci\u00f3n Reconquista de Espa\u00f1a en Radio Pirenaica, In\u00e9s se arma de valor, y de secreta alegr\u00eda, para dejar atr\u00e1s los peores a\u00f1os de su vida.<\/p>\n","protected":false},"excerpt":{"rendered":"<p>GRANDES, ALMUDENA<\/p>\n","protected":false},"featured_media":374579,"template":"","meta":{"_acf_changed":false,"om_disable_all_campaigns":false,"rs_blank_template":"","rs_page_bg_color":"","slide_template_v7":"","inline_featured_image":false,"_monsterinsights_skip_tracking":false,"_monsterinsights_sitenote_active":false,"_monsterinsights_sitenote_note":"","_monsterinsights_sitenote_category":0},"product_brand":[],"product_cat":[130,360],"product_tag":[],"class_list":{"0":"post-374548","1":"product","2":"type-product","3":"status-publish","4":"has-post-thumbnail","6":"product_cat-novella-historica-i-ficcio","7":"product_cat-novela-historica-y-ficcion","9":"first","10":"instock","11":"taxable","12":"shipping-taxable","13":"purchasable","14":"product-type-simple"},"acf":{"editorial":[{"ID":262540,"post_author":"3","post_date":"2022-10-24 11:25:43","post_date_gmt":"2022-10-24 09:25:43","post_content":"","post_title":"TUSQUETS EDITORES","post_excerpt":"","post_status":"publish","comment_status":"closed","ping_status":"closed","post_password":"","post_name":"tusquets-editores-3","to_ping":"","pinged":"","post_modified":"2022-10-24 11:25:43","post_modified_gmt":"2022-10-24 09:25:43","post_content_filtered":"","post_parent":0,"guid":"http:\/\/dev.claret.cat\/editorial\/tusquets-editores-3\/","menu_order":0,"post_type":"editorial","post_mime_type":"","comment_count":"0","filter":"raw"}],"autores-libros":[{"ID":149904,"post_author":"3","post_date":"2022-10-14 14:28:37","post_date_gmt":"2022-10-14 12:28:37","post_content":"","post_title":"ALMUDENA GRANDES","post_excerpt":"","post_status":"publish","comment_status":"closed","ping_status":"closed","post_password":"","post_name":"almudena-grandes","to_ping":"","pinged":"","post_modified":"2022-10-14 14:28:37","post_modified_gmt":"2022-10-14 12:28:37","post_content_filtered":"","post_parent":0,"guid":"http:\/\/dev.claret.cat\/autor\/almudena-grandes\/","menu_order":0,"post_type":"autor","post_mime_type":"","comment_count":"0","filter":"raw"}],"autor":"GRANDES, ALMUDENA","codart":"848383601","libros-coleccion":"","ediciones":"1","encuadernacion":"R\u00fastica","fecha_de_publicacion":"08\/03\/2012","novedad":"0","paginas":"736","subtitulo":"","orden":"999","portada":"0","idioma":"spa"},"aioseo_notices":[],"_links":{"self":[{"href":"https:\/\/www.claret.cat\/es\/wp-json\/wp\/v2\/product\/374548","targetHints":{"allow":["GET"]}}],"collection":[{"href":"https:\/\/www.claret.cat\/es\/wp-json\/wp\/v2\/product"}],"about":[{"href":"https:\/\/www.claret.cat\/es\/wp-json\/wp\/v2\/types\/product"}],"wp:featuredmedia":[{"embeddable":true,"href":"https:\/\/www.claret.cat\/es\/wp-json\/wp\/v2\/media\/374579"}],"wp:attachment":[{"href":"https:\/\/www.claret.cat\/es\/wp-json\/wp\/v2\/media?parent=374548"}],"wp:term":[{"taxonomy":"product_brand","embeddable":true,"href":"https:\/\/www.claret.cat\/es\/wp-json\/wp\/v2\/product_brand?post=374548"},{"taxonomy":"product_cat","embeddable":true,"href":"https:\/\/www.claret.cat\/es\/wp-json\/wp\/v2\/product_cat?post=374548"},{"taxonomy":"product_tag","embeddable":true,"href":"https:\/\/www.claret.cat\/es\/wp-json\/wp\/v2\/product_tag?post=374548"}],"curies":[{"name":"wp","href":"https:\/\/api.w.org\/{rel}","templated":true}]}}

<p>Una historia de amor, y la historia de unos días que pudieron cambiar para siempre el destino de España.<br />Toulouse, verano de 1939. Carmen de Pedro, responsable en Francia de los diezmados comunistas españoles, se cruza con Jesús Monzón, un cargo menor del partido que, sin ella intuirlo, alberga un ambicioso plan. Unos años después, en 1944, Monzón, convertido en su pareja, ha organizado el grupo más disciplinado de la Resistencia contra la ocupación alemana, prepara la plataforma de la Unión Nacional Española y cuenta con un ejército de hombres dispuestos a invadir España. Entre ellos está Galán, que ha combatido en la Agrupación de Guerrilleros Españoles y que cree, como muchos otros en el otoño de 1944, que tras el desembarco aliado y la retirada de los alemanes, es posible establecer un gobierno republicano en Viella. No muy lejos de allí, Inés vive recluida y vigilada en casa de su hermano, delegado provincial de Falange en Lérida. Ha sufrido todas las calamidades desde que, sola en Madrid, apoyó la causa republicana durante la guerra, pero ahora, cuando oye a escondidas el anuncio de la operación Reconquista de España en Radio Pirenaica, Inés se arma de valor, y de secreta alegría, para dejar atrás los peores años de su vida.</p>

Rústica
