{"id":374958,"date":"2023-01-23T18:15:08","date_gmt":"2023-01-23T17:15:08","guid":{"rendered":"https:\/\/www.claret.cat\/llibre\/ejercicios-para-ralentizar-el-deterioro-cognitivo-1-9788413791388\/"},"modified":"2025-11-27T20:10:47","modified_gmt":"2025-11-27T19:10:47","slug":"ejercicios-para-ralentizar-el-deterioro-cognitivo-1-9788413791388","status":"publish","type":"product","link":"https:\/\/www.claret.cat\/es\/libro\/ejercicios-para-ralentizar-el-deterioro-cognitivo-1-9788413791388\/","title":{"rendered":"EJERCICIOS PARA RALENTIZAR EL DETERIORO COGNITIVO 1"},"content":{"rendered":"<p>El objetivo fundamental de estas p\u00e1ginas es entrenar y estimular las capacidades mentales conservadas y ralentizar el posible deterioro cognitivo posterior. Los 150 ejercicios que se proponen est\u00e1n agrupados por nivel de dificultad, en funci\u00f3n del tiempo a emplear y de la capacidad de atenci\u00f3n y ejecuci\u00f3n que se necesita para resolverlos. Van acompa\u00f1ados de orientaciones, con el fin de que la persona interesada pueda realizarlos de manera aut\u00f3noma y, al mismo tiempo, sean herramientas \u00fatiles para que familiares y profesionales planteen otros nuevos. Asimismo, se sugieren una serie de ideas y consejos para estimular la mente con actividades habituales de la vida cotidiana.<\/p>\n","protected":false},"excerpt":{"rendered":"<p>OLIVAR NOGUERA , IGNACIO<\/p>\n","protected":false},"featured_media":1068931,"template":"","meta":{"_acf_changed":false,"om_disable_all_campaigns":false,"rs_blank_template":"","rs_page_bg_color":"","slide_template_v7":"","inline_featured_image":false,"_monsterinsights_skip_tracking":false,"_monsterinsights_sitenote_active":false,"_monsterinsights_sitenote_note":"","_monsterinsights_sitenote_category":0},"product_brand":[],"product_cat":[455,192],"product_tag":[],"class_list":{"0":"post-374958","1":"product","2":"type-product","3":"status-publish","4":"has-post-thumbnail","6":"product_cat-de-la-tercera-edad-pedagogia-2_humanidades","7":"product_cat-de-la-tercera-edat","9":"first","10":"outofstock","11":"taxable","12":"shipping-taxable","13":"purchasable","14":"product-type-simple"},"acf":{"editorial":[{"ID":6155,"post_author":"3","post_date":"2022-07-28 17:46:04","post_date_gmt":"2022-07-28 15:46:04","post_content":"","post_title":"Central Catequ\u00edstica Salesiana","post_excerpt":"","post_status":"publish","comment_status":"closed","ping_status":"closed","post_password":"","post_name":"central-catequistica-salesiana","to_ping":"","pinged":"","post_modified":"2022-07-28 17:46:04","post_modified_gmt":"2022-07-28 15:46:04","post_content_filtered":"","post_parent":0,"guid":"http:\/\/dev.claret.cat\/editorial\/central-catequistica-salesiana\/","menu_order":0,"post_type":"editorial","post_mime_type":"","comment_count":"0","filter":"raw"}],"autor":"OLIVAR NOGUERA , IGNACIO","codart":"841379138","libros-coleccion":"Mayores","ediciones":"1","encuadernacion":"R\u00fastica","fecha_de_publicacion":"23\/01\/2023","novedad":"1","paginas":"231","subtitulo":"","orden":"0","portada":"0","idioma":"spa","autores-libros":[{"ID":5548,"post_author":"3","post_date":"2022-07-28 17:26:21","post_date_gmt":"2022-07-28 15:26:21","post_content":"","post_title":"IGNACIO OLIVAR NOGUERA","post_excerpt":"","post_status":"publish","comment_status":"closed","ping_status":"closed","post_password":"","post_name":"ignacio-olivar-noguera","to_ping":"","pinged":"","post_modified":"2022-07-28 17:26:21","post_modified_gmt":"2022-07-28 15:26:21","post_content_filtered":"","post_parent":0,"guid":"http:\/\/dev.claret.cat\/autor\/ignacio-olivar-noguera\/","menu_order":0,"post_type":"autor","post_mime_type":"","comment_count":"0","filter":"raw"}],"booktrailer":"","resenas":""},"aioseo_notices":[],"_links":{"self":[{"href":"https:\/\/www.claret.cat\/es\/wp-json\/wp\/v2\/product\/374958","targetHints":{"allow":["GET"]}}],"collection":[{"href":"https:\/\/www.claret.cat\/es\/wp-json\/wp\/v2\/product"}],"about":[{"href":"https:\/\/www.claret.cat\/es\/wp-json\/wp\/v2\/types\/product"}],"wp:featuredmedia":[{"embeddable":true,"href":"https:\/\/www.claret.cat\/es\/wp-json\/wp\/v2\/media\/1068931"}],"wp:attachment":[{"href":"https:\/\/www.claret.cat\/es\/wp-json\/wp\/v2\/media?parent=374958"}],"wp:term":[{"taxonomy":"product_brand","embeddable":true,"href":"https:\/\/www.claret.cat\/es\/wp-json\/wp\/v2\/product_brand?post=374958"},{"taxonomy":"product_cat","embeddable":true,"href":"https:\/\/www.claret.cat\/es\/wp-json\/wp\/v2\/product_cat?post=374958"},{"taxonomy":"product_tag","embeddable":true,"href":"https:\/\/www.claret.cat\/es\/wp-json\/wp\/v2\/product_tag?post=374958"}],"curies":[{"name":"wp","href":"https:\/\/api.w.org\/{rel}","templated":true}]}}

<p>El objetivo fundamental de estas páginas es entrenar y estimular las capacidades mentales conservadas y ralentizar el posible deterioro cognitivo posterior. Los 150 ejercicios que se proponen están agrupados por nivel de dificultad, en función del tiempo a emplear y de la capacidad de atención y ejecución que se necesita para resolverlos. Van acompañados de orientaciones, con el fin de que la persona interesada pueda realizarlos de manera autónoma y, al mismo tiempo, sean herramientas útiles para que familiares y profesionales planteen otros nuevos. Asimismo, se sugieren una serie de ideas y consejos para estimular la mente con actividades habituales de la vida cotidiana.</p>

Central Catequística Salesiana

Rústica
