{"id":375550,"date":"2023-01-24T19:11:26","date_gmt":"2023-01-24T18:11:26","guid":{"rendered":"https:\/\/www.claret.cat\/llibre\/amerigo-9788418858406\/"},"modified":"2023-10-06T06:46:10","modified_gmt":"2023-10-06T04:46:10","slug":"amerigo-9788418858406","status":"publish","type":"product","link":"https:\/\/www.claret.cat\/es\/libro\/amerigo-9788418858406\/","title":{"rendered":"AMERIGO"},"content":{"rendered":"<p>Am\u00e8rica es diu \u00abAm\u00e8rica\u00bb per culpa d&#8217;un embull de mil dimonis fet de casualitats, errors i malentesos: la hist\u00f2ria d&#8217;un home, Amerigo Vespucci, qui, per un viatge que no havia fet mai ni mai va afirmar que hagu\u00e9s fet, va assolir la immensa gl\u00f2ria que el seu nom arrib\u00e9s a ser el d&#8217;un continent. Alguns han absolt Vespucci d&#8217;haver usurpat aquest honor, d&#8217;altres l&#8217;han condemnat a la vergonya eterna. En quin dels dos camps hi ha la veritat o, diguem-ho amb m\u00e9s cautela, la m\u00e0xima versemblan\u00e7a?<\/p>\n<p> Stefan Zweig, poeta, dramaturg, novel\u00b7lista, assagista i bi\u00f2graf nascut a Viena el 1881. \u00c9s un dels m\u00e9s grans escriptors del segle XX. Exiliat al Brasil, va morir a Petr\u00f3polis el 1942. De la seva extensa obra, a Edicions de 1984 hem publicat El viatge al passat i Els prodigis de la vida.<\/p>\n","protected":false},"excerpt":{"rendered":"<p>ZWEIG, STEFAN<\/p>\n","protected":false},"featured_media":391734,"template":"","meta":{"_acf_changed":false,"om_disable_all_campaigns":false,"rs_blank_template":"","rs_page_bg_color":"","slide_template_v7":"","inline_featured_image":false,"_monsterinsights_skip_tracking":false,"_monsterinsights_sitenote_active":false,"_monsterinsights_sitenote_note":"","_monsterinsights_sitenote_category":0},"product_brand":[],"product_cat":[123,157],"product_tag":[],"class_list":{"0":"post-375550","1":"product","2":"type-product","3":"status-publish","4":"has-post-thumbnail","6":"product_cat-classica","7":"product_cat-investigacio-i-corrents","9":"first","10":"instock","11":"taxable","12":"shipping-taxable","13":"purchasable","14":"product-type-simple"},"acf":{"editorial":[{"ID":6211,"post_author":"3","post_date":"2022-07-28 17:47:15","post_date_gmt":"2022-07-28 15:47:15","post_content":"","post_title":"EDICIONS DE 1984","post_excerpt":"","post_status":"publish","comment_status":"closed","ping_status":"closed","post_password":"","post_name":"edicions-de-1984","to_ping":"","pinged":"","post_modified":"2022-07-28 17:47:15","post_modified_gmt":"2022-07-28 15:47:15","post_content_filtered":"","post_parent":0,"guid":"http:\/\/dev.claret.cat\/editorial\/edicions-de-1984\/","menu_order":0,"post_type":"editorial","post_mime_type":"","comment_count":"0","filter":"raw"}],"autor":"ZWEIG, STEFAN","codart":"841885840","libros-coleccion":"Inc\u00eds","ediciones":"1","encuadernacion":"R\u00fastica","fecha_de_publicacion":"01\/12\/2022","novedad":"1","paginas":"126","subtitulo":"LA CR\u00d2NICA D'UN ERROR HIST\u00d2RIC","orden":"0","portada":"0","idioma":"cat","autores-libros":[{"ID":6043,"post_author":"3","post_date":"2022-07-28 17:36:56","post_date_gmt":"2022-07-28 15:36:56","post_content":"","post_title":"STEFAN ZWEIG","post_excerpt":"","post_status":"publish","comment_status":"closed","ping_status":"closed","post_password":"","post_name":"stefan-zweig","to_ping":"","pinged":"","post_modified":"2022-07-28 17:36:56","post_modified_gmt":"2022-07-28 15:36:56","post_content_filtered":"","post_parent":0,"guid":"http:\/\/dev.claret.cat\/autor\/stefan-zweig\/","menu_order":0,"post_type":"autor","post_mime_type":"","comment_count":"0","filter":"raw"}]},"aioseo_notices":[],"_links":{"self":[{"href":"https:\/\/www.claret.cat\/es\/wp-json\/wp\/v2\/product\/375550","targetHints":{"allow":["GET"]}}],"collection":[{"href":"https:\/\/www.claret.cat\/es\/wp-json\/wp\/v2\/product"}],"about":[{"href":"https:\/\/www.claret.cat\/es\/wp-json\/wp\/v2\/types\/product"}],"wp:featuredmedia":[{"embeddable":true,"href":"https:\/\/www.claret.cat\/es\/wp-json\/wp\/v2\/media\/391734"}],"wp:attachment":[{"href":"https:\/\/www.claret.cat\/es\/wp-json\/wp\/v2\/media?parent=375550"}],"wp:term":[{"taxonomy":"product_brand","embeddable":true,"href":"https:\/\/www.claret.cat\/es\/wp-json\/wp\/v2\/product_brand?post=375550"},{"taxonomy":"product_cat","embeddable":true,"href":"https:\/\/www.claret.cat\/es\/wp-json\/wp\/v2\/product_cat?post=375550"},{"taxonomy":"product_tag","embeddable":true,"href":"https:\/\/www.claret.cat\/es\/wp-json\/wp\/v2\/product_tag?post=375550"}],"curies":[{"name":"wp","href":"https:\/\/api.w.org\/{rel}","templated":true}]}}

<p>Amèrica es diu «Amèrica» per culpa d&#8217;un embull de mil dimonis fet de casualitats, errors i malentesos: la història d&#8217;un home, Amerigo Vespucci, qui, per un viatge que no havia fet mai ni mai va afirmar que hagués fet, va assolir la immensa glòria que el seu nom arribés a ser el d&#8217;un continent. Alguns han absolt Vespucci d&#8217;haver usurpat aquest honor, d&#8217;altres l&#8217;han condemnat a la vergonya eterna. En quin dels dos camps hi ha la veritat o, diguem-ho amb més cautela, la màxima versemblança?</p>
<p> Stefan Zweig, poeta, dramaturg, novel·lista, assagista i biògraf nascut a Viena el 1881. És un dels més grans escriptors del segle XX. Exiliat al Brasil, va morir a Petrópolis el 1942. De la seva extensa obra, a Edicions de 1984 hem publicat El viatge al passat i Els prodigis de la vida.</p>

Incís

Rústica

LA CRÒNICA D'UN ERROR HISTÒRIC
