{"id":37847,"date":"2022-10-02T18:42:28","date_gmt":"2022-10-02T16:42:28","guid":{"rendered":"http:\/\/dev.claret.cat\/producte\/gracias-vida\/"},"modified":"2023-10-06T09:30:14","modified_gmt":"2023-10-06T07:30:14","slug":"gracias-vida-9788418820489","status":"publish","type":"product","link":"https:\/\/www.claret.cat\/es\/libro\/gracias-vida-9788418820489\/","title":{"rendered":"GRACIAS, VIDA"},"content":{"rendered":"<p>Luc\u00eda Be regresa para cerrar un ciclo y nos regala un libro inspirador sobre c\u00f3mo superar las pruebas m\u00e1s duras de la vida. Escuchamos la voz de una mujer emprendedora y madre de familia que mira hacia el futuro con optimismo pese a tener que afrontar los estragos de una gran p\u00e9rdida.<br \/> Tras el fallecimiento reciente de su pareja, el poeta Miki Naranja, a causa de un tumor cerebral, el mundo se le vino abajo. Despu\u00e9s de unos meses de silencio, Luc\u00eda se ha reinventado, ha cambiado de ciudad y se aferra con fuerza a su familia y a sus pasiones, buscando la alegr\u00eda y contagiando sus ganas de vivir.<\/p>\n","protected":false},"excerpt":{"rendered":"<p>BENAVENTE, LUC\u00cdA<\/p>\n","protected":false},"featured_media":55019,"template":"","meta":{"_acf_changed":false,"om_disable_all_campaigns":false,"rs_blank_template":"","rs_page_bg_color":"","slide_template_v7":"","inline_featured_image":false,"_monsterinsights_skip_tracking":false,"_monsterinsights_sitenote_active":false,"_monsterinsights_sitenote_note":"","_monsterinsights_sitenote_category":0},"product_brand":[],"product_cat":[565,555],"product_tag":[],"class_list":{"0":"post-37847","1":"product","2":"type-product","3":"status-publish","4":"has-post-thumbnail","6":"product_cat-influencers-3_infantil-juvenil-spa-spa","7":"product_cat-regalo","9":"first","10":"instock","11":"taxable","12":"shipping-taxable","13":"purchasable","14":"product-type-simple"},"acf":{"autor":"BENAVENTE, LUC\u00cdA","codart":"841882048","libros-coleccion":"Ilustraci\u00f3n","ediciones":"1","encuadernacion":"Carton\u00e9","fecha_de_publicacion":"01\/04\/2022","novedad":"1","paginas":"175","subtitulo":"\u00bfY QU\u00c9 HACEMOS AHORA? SEGUIR BAILANDO","orden":"0","portada":"0","idioma":"spa","editorial":[{"ID":148476,"post_author":"3","post_date":"2022-10-14 11:58:32","post_date_gmt":"2022-10-14 09:58:32","post_content":"","post_title":"Lunwerg Editores","post_excerpt":"","post_status":"publish","comment_status":"closed","ping_status":"closed","post_password":"","post_name":"lunwerg-editores","to_ping":"","pinged":"","post_modified":"2022-10-14 11:58:32","post_modified_gmt":"2022-10-14 09:58:32","post_content_filtered":"","post_parent":0,"guid":"http:\/\/dev.claret.cat\/editorial\/lunwerg-editores\/","menu_order":0,"post_type":"editorial","post_mime_type":"","comment_count":"0","filter":"raw"}],"autores-libros":[{"ID":162577,"post_author":"3","post_date":"2022-10-14 17:32:07","post_date_gmt":"2022-10-14 15:32:07","post_content":"","post_title":"LUC\u00cdA BENAVENTE","post_excerpt":"","post_status":"publish","comment_status":"closed","ping_status":"closed","post_password":"","post_name":"lucia-benavente","to_ping":"","pinged":"","post_modified":"2022-10-14 17:32:07","post_modified_gmt":"2022-10-14 15:32:07","post_content_filtered":"","post_parent":0,"guid":"http:\/\/dev.claret.cat\/autor\/lucia-benavente\/","menu_order":0,"post_type":"autor","post_mime_type":"","comment_count":"0","filter":"raw"}]},"aioseo_notices":[],"_links":{"self":[{"href":"https:\/\/www.claret.cat\/es\/wp-json\/wp\/v2\/product\/37847","targetHints":{"allow":["GET"]}}],"collection":[{"href":"https:\/\/www.claret.cat\/es\/wp-json\/wp\/v2\/product"}],"about":[{"href":"https:\/\/www.claret.cat\/es\/wp-json\/wp\/v2\/types\/product"}],"wp:featuredmedia":[{"embeddable":true,"href":"https:\/\/www.claret.cat\/es\/wp-json\/wp\/v2\/media\/55019"}],"wp:attachment":[{"href":"https:\/\/www.claret.cat\/es\/wp-json\/wp\/v2\/media?parent=37847"}],"wp:term":[{"taxonomy":"product_brand","embeddable":true,"href":"https:\/\/www.claret.cat\/es\/wp-json\/wp\/v2\/product_brand?post=37847"},{"taxonomy":"product_cat","embeddable":true,"href":"https:\/\/www.claret.cat\/es\/wp-json\/wp\/v2\/product_cat?post=37847"},{"taxonomy":"product_tag","embeddable":true,"href":"https:\/\/www.claret.cat\/es\/wp-json\/wp\/v2\/product_tag?post=37847"}],"curies":[{"name":"wp","href":"https:\/\/api.w.org\/{rel}","templated":true}]}}

<p>Lucía Be regresa para cerrar un ciclo y nos regala un libro inspirador sobre cómo superar las pruebas más duras de la vida. Escuchamos la voz de una mujer emprendedora y madre de familia que mira hacia el futuro con optimismo pese a tener que afrontar los estragos de una gran pérdida.<br /> Tras el fallecimiento reciente de su pareja, el poeta Miki Naranja, a causa de un tumor cerebral, el mundo se le vino abajo. Después de unos meses de silencio, Lucía se ha reinventado, ha cambiado de ciudad y se aferra con fuerza a su familia y a sus pasiones, buscando la alegría y contagiando sus ganas de vivir.</p>

<p>BENAVENTE, LUCÍA</p>

BENAVENTE, LUCÍA

Ilustración

Cartoné

¿Y QUÉ HACEMOS AHORA? SEGUIR BAILANDO

LUCÍA BENAVENTE
