{"id":378879,"date":"2023-02-02T11:26:17","date_gmt":"2023-02-02T10:26:17","guid":{"rendered":"https:\/\/www.claret.cat\/llibre\/planeta-manga-no-16-9788411404297\/"},"modified":"2023-10-06T06:34:56","modified_gmt":"2023-10-06T04:34:56","slug":"planeta-manga-no-16-9788411404297","status":"publish","type":"product","link":"https:\/\/www.claret.cat\/es\/libro\/planeta-manga-no-16-9788411404297\/","title":{"rendered":"PLANETA MANGA N\u00ba 16"},"content":{"rendered":"<p>En portada \u201cKrymsoul\u201d, \u00a1la nueva serie de Xgreen!\u00a0Vuelve a Planeta Manga con \u2018Mi gato es un shinigami&#8221; Maria Dresden con el guion de Blanca Mira y, adem\u00e1s, podr\u00e9is disfrutar del desenlace de \u2018Udumbara&#8221; de Keithii. <br \/> \u00a1Y no os olvid\u00e9is que habr\u00e1 nuevos cap\u00edtulos de vuestras series favoritas! \u2018Perfeddion&#8221; de Dani Berm\u00fadez y Fidel del Tovar, \u2018Gryphoon&#8221; de Luis Montes, \u2018Nebesta&#8221; de Vanesa Figal y Konata, \u2018Flashlight&#8221; de Sara Lozoya, \u2018Kohva&#8221; de Konata, \u2018Limbo&#8221; de Ana C. S\u00e1nchez y\u2026 \u00a1\u00faltimo cap\u00edtulo de \u2018Backhome&#8221; de Toni Caballero y Sergio Hern\u00e1ndez!<br \/> \u00a1Todav\u00eda hay m\u00e1s contenidos! Una incre\u00edble ilustraci\u00f3n de criischan y Konata, el entra\u00f1able Pig\u00fci de Santi Casas, una entrevista realizada por Umaru Chan, la cosplayer Lune Dark Wolf nos ense\u00f1ar\u00e1 c\u00f3mo confeccionar un cosplay y Cucu desentra\u00f1ar\u00e1 todas las curiosidades que esconden las obras de Planeta Manga.<\/p>\n","protected":false},"excerpt":{"rendered":"<p>AA. VV.<\/p>\n","protected":false},"featured_media":586882,"template":"","meta":{"_acf_changed":false,"om_disable_all_campaigns":false,"rs_blank_template":"","rs_page_bg_color":"","slide_template_v7":"","inline_featured_image":false,"_monsterinsights_skip_tracking":false,"_monsterinsights_sitenote_active":false,"_monsterinsights_sitenote_note":"","_monsterinsights_sitenote_category":0},"product_brand":[],"product_cat":[558,364,362,363],"product_tag":[],"class_list":{"0":"post-378879","1":"product","2":"type-product","3":"status-publish","4":"has-post-thumbnail","6":"product_cat-comic-3_infantil-juvenil-spa-spa","7":"product_cat-comics-infantil-3_infantil-juvenil-spa","8":"product_cat-libros-preadolescentes-6-12-anos","9":"product_cat-lecturas-por-adolescentes-12-18-anos","11":"first","12":"instock","13":"taxable","14":"shipping-taxable","15":"purchasable","16":"product-type-simple"},"acf":{"editorial":[{"ID":148674,"post_author":"3","post_date":"2022-10-14 12:00:06","post_date_gmt":"2022-10-14 10:00:06","post_content":"","post_title":"Planeta C\u00f3mic","post_excerpt":"","post_status":"publish","comment_status":"closed","ping_status":"closed","post_password":"","post_name":"planeta-comic","to_ping":"","pinged":"","post_modified":"2022-10-14 12:00:06","post_modified_gmt":"2022-10-14 10:00:06","post_content_filtered":"","post_parent":0,"guid":"http:\/\/dev.claret.cat\/editorial\/planeta-comic\/","menu_order":0,"post_type":"editorial","post_mime_type":"","comment_count":"0","filter":"raw"}],"autores-libros":[{"ID":5197,"post_author":"3","post_date":"2022-07-28 17:16:51","post_date_gmt":"2022-07-28 15:16:51","post_content":"","post_title":"AA. VV.","post_excerpt":"","post_status":"publish","comment_status":"closed","ping_status":"closed","post_password":"","post_name":"aa-vv","to_ping":"","pinged":"","post_modified":"2022-07-28 17:16:51","post_modified_gmt":"2022-07-28 15:16:51","post_content_filtered":"","post_parent":0,"guid":"http:\/\/dev.claret.cat\/autor\/aa-vv\/","menu_order":0,"post_type":"autor","post_mime_type":"","comment_count":"0","filter":"raw"}],"autor":"AA. VV.","codart":"841140429","libros-coleccion":"","ediciones":"1","encuadernacion":"R\u00fastica","fecha_de_publicacion":"01\/01\/2023","novedad":"1","paginas":"312","subtitulo":"","orden":"0","portada":"0","idioma":"spa"},"aioseo_notices":[],"_links":{"self":[{"href":"https:\/\/www.claret.cat\/es\/wp-json\/wp\/v2\/product\/378879","targetHints":{"allow":["GET"]}}],"collection":[{"href":"https:\/\/www.claret.cat\/es\/wp-json\/wp\/v2\/product"}],"about":[{"href":"https:\/\/www.claret.cat\/es\/wp-json\/wp\/v2\/types\/product"}],"wp:featuredmedia":[{"embeddable":true,"href":"https:\/\/www.claret.cat\/es\/wp-json\/wp\/v2\/media\/586882"}],"wp:attachment":[{"href":"https:\/\/www.claret.cat\/es\/wp-json\/wp\/v2\/media?parent=378879"}],"wp:term":[{"taxonomy":"product_brand","embeddable":true,"href":"https:\/\/www.claret.cat\/es\/wp-json\/wp\/v2\/product_brand?post=378879"},{"taxonomy":"product_cat","embeddable":true,"href":"https:\/\/www.claret.cat\/es\/wp-json\/wp\/v2\/product_cat?post=378879"},{"taxonomy":"product_tag","embeddable":true,"href":"https:\/\/www.claret.cat\/es\/wp-json\/wp\/v2\/product_tag?post=378879"}],"curies":[{"name":"wp","href":"https:\/\/api.w.org\/{rel}","templated":true}]}}

PLANETA MANGA Nº 16

<p>En portada “Krymsoul”, ¡la nueva serie de Xgreen! Vuelve a Planeta Manga con ‘Mi gato es un shinigami&#8221; Maria Dresden con el guion de Blanca Mira y, además, podréis disfrutar del desenlace de ‘Udumbara&#8221; de Keithii. <br /> ¡Y no os olvidéis que habrá nuevos capítulos de vuestras series favoritas! ‘Perfeddion&#8221; de Dani Bermúdez y Fidel del Tovar, ‘Gryphoon&#8221; de Luis Montes, ‘Nebesta&#8221; de Vanesa Figal y Konata, ‘Flashlight&#8221; de Sara Lozoya, ‘Kohva&#8221; de Konata, ‘Limbo&#8221; de Ana C. Sánchez y… ¡último capítulo de ‘Backhome&#8221; de Toni Caballero y Sergio Hernández!<br /> ¡Todavía hay más contenidos! Una increíble ilustración de criischan y Konata, el entrañable Pigüi de Santi Casas, una entrevista realizada por Umaru Chan, la cosplayer Lune Dark Wolf nos enseñará cómo confeccionar un cosplay y Cucu desentrañará todas las curiosidades que esconden las obras de Planeta Manga.</p>

Planeta Cómic

Rústica
