{"id":38126,"date":"2022-10-02T18:46:49","date_gmt":"2022-10-02T16:46:49","guid":{"rendered":"http:\/\/dev.claret.cat\/producte\/una-vida-aceptable\/"},"modified":"2023-10-06T09:50:48","modified_gmt":"2023-10-06T07:50:48","slug":"una-vida-aceptable-9788418668302","status":"publish","type":"product","link":"https:\/\/www.claret.cat\/es\/libro\/una-vida-aceptable-9788418668302\/","title":{"rendered":"UNA VIDA ACEPTABLE"},"content":{"rendered":"<p>La obra culmen de Mavis Gallant, una de las maestras de la ficci\u00f3n del XX. Ingeniosa y conmovedora, resume la inigualable habilidad de Gallant como narradora.Shirley Perrigny tiene veintisiete a\u00f1os, es canadiense y vive en Par\u00eds. Ha perdido un marido, pero pronto se procura otro, Philippe, un periodista adecuado y exitoso. Despreciada por los parisinos y sermoneada por sus compatriotas, no puede evitar citar a Jane Austen y Kingsley Amis en cualquier situaci\u00f3n. Es toda una experta en utilizar su miop\u00eda como arma de defensa contra las agresiones sociales que parece no dejar de sufrir. A medida que los pilares que cre\u00eda inamovibles comienzan a desaparecer, su aut\u00e9ntica personalidad sale a luz, y quien antes era v\u00edctima ahora brota como un radiante esp\u00edritu libre, espont\u00e1nea, abnegada y una fiel e irrefrenable devota por ayudar al pr\u00f3jimo. Profunda, divertida y tr\u00e1gica, \u00bfpodr\u00eda acaso esta nueva protagonista ser la hero\u00edna de su propia historia?<\/p>\n","protected":false},"excerpt":{"rendered":"<p>GALLANT, MAVIS<\/p>\n","protected":false},"featured_media":55245,"template":"","meta":{"_acf_changed":false,"om_disable_all_campaigns":false,"rs_blank_template":"","rs_page_bg_color":"","slide_template_v7":"","inline_featured_image":false,"_monsterinsights_skip_tracking":false,"_monsterinsights_sitenote_active":false,"_monsterinsights_sitenote_note":"","_monsterinsights_sitenote_category":0},"product_brand":[],"product_cat":[357],"product_tag":[],"class_list":{"0":"post-38126","1":"product","2":"type-product","3":"status-publish","4":"has-post-thumbnail","6":"product_cat-novela-contemporanea","8":"first","9":"instock","10":"taxable","11":"shipping-taxable","12":"purchasable","13":"product-type-simple"},"acf":{"autor":"GALLANT, MAVIS","codart":"841866830","libros-coleccion":"Impedimenta","ediciones":"1","encuadernacion":"R\u00fastica","fecha_de_publicacion":"01\/04\/2022","novedad":"1","paginas":"392","subtitulo":"","orden":"0","portada":"0","idioma":"spa","editorial":[{"ID":6271,"post_author":"3","post_date":"2022-07-28 17:48:37","post_date_gmt":"2022-07-28 15:48:37","post_content":"","post_title":"Impedimenta editorial","post_excerpt":"","post_status":"publish","comment_status":"closed","ping_status":"closed","post_password":"","post_name":"impedimenta-editorial","to_ping":"","pinged":"","post_modified":"2022-07-28 17:48:37","post_modified_gmt":"2022-07-28 15:48:37","post_content_filtered":"","post_parent":0,"guid":"http:\/\/dev.claret.cat\/editorial\/impedimenta-editorial\/","menu_order":0,"post_type":"editorial","post_mime_type":"","comment_count":"0","filter":"raw"}],"autores-libros":[{"ID":164535,"post_author":"3","post_date":"2022-10-14 17:47:51","post_date_gmt":"2022-10-14 15:47:51","post_content":"","post_title":"MAVIS GALLANT","post_excerpt":"","post_status":"publish","comment_status":"closed","ping_status":"closed","post_password":"","post_name":"mavis-gallant","to_ping":"","pinged":"","post_modified":"2022-10-14 17:47:51","post_modified_gmt":"2022-10-14 15:47:51","post_content_filtered":"","post_parent":0,"guid":"http:\/\/dev.claret.cat\/autor\/mavis-gallant\/","menu_order":0,"post_type":"autor","post_mime_type":"","comment_count":"0","filter":"raw"}]},"aioseo_notices":[],"_links":{"self":[{"href":"https:\/\/www.claret.cat\/es\/wp-json\/wp\/v2\/product\/38126","targetHints":{"allow":["GET"]}}],"collection":[{"href":"https:\/\/www.claret.cat\/es\/wp-json\/wp\/v2\/product"}],"about":[{"href":"https:\/\/www.claret.cat\/es\/wp-json\/wp\/v2\/types\/product"}],"wp:featuredmedia":[{"embeddable":true,"href":"https:\/\/www.claret.cat\/es\/wp-json\/wp\/v2\/media\/55245"}],"wp:attachment":[{"href":"https:\/\/www.claret.cat\/es\/wp-json\/wp\/v2\/media?parent=38126"}],"wp:term":[{"taxonomy":"product_brand","embeddable":true,"href":"https:\/\/www.claret.cat\/es\/wp-json\/wp\/v2\/product_brand?post=38126"},{"taxonomy":"product_cat","embeddable":true,"href":"https:\/\/www.claret.cat\/es\/wp-json\/wp\/v2\/product_cat?post=38126"},{"taxonomy":"product_tag","embeddable":true,"href":"https:\/\/www.claret.cat\/es\/wp-json\/wp\/v2\/product_tag?post=38126"}],"curies":[{"name":"wp","href":"https:\/\/api.w.org\/{rel}","templated":true}]}}

<p>La obra culmen de Mavis Gallant, una de las maestras de la ficción del XX. Ingeniosa y conmovedora, resume la inigualable habilidad de Gallant como narradora.Shirley Perrigny tiene veintisiete años, es canadiense y vive en París. Ha perdido un marido, pero pronto se procura otro, Philippe, un periodista adecuado y exitoso. Despreciada por los parisinos y sermoneada por sus compatriotas, no puede evitar citar a Jane Austen y Kingsley Amis en cualquier situación. Es toda una experta en utilizar su miopía como arma de defensa contra las agresiones sociales que parece no dejar de sufrir. A medida que los pilares que creía inamovibles comienzan a desaparecer, su auténtica personalidad sale a luz, y quien antes era víctima ahora brota como un radiante espíritu libre, espontánea, abnegada y una fiel e irrefrenable devota por ayudar al prójimo. Profunda, divertida y trágica, ¿podría acaso esta nueva protagonista ser la heroína de su propia historia?</p>

Rústica
