{"id":382578,"date":"2023-02-03T18:38:23","date_gmt":"2023-02-03T17:38:23","guid":{"rendered":"https:\/\/www.claret.cat\/llibre\/poster-pirineus-retro-1450000-mapa-alpina-98355-9788480906517\/"},"modified":"2023-10-06T06:46:39","modified_gmt":"2023-10-06T04:46:39","slug":"poster-pirineus-retro-1450000-mapa-alpina-98355-9788480906517","status":"publish","type":"product","link":"https:\/\/www.claret.cat\/es\/libro\/poster-pirineus-retro-1450000-mapa-alpina-98355-9788480906517\/","title":{"rendered":"P\u00d2STER PIRINEUS RETRO 1:450.000 (MAPA ALPINA 98\u00d735,5)"},"content":{"rendered":"<p>Mapa en format p\u00f2ster dels Pirineus d\u2019est\u00e8tica retro per\u00f2 amb informaci\u00f3 actual, posant especial \u00e8mfasi en elements del relleu com cims i valls. Tamb\u00e9 incorpora la situaci\u00f3 dels refugis de muntanya guardats, aix\u00ed com la xarxa vi\u00e0ria principal.<\/p>\n<p>Escala: 1450.000<\/p>\n<p>Mida: 98\u00d735,5 cm.<\/p>\n","protected":false},"excerpt":{"rendered":"<p>ALPINA<\/p>\n","protected":false},"featured_media":382581,"template":"","meta":{"_acf_changed":false,"om_disable_all_campaigns":false,"rs_blank_template":"","rs_page_bg_color":"","slide_template_v7":"","inline_featured_image":false,"_monsterinsights_skip_tracking":false,"_monsterinsights_sitenote_active":false,"_monsterinsights_sitenote_note":"","_monsterinsights_sitenote_category":0},"product_brand":[],"product_cat":[107],"product_tag":[],"class_list":{"0":"post-382578","1":"product","2":"type-product","3":"status-publish","4":"has-post-thumbnail","6":"product_cat-guies-de-viatge","8":"first","9":"instock","10":"taxable","11":"shipping-taxable","12":"purchasable","13":"product-type-simple"},"acf":{"editorial":[{"ID":6217,"post_author":"3","post_date":"2022-07-28 17:47:23","post_date_gmt":"2022-07-28 15:47:23","post_content":"","post_title":"EDITORIAL ALPINA","post_excerpt":"","post_status":"publish","comment_status":"closed","ping_status":"closed","post_password":"","post_name":"editorial-alpina","to_ping":"","pinged":"","post_modified":"2022-07-28 17:47:23","post_modified_gmt":"2022-07-28 15:47:23","post_content_filtered":"","post_parent":0,"guid":"http:\/\/dev.claret.cat\/editorial\/editorial-alpina\/","menu_order":0,"post_type":"editorial","post_mime_type":"","comment_count":"0","filter":"raw"}],"autores-libros":[{"ID":149912,"post_author":"3","post_date":"2022-10-14 14:28:41","post_date_gmt":"2022-10-14 12:28:41","post_content":"","post_title":"ALPINA","post_excerpt":"","post_status":"publish","comment_status":"closed","ping_status":"closed","post_password":"","post_name":"alpina","to_ping":"","pinged":"","post_modified":"2022-10-14 14:28:41","post_modified_gmt":"2022-10-14 12:28:41","post_content_filtered":"","post_parent":0,"guid":"http:\/\/dev.claret.cat\/autor\/alpina\/","menu_order":0,"post_type":"autor","post_mime_type":"","comment_count":"0","filter":"raw"}],"autor":"ALPINA","codart":"848090651","libros-coleccion":"Alpina","ediciones":"1","encuadernacion":"Carpeta","fecha_de_publicacion":"01\/12\/2022","novedad":"1","paginas":"0","subtitulo":"","orden":"0","portada":"0","idioma":"cat"},"aioseo_notices":[],"_links":{"self":[{"href":"https:\/\/www.claret.cat\/es\/wp-json\/wp\/v2\/product\/382578","targetHints":{"allow":["GET"]}}],"collection":[{"href":"https:\/\/www.claret.cat\/es\/wp-json\/wp\/v2\/product"}],"about":[{"href":"https:\/\/www.claret.cat\/es\/wp-json\/wp\/v2\/types\/product"}],"wp:featuredmedia":[{"embeddable":true,"href":"https:\/\/www.claret.cat\/es\/wp-json\/wp\/v2\/media\/382581"}],"wp:attachment":[{"href":"https:\/\/www.claret.cat\/es\/wp-json\/wp\/v2\/media?parent=382578"}],"wp:term":[{"taxonomy":"product_brand","embeddable":true,"href":"https:\/\/www.claret.cat\/es\/wp-json\/wp\/v2\/product_brand?post=382578"},{"taxonomy":"product_cat","embeddable":true,"href":"https:\/\/www.claret.cat\/es\/wp-json\/wp\/v2\/product_cat?post=382578"},{"taxonomy":"product_tag","embeddable":true,"href":"https:\/\/www.claret.cat\/es\/wp-json\/wp\/v2\/product_tag?post=382578"}],"curies":[{"name":"wp","href":"https:\/\/api.w.org\/{rel}","templated":true}]}}

PÒSTER PIRINEUS RETRO 1:450.000 (MAPA ALPINA 98×35,5)

<p>Mapa en format pòster dels Pirineus d’estètica retro però amb informació actual, posant especial èmfasi en elements del relleu com cims i valls. També incorpora la situació dels refugis de muntanya guardats, així com la xarxa viària principal.</p>
<p>Escala: 1450.000</p>
<p>Mida: 98×35,5 cm.</p>
