{"id":384015,"date":"2023-02-06T17:04:13","date_gmt":"2023-02-06T16:04:13","guid":{"rendered":"https:\/\/www.claret.cat\/llibre\/el-boig-dels-ocells-9788466430104\/"},"modified":"2024-01-31T16:28:52","modified_gmt":"2024-01-31T15:28:52","slug":"el-boig-dels-ocells-9788466430104","status":"publish","type":"product","link":"https:\/\/www.claret.cat\/es\/libro\/el-boig-dels-ocells-9788466430104\/","title":{"rendered":"EL BOIG DELS OCELLS"},"content":{"rendered":"<p>Care Santos ens porta per primera vegada fins al Nova York del segle XIX amb una hist\u00f2ria m\u00e0gica plena d&#8217;ocells.<\/p>\n<p> Eugene Schieffelin \u00e9s ric, singular i aficionat als ocells. La seva germana i la seva dona, amants devotes de Shakespeare. Els seus amics, membres d&#8217;una Societat m\u00e9s desfasada que cient\u00edfica que somia omplir d&#8217;ocells europeus els cels novaiorquesos. Nova York, una ciutat que encara no s&#8217;assembla a ella mateixa, l&#8217;escenari ideal per a qualsevol bogeria, per desgavellada que sigui.<br \/> En aquesta novel\u00b7la, ambientada a la Nova York de la segona meitat del segle XIX, Care Santos barreja personatges reals tan extravagants que podrien ser imaginaris amb \u00e9ssers imaginaris que mereixerien ser reals, per construir una faula sobre la condici\u00f3 humana, el poder de l&#8217;amor, el llast de la p\u00e8rdua, la valentia dels pioners i les conseq\u00fc\u00e8ncies fatals que a vegades poden tenir els nostres actes m\u00e9s benintencionats.<\/p>\n","protected":false},"excerpt":{"rendered":"<p>SANTOS, CARE<\/p>\n","protected":false},"featured_media":384144,"template":"","meta":{"_acf_changed":false,"om_disable_all_campaigns":false,"rs_blank_template":"","rs_page_bg_color":"","slide_template_v7":"","inline_featured_image":false,"_monsterinsights_skip_tracking":false,"_monsterinsights_sitenote_active":false,"_monsterinsights_sitenote_note":"","_monsterinsights_sitenote_category":0},"product_brand":[],"product_cat":[130,360],"product_tag":[],"class_list":{"0":"post-384015","1":"product","2":"type-product","3":"status-publish","4":"has-post-thumbnail","6":"product_cat-novella-historica-i-ficcio","7":"product_cat-novela-historica-y-ficcion","9":"first","10":"instock","11":"taxable","12":"shipping-taxable","13":"purchasable","14":"product-type-simple"},"acf":{"editorial":[{"ID":6166,"post_author":"3","post_date":"2022-07-28 17:46:19","post_date_gmt":"2022-07-28 15:46:19","post_content":"","post_title":"Columna CAT","post_excerpt":"","post_status":"publish","comment_status":"closed","ping_status":"closed","post_password":"","post_name":"columna-cat","to_ping":"","pinged":"","post_modified":"2022-07-28 17:46:19","post_modified_gmt":"2022-07-28 15:46:19","post_content_filtered":"","post_parent":0,"guid":"http:\/\/dev.claret.cat\/editorial\/columna-cat\/","menu_order":0,"post_type":"editorial","post_mime_type":"","comment_count":"0","filter":"raw"}],"autores-libros":[{"ID":152083,"post_author":"3","post_date":"2022-10-14 14:45:58","post_date_gmt":"2022-10-14 12:45:58","post_content":"<b>Care Santos\u00a0<\/b>va n\u00e9ixer a\u00a0<b>Matar\u00f3\u00a0<\/b>(Barcelona) l'any 1970. Va comen\u00e7ar a escriure als 8 anys i des de llavors no ha deixat de fer-ho ni un sol dia de la seva vida, tant en catal\u00e0 com en castell\u00e0. Va estudiar Dret i Filologia, va treballar al desaparegut Diari de Barcelona i en diferents mitjans de comunicaci\u00f3. Als 25 anys va publicar el seu primer llibre. Des de llavors, ha publicat catorze novel\u00b7les, sis llibres de relats i una nombrosa obra per a lectors joves, entre la qual destaca la saga formada per\u00a0<i><b>Mentida<\/b><\/i>,\u00a0<i><b>Veritat<\/b><\/i>,\u00a0<i><b>Por<\/b><\/i>,\u00a0<i><b>Ben<\/b><\/i>\u00a0i\u00a0<b><i>Els Medina<\/i><\/b>\u00a0(Edeb\u00e9) que ha sedu\u00eft a milers de lectors, i l'ha convertida en una de les autores m\u00e9s llegides del nostre pa\u00eds. La seva obra ha estat tradu\u00efda a 23 idiomes i tamb\u00e9 adaptada a la televisi\u00f3 (<i><b>Habitacions tancades<\/b><\/i>, TV3 i TVE). El 2014 va guanyar el Premi de les Lletres Catalanes Ramon Llull amb la novel\u00b7la\u00a0<i><b>Desig de xocolata<\/b><\/i>\u00a0i el 2017 el Premio Nadal amb\u00a0<i><b>Media vida<\/b><\/i>. Tamb\u00e9 ha obtingut importants guardons en el camp de la literatura per a joves. Col\u00b7labora habitualment amb El Peri\u00f3dico i amb d\u2019altres mitjans de comunicaci\u00f3 i de tant en tant imparteix cursos d'escriptura creativa. El 2020 l'Ajuntament d'Alcal\u00e1 de Henares li va concedir el prestigi\u00f3s\u00a0<b>Premi Cervantes Chico<\/b>\u00a0pel conjunt de la seva traject\u00f2ria.","post_title":"CARE SANTOS","post_excerpt":"","post_status":"publish","comment_status":"closed","ping_status":"closed","post_password":"","post_name":"care-santos","to_ping":"","pinged":"","post_modified":"2025-06-26 14:35:45","post_modified_gmt":"2025-06-26 12:35:45","post_content_filtered":"","post_parent":0,"guid":"http:\/\/dev.claret.cat\/autor\/care-santos\/","menu_order":0,"post_type":"autor","post_mime_type":"","comment_count":"0","filter":"raw"}],"autor":"SANTOS, CARE","codart":"846643010","libros-coleccion":"FORA DE COL.LECCI\u00d3","ediciones":"1","encuadernacion":"Carton\u00e9","fecha_de_publicacion":"01\/02\/2023","novedad":"1","paginas":"258","subtitulo":"","orden":"0","portada":"0","idioma":"cat"},"aioseo_notices":[],"_links":{"self":[{"href":"https:\/\/www.claret.cat\/es\/wp-json\/wp\/v2\/product\/384015","targetHints":{"allow":["GET"]}}],"collection":[{"href":"https:\/\/www.claret.cat\/es\/wp-json\/wp\/v2\/product"}],"about":[{"href":"https:\/\/www.claret.cat\/es\/wp-json\/wp\/v2\/types\/product"}],"wp:featuredmedia":[{"embeddable":true,"href":"https:\/\/www.claret.cat\/es\/wp-json\/wp\/v2\/media\/384144"}],"wp:attachment":[{"href":"https:\/\/www.claret.cat\/es\/wp-json\/wp\/v2\/media?parent=384015"}],"wp:term":[{"taxonomy":"product_brand","embeddable":true,"href":"https:\/\/www.claret.cat\/es\/wp-json\/wp\/v2\/product_brand?post=384015"},{"taxonomy":"product_cat","embeddable":true,"href":"https:\/\/www.claret.cat\/es\/wp-json\/wp\/v2\/product_cat?post=384015"},{"taxonomy":"product_tag","embeddable":true,"href":"https:\/\/www.claret.cat\/es\/wp-json\/wp\/v2\/product_tag?post=384015"}],"curies":[{"name":"wp","href":"https:\/\/api.w.org\/{rel}","templated":true}]}}

<p>Care Santos ens porta per primera vegada fins al Nova York del segle XIX amb una història màgica plena d&#8217;ocells.</p>
<p> Eugene Schieffelin és ric, singular i aficionat als ocells. La seva germana i la seva dona, amants devotes de Shakespeare. Els seus amics, membres d&#8217;una Societat més desfasada que científica que somia omplir d&#8217;ocells europeus els cels novaiorquesos. Nova York, una ciutat que encara no s&#8217;assembla a ella mateixa, l&#8217;escenari ideal per a qualsevol bogeria, per desgavellada que sigui.<br /> En aquesta novel·la, ambientada a la Nova York de la segona meitat del segle XIX, Care Santos barreja personatges reals tan extravagants que podrien ser imaginaris amb éssers imaginaris que mereixerien ser reals, per construir una faula sobre la condició humana, el poder de l&#8217;amor, el llast de la pèrdua, la valentia dels pioners i les conseqüències fatals que a vegades poden tenir els nostres actes més benintencionats.</p>

<b>Care Santos </b>va néixer a <b>Mataró </b>(Barcelona) l'any 1970. Va començar a escriure als 8 anys i des de llavors no ha deixat de fer-ho ni un sol dia de la seva vida, tant en català com en castellà. Va estudiar Dret i Filologia, va treballar al desaparegut Diari de Barcelona i en diferents mitjans de comunicació. Als 25 anys va publicar el seu primer llibre. Des de llavors, ha publicat catorze novel·les, sis llibres de relats i una nombrosa obra per a lectors joves, entre la qual destaca la saga formada per <i><b>Mentida</b></i>, <i><b>Veritat</b></i>, <i><b>Por</b></i>, <i><b>Ben</b></i> i <b><i>Els Medina</i></b> (Edebé) que ha seduït a milers de lectors, i l'ha convertida en una de les autores més llegides del nostre país. La seva obra ha estat traduïda a 23 idiomes i també adaptada a la televisió (<i><b>Habitacions tancades</b></i>, TV3 i TVE). El 2014 va guanyar el Premi de les Lletres Catalanes Ramon Llull amb la novel·la <i><b>Desig de xocolata</b></i> i el 2017 el Premio Nadal amb <i><b>Media vida</b></i>. També ha obtingut importants guardons en el camp de la literatura per a joves. Col·labora habitualment amb El Periódico i amb d’altres mitjans de comunicació i de tant en tant imparteix cursos d'escriptura creativa. El 2020 l'Ajuntament d'Alcalá de Henares li va concedir el prestigiós <b>Premi Cervantes Chico</b> pel conjunt de la seva trajectòria.

FORA DE COL.LECCIÓ

Cartoné
