{"id":389056,"date":"2023-02-14T17:16:43","date_gmt":"2023-02-14T16:16:43","guid":{"rendered":"https:\/\/www.claret.cat\/llibre\/mi-claustro-es-el-mundo-9788415115632\/"},"modified":"2023-02-14T17:16:46","modified_gmt":"2023-02-14T16:16:46","slug":"mi-claustro-es-el-mundo-9788415115632","status":"publish","type":"product","link":"https:\/\/www.claret.cat\/es\/libro\/mi-claustro-es-el-mundo-9788415115632\/","title":{"rendered":"MI CLAUSTRO ES EL MUNDO"},"content":{"rendered":"<p>A los 18 a\u00f1os, con el deseo de ayudar a las personas y trabajar por un mundo m\u00e1s justo, Luc\u00eda Caram se hizo monja. Fascinada por la figura de Jes\u00fas de Nazaret, decidi\u00f3 seguir sus pasos y hacer del Evangelio su proyecto de vida, as\u00ed como trabajar por la instauraci\u00f3n de un nuevo orden social.<\/p>\n<p>En una b\u00fasqueda constante de sentido, y urgida por algo inexplicable que le devoraba las entra\u00f1as, dej\u00f3 la actividad fren\u00e9tica como religiosa y opt\u00f3 por la vida contemplativa, por hacerse monja de clausura. Pero \u00bfc\u00f3mo conjugar este estilo de vida con un esp\u00edritu inquieto y libre? <\/p>\n<p>En estas p\u00e1ginas, Luc\u00eda rememora su infancia en una familia del Opus Dei, sus primeros a\u00f1os de noviciado, sus dificultades para adaptarse a una Iglesia cuyas estructuras institucionales y formas claman por un cambio. Nos habla tambi\u00e9n de la realidad de la vida cotidiana en comunidad, haci\u00e9ndonos part\u00edcipes de su lucha por renovar la manera de vivir y compartir la fe, y de su intenso trabajo junto a los m\u00e1s pobres; hasta nos contagia su pasi\u00f3n por el f\u00fatbol. Porque siendo monja, no deja de ser mujer, hija, t\u00eda, amiga y profesional. Porque su claustro es el mundo.<\/p>\n","protected":false},"excerpt":{"rendered":"<p>CARAM, LUC\u00cdA<\/p>\n","protected":false},"featured_media":0,"template":"","meta":{"_acf_changed":false,"om_disable_all_campaigns":false,"rs_blank_template":"","rs_page_bg_color":"","slide_template_v7":"","inline_featured_image":false,"_monsterinsights_skip_tracking":false,"_monsterinsights_sitenote_active":false,"_monsterinsights_sitenote_note":"","_monsterinsights_sitenote_category":0},"product_brand":[],"product_cat":[90,540],"product_tag":[],"class_list":{"0":"post-389056","1":"product","2":"type-product","3":"status-publish","5":"product_cat-altres","6":"product_cat-otros","8":"first","9":"instock","10":"taxable","11":"shipping-taxable","12":"purchasable","13":"product-type-simple"},"acf":{"autor":"CARAM, LUC\u00cdA","codart":"841511563","libros-coleccion":"","ediciones":"1","encuadernacion":"R\u00fastica","fecha_de_publicacion":"01\/10\/2012","novedad":"0","paginas":"304","subtitulo":"","orden":"999","portada":"0","idioma":"spa","editorial":[{"ID":6331,"post_author":"3","post_date":"2022-07-28 17:49:53","post_date_gmt":"2022-07-28 15:49:53","post_content":"","post_title":"PLATAFORMA EDITORIAL","post_excerpt":"","post_status":"publish","comment_status":"closed","ping_status":"closed","post_password":"","post_name":"plataforma-editorial","to_ping":"","pinged":"","post_modified":"2022-07-28 17:49:53","post_modified_gmt":"2022-07-28 15:49:53","post_content_filtered":"","post_parent":0,"guid":"http:\/\/dev.claret.cat\/editorial\/plataforma-editorial\/","menu_order":0,"post_type":"editorial","post_mime_type":"","comment_count":"0","filter":"raw"}],"autores-libros":[{"ID":5744,"post_author":"3","post_date":"2022-07-28 17:30:32","post_date_gmt":"2022-07-28 15:30:32","post_content":"","post_title":"LUC\u00cdA CARAM","post_excerpt":"","post_status":"publish","comment_status":"closed","ping_status":"closed","post_password":"","post_name":"lucia-caram","to_ping":"","pinged":"","post_modified":"2022-07-28 17:30:32","post_modified_gmt":"2022-07-28 15:30:32","post_content_filtered":"","post_parent":0,"guid":"http:\/\/dev.claret.cat\/autor\/lucia-caram\/","menu_order":0,"post_type":"autor","post_mime_type":"","comment_count":"0","filter":"raw"}]},"aioseo_notices":[],"_links":{"self":[{"href":"https:\/\/www.claret.cat\/es\/wp-json\/wp\/v2\/product\/389056","targetHints":{"allow":["GET"]}}],"collection":[{"href":"https:\/\/www.claret.cat\/es\/wp-json\/wp\/v2\/product"}],"about":[{"href":"https:\/\/www.claret.cat\/es\/wp-json\/wp\/v2\/types\/product"}],"wp:attachment":[{"href":"https:\/\/www.claret.cat\/es\/wp-json\/wp\/v2\/media?parent=389056"}],"wp:term":[{"taxonomy":"product_brand","embeddable":true,"href":"https:\/\/www.claret.cat\/es\/wp-json\/wp\/v2\/product_brand?post=389056"},{"taxonomy":"product_cat","embeddable":true,"href":"https:\/\/www.claret.cat\/es\/wp-json\/wp\/v2\/product_cat?post=389056"},{"taxonomy":"product_tag","embeddable":true,"href":"https:\/\/www.claret.cat\/es\/wp-json\/wp\/v2\/product_tag?post=389056"}],"curies":[{"name":"wp","href":"https:\/\/api.w.org\/{rel}","templated":true}]}}

<p>A los 18 años, con el deseo de ayudar a las personas y trabajar por un mundo más justo, Lucía Caram se hizo monja. Fascinada por la figura de Jesús de Nazaret, decidió seguir sus pasos y hacer del Evangelio su proyecto de vida, así como trabajar por la instauración de un nuevo orden social.</p>
<p>En una búsqueda constante de sentido, y urgida por algo inexplicable que le devoraba las entrañas, dejó la actividad frenética como religiosa y optó por la vida contemplativa, por hacerse monja de clausura. Pero ¿cómo conjugar este estilo de vida con un espíritu inquieto y libre? </p>
<p>En estas páginas, Lucía rememora su infancia en una familia del Opus Dei, sus primeros años de noviciado, sus dificultades para adaptarse a una Iglesia cuyas estructuras institucionales y formas claman por un cambio. Nos habla también de la realidad de la vida cotidiana en comunidad, haciéndonos partícipes de su lucha por renovar la manera de vivir y compartir la fe, y de su intenso trabajo junto a los más pobres; hasta nos contagia su pasión por el fútbol. Porque siendo monja, no deja de ser mujer, hija, tía, amiga y profesional. Porque su claustro es el mundo.</p>

<p>CARAM, LUCÍA</p>

CARAM, LUCÍA

Rústica

LUCÍA CARAM
