{"id":389347,"date":"2023-02-14T17:51:23","date_gmt":"2023-02-14T16:51:23","guid":{"rendered":"https:\/\/www.claret.cat\/llibre\/1714-9788424648251\/"},"modified":"2025-01-31T21:59:11","modified_gmt":"2025-01-31T20:59:11","slug":"1714-9788424648251","status":"publish","type":"product","link":"https:\/\/www.claret.cat\/es\/libro\/1714-9788424648251\/","title":{"rendered":"1714"},"content":{"rendered":"<p>L&#8217;11 de setembre \u00e9s una data assenyalada. Pocs pa\u00efsos del m\u00f3n celebren la seva Diada commemorant una derrota. I el nostre n&#8217;\u00e9s un. La defensa de Barcelona el 1714 contra les tropes borb\u00f2niques fou cantada i glossada arreu d&#8217;Europa, per\u00f2 tamb\u00e9 fou el preludi d&#8217;una nova situaci\u00f3: la dels ven\u00e7uts. Jordi Sierra recita un poema patri\u00f2tic recordant aquella guerra i fent mem\u00f2ria del que som. I Ignasi Blanch, amb el seu estil personal, la il\u00b7lustra per traslladar la for\u00e7a de la paraula al lector. Un regal en tots els sentits.<\/p>\n","protected":false},"excerpt":{"rendered":"<p>SIERRA I FABRA, JORDI<\/p>\n","protected":false},"featured_media":0,"template":"","meta":{"_acf_changed":false,"om_disable_all_campaigns":false,"rs_blank_template":"","rs_page_bg_color":"","slide_template_v7":"","inline_featured_image":false,"_monsterinsights_skip_tracking":false,"_monsterinsights_sitenote_active":false,"_monsterinsights_sitenote_note":"","_monsterinsights_sitenote_category":0},"product_brand":[],"product_cat":[90,540],"product_tag":[],"class_list":{"0":"post-389347","1":"product","2":"type-product","3":"status-publish","5":"product_cat-altres","6":"product_cat-otros","8":"first","9":"instock","10":"taxable","11":"shipping-taxable","12":"purchasable","13":"product-type-simple"},"acf":{"autor":"SIERRA I FABRA, JORDI","codart":"842464825","libros-coleccion":"","ediciones":"1","encuadernacion":"Carton\u00e9","fecha_de_publicacion":"01\/08\/2013","novedad":"0","paginas":"40","subtitulo":"","orden":"999","portada":"0","idioma":"cat","editorial":[{"ID":148361,"post_author":"3","post_date":"2022-10-14 11:57:38","post_date_gmt":"2022-10-14 09:57:38","post_content":"","post_title":"LA GALERA, S.A. EDITORIAL","post_excerpt":"","post_status":"publish","comment_status":"closed","ping_status":"closed","post_password":"","post_name":"la-galera-s-a-editorial","to_ping":"","pinged":"","post_modified":"2022-10-14 11:57:38","post_modified_gmt":"2022-10-14 09:57:38","post_content_filtered":"","post_parent":0,"guid":"http:\/\/dev.claret.cat\/editorial\/la-galera-s-a-editorial\/","menu_order":0,"post_type":"editorial","post_mime_type":"","comment_count":"0","filter":"raw"}],"autores-libros":[{"ID":160013,"post_author":"3","post_date":"2022-10-14 15:49:35","post_date_gmt":"2022-10-14 13:49:35","post_content":"","post_title":"JORDI SIERRA I FABRA","post_excerpt":"","post_status":"publish","comment_status":"closed","ping_status":"closed","post_password":"","post_name":"jordi-sierra-i-fabra","to_ping":"","pinged":"","post_modified":"2022-10-14 15:49:35","post_modified_gmt":"2022-10-14 13:49:35","post_content_filtered":"","post_parent":0,"guid":"http:\/\/dev.claret.cat\/autor\/jordi-sierra-i-fabra\/","menu_order":0,"post_type":"autor","post_mime_type":"","comment_count":"0","filter":"raw"}]},"aioseo_notices":[],"_links":{"self":[{"href":"https:\/\/www.claret.cat\/es\/wp-json\/wp\/v2\/product\/389347","targetHints":{"allow":["GET"]}}],"collection":[{"href":"https:\/\/www.claret.cat\/es\/wp-json\/wp\/v2\/product"}],"about":[{"href":"https:\/\/www.claret.cat\/es\/wp-json\/wp\/v2\/types\/product"}],"wp:attachment":[{"href":"https:\/\/www.claret.cat\/es\/wp-json\/wp\/v2\/media?parent=389347"}],"wp:term":[{"taxonomy":"product_brand","embeddable":true,"href":"https:\/\/www.claret.cat\/es\/wp-json\/wp\/v2\/product_brand?post=389347"},{"taxonomy":"product_cat","embeddable":true,"href":"https:\/\/www.claret.cat\/es\/wp-json\/wp\/v2\/product_cat?post=389347"},{"taxonomy":"product_tag","embeddable":true,"href":"https:\/\/www.claret.cat\/es\/wp-json\/wp\/v2\/product_tag?post=389347"}],"curies":[{"name":"wp","href":"https:\/\/api.w.org\/{rel}","templated":true}]}}

<p>L&#8217;11 de setembre és una data assenyalada. Pocs països del món celebren la seva Diada commemorant una derrota. I el nostre n&#8217;és un. La defensa de Barcelona el 1714 contra les tropes borbòniques fou cantada i glossada arreu d&#8217;Europa, però també fou el preludi d&#8217;una nova situació: la dels vençuts. Jordi Sierra recita un poema patriòtic recordant aquella guerra i fent memòria del que som. I Ignasi Blanch, amb el seu estil personal, la il·lustra per traslladar la força de la paraula al lector. Un regal en tots els sentits.</p>

Cartoné
