{"id":392742,"date":"2023-02-20T18:57:10","date_gmt":"2023-02-20T17:57:10","guid":{"rendered":"https:\/\/www.claret.cat\/llibre\/la-ultima-bruja-9788418688805\/"},"modified":"2025-02-06T17:20:28","modified_gmt":"2025-02-06T16:20:28","slug":"la-ultima-bruja-9788418688805","status":"publish","type":"product","link":"https:\/\/www.claret.cat\/es\/libro\/la-ultima-bruja-9788418688805\/","title":{"rendered":"LA \u00daLTIMA BRUJA"},"content":{"rendered":"<p>Una nueva serie de fantas\u00eda que no te puedes perder, por la autora de Los dioses del norte, Jara Santamar\u00eda, llena de magia y aventuras. Antes de su \u00faltimo aliento,<br \/>el \u00daltimoBrujo emerger\u00e1 de las aguas turbulentas<br \/>y librar\u00e1 a la magia de su destrucci\u00f3n,<br \/>prometi\u00e9ndole un nuevo amanecer. Ingrid nunca ha terminado de encajar en ninguna parte. Siempre se ha sentido rara, distinta, especial&#8230; y no en un buen sentido. Sin embargo, est\u00e1 a punto de descubrir que el mundo en el que vive no es el \u00fanico que existe.Igual que la luz necesita la oscuridad, nuestro mundo est\u00e1 conectado a otro de muy similar, pero diferente. Est\u00e1 aqu\u00ed mismo, pero oculto. Es el lugar donde habita la magia. Pero la magia est\u00e1 agonizando y, si llegara a desaparecer, se pondr\u00eda en peligro la existencia de los dos mundos. La \u00faltima esperanza es la que reza una antigua profec\u00eda: un \u00faltimo brujo ha de salvar la magia que se desvanece poco a poco y restaurar el equilibrio entre los dos mundos. \u00bfPero c\u00f3mo podr\u00e1 salvarse la magia, si ya nadie cree en ella? No te pierdas la nueva serie fantasy de Jara Santamar\u00eda.<\/p>\n","protected":false},"excerpt":{"rendered":"<p>SANTAMAR\u00cdA, JARA<\/p>\n","protected":false},"featured_media":1004008,"template":"","meta":{"_acf_changed":false,"om_disable_all_campaigns":false,"rs_blank_template":"","rs_page_bg_color":"","slide_template_v7":"","inline_featured_image":false,"_monsterinsights_skip_tracking":false,"_monsterinsights_sitenote_active":false,"_monsterinsights_sitenote_note":"","_monsterinsights_sitenote_category":0},"product_brand":[],"product_cat":[133,363],"product_tag":[],"class_list":{"0":"post-392742","1":"product","2":"type-product","3":"status-publish","4":"has-post-thumbnail","6":"product_cat-lectures-per-adolescents-12-18-anys","7":"product_cat-lecturas-por-adolescentes-12-18-anos","9":"first","10":"instock","11":"taxable","12":"shipping-taxable","13":"purchasable","14":"product-type-simple"},"acf":{"autor":"SANTAMAR\u00cdA, JARA","codart":"841868880","libros-coleccion":"ESCRITURA DESATADA","ediciones":"1","encuadernacion":"Carton\u00e9","fecha_de_publicacion":"01\/02\/2023","novedad":"1","paginas":"315","subtitulo":"","orden":"0","portada":"0","idioma":"spa","editorial":[{"ID":6136,"post_author":"3","post_date":"2022-07-28 17:45:39","post_date_gmt":"2022-07-28 15:45:39","post_content":"","post_title":"B de Blok (Ediciones B)","post_excerpt":"","post_status":"publish","comment_status":"closed","ping_status":"closed","post_password":"","post_name":"b-de-blok-ediciones-b","to_ping":"","pinged":"","post_modified":"2022-07-28 17:45:39","post_modified_gmt":"2022-07-28 15:45:39","post_content_filtered":"","post_parent":0,"guid":"http:\/\/dev.claret.cat\/editorial\/b-de-blok-ediciones-b\/","menu_order":0,"post_type":"editorial","post_mime_type":"","comment_count":"0","filter":"raw"}],"autores-libros":[{"ID":158527,"post_author":"3","post_date":"2022-10-14 15:37:33","post_date_gmt":"2022-10-14 13:37:33","post_content":"","post_title":"JARA SANTAMAR\u00cdA","post_excerpt":"","post_status":"publish","comment_status":"closed","ping_status":"closed","post_password":"","post_name":"jara-santamaria","to_ping":"","pinged":"","post_modified":"2022-10-14 15:37:33","post_modified_gmt":"2022-10-14 13:37:33","post_content_filtered":"","post_parent":0,"guid":"http:\/\/dev.claret.cat\/autor\/jara-santamaria\/","menu_order":0,"post_type":"autor","post_mime_type":"","comment_count":"0","filter":"raw"}]},"aioseo_notices":[],"_links":{"self":[{"href":"https:\/\/www.claret.cat\/es\/wp-json\/wp\/v2\/product\/392742","targetHints":{"allow":["GET"]}}],"collection":[{"href":"https:\/\/www.claret.cat\/es\/wp-json\/wp\/v2\/product"}],"about":[{"href":"https:\/\/www.claret.cat\/es\/wp-json\/wp\/v2\/types\/product"}],"wp:featuredmedia":[{"embeddable":true,"href":"https:\/\/www.claret.cat\/es\/wp-json\/wp\/v2\/media\/1004008"}],"wp:attachment":[{"href":"https:\/\/www.claret.cat\/es\/wp-json\/wp\/v2\/media?parent=392742"}],"wp:term":[{"taxonomy":"product_brand","embeddable":true,"href":"https:\/\/www.claret.cat\/es\/wp-json\/wp\/v2\/product_brand?post=392742"},{"taxonomy":"product_cat","embeddable":true,"href":"https:\/\/www.claret.cat\/es\/wp-json\/wp\/v2\/product_cat?post=392742"},{"taxonomy":"product_tag","embeddable":true,"href":"https:\/\/www.claret.cat\/es\/wp-json\/wp\/v2\/product_tag?post=392742"}],"curies":[{"name":"wp","href":"https:\/\/api.w.org\/{rel}","templated":true}]}}

LA ÚLTIMA BRUJA

<p>Una nueva serie de fantasía que no te puedes perder, por la autora de Los dioses del norte, Jara Santamaría, llena de magia y aventuras. Antes de su último aliento,<br />el ÚltimoBrujo emergerá de las aguas turbulentas<br />y librará a la magia de su destrucción,<br />prometiéndole un nuevo amanecer. Ingrid nunca ha terminado de encajar en ninguna parte. Siempre se ha sentido rara, distinta, especial&#8230; y no en un buen sentido. Sin embargo, está a punto de descubrir que el mundo en el que vive no es el único que existe.Igual que la luz necesita la oscuridad, nuestro mundo está conectado a otro de muy similar, pero diferente. Está aquí mismo, pero oculto. Es el lugar donde habita la magia. Pero la magia está agonizando y, si llegara a desaparecer, se pondría en peligro la existencia de los dos mundos. La última esperanza es la que reza una antigua profecía: un último brujo ha de salvar la magia que se desvanece poco a poco y restaurar el equilibrio entre los dos mundos. ¿Pero cómo podrá salvarse la magia, si ya nadie cree en ella? No te pierdas la nueva serie fantasy de Jara Santamaría.</p>

<p>SANTAMARÍA, JARA</p>

SANTAMARÍA, JARA

Cartoné

JARA SANTAMARÍA
