{"id":39297,"date":"2022-10-02T19:05:31","date_gmt":"2022-10-02T17:05:31","guid":{"rendered":"http:\/\/dev.claret.cat\/producte\/el-sanador-herido-humanizar-las-relaciones-de-ayuda\/"},"modified":"2025-09-19T18:26:17","modified_gmt":"2025-09-19T16:26:17","slug":"el-sanador-herido-humanizar-las-relaciones-de-ayuda-9788433031716","status":"publish","type":"product","link":"https:\/\/www.claret.cat\/es\/libro\/el-sanador-herido-humanizar-las-relaciones-de-ayuda-9788433031716\/","title":{"rendered":"EL SANADOR HERIDO. HUMANIZAR LAS RELACIONES DE AYUDA"},"content":{"rendered":"<p>Sanador herido: ayudante con problemas, fr\u00e1gil. <br \/> En el pasado o en el presente. Ayudante vulnerado y vulnerable. \u00bfQu\u00e9 hacemos con nuestra propia sombra? Una pregunta saludable para los profesionales de relaciones de ayuda es, efectivamente: \u00bfcu\u00e1l es mi herida que subyace al deseo de ayudar a los dem\u00e1s?, \u00bfqu\u00e9 heridas m\u00edas se despiertan cuando entablo relaciones de ayuda con otros? La imagen del sanador herido (que cada vez se emplea m\u00e1s en la literatura m\u00e9dica, psicol\u00f3gica y espiritual) sirve para poner en evidencia el proceso interior al que son llamados todos cuantos prestan ayuda a quien atraviesa un momento dif\u00edcil en la vida, marcado por el sufrimiento f\u00edsico, ps\u00edquico o espiritual. Significa, pues, el reconocimiento, la aceptaci\u00f3n y la integraci\u00f3n de las propias heridas, de la propia vulnerabilidad y condici\u00f3n de finitud.<br \/> El poder humanizador de esta imagen radica en el hecho de que constituye un ejercicio de humildad y de aprendizaje, que los profesionales del cuidado pueden realizar a partir del reconocimiento de la propia humanidad, hecha no solo de recursos -conocimientos, habilidades, destrezas, roles&#8230;- sino tambi\u00e9n de fragilidades de toda \u00edndole que, bien utilizadas, pueden precisamente transformar a los profesionales en mejores personas.<br \/> Jos\u00e9 Carlos Bermejo es Religioso camilo, doctor en teolog\u00eda pastoral sanitaria y m\u00e1ster en bio\u00e9tica y counselling, es profesor en la Universidad Ram\u00f3n Lull de Barcelona, en la Cat\u00f3lica de Portugal y en la cat\u00f3lica de Valencia. Ha publicado cerca de cincuenta libros relacionados con la humanizaci\u00f3n. Dirige el Centro San Camilo en Tres Cantos -Madrid- (www.humanizar.es), Centro de Humanizaci\u00f3n de la Salud y Centro Asistencial para mayores y cuidados paliativos, y es director de varios posgrados sobre counselling, duelo, gesti\u00f3n, etc.<\/p>\n","protected":false},"excerpt":{"rendered":"<p>BERMEJO HIGUERA, JOS\u00c9 CARLOS<\/p>\n","protected":false},"featured_media":454350,"template":"","meta":{"_acf_changed":false,"om_disable_all_campaigns":false,"rs_blank_template":"","rs_page_bg_color":"","slide_template_v7":"","inline_featured_image":false,"_monsterinsights_skip_tracking":false,"_monsterinsights_sitenote_active":false,"_monsterinsights_sitenote_note":"","_monsterinsights_sitenote_category":0},"product_brand":[],"product_cat":[485,232],"product_tag":[],"class_list":{"0":"post-39297","1":"product","2":"type-product","3":"status-publish","4":"has-post-thumbnail","6":"product_cat-autores-espiritualidad-1_espiritualidad","7":"product_cat-autors-espiritualitat","9":"first","10":"instock","11":"taxable","12":"shipping-taxable","13":"purchasable","14":"product-type-simple"},"acf":{"autor":"BERMEJO HIGUERA, JOS\u00c9 CARLOS","codart":"843303171","libros-coleccion":"A los cuatro vientos","ediciones":"1","encuadernacion":"R\u00fastica","fecha_de_publicacion":"01\/03\/2022","novedad":"1","paginas":"160","subtitulo":"","orden":"0","portada":"0","idioma":"spa","editorial":[{"ID":6179,"post_author":"3","post_date":"2022-07-28 17:46:36","post_date_gmt":"2022-07-28 15:46:36","post_content":"","post_title":"DESCLEE DE BROUWER","post_excerpt":"","post_status":"publish","comment_status":"closed","ping_status":"closed","post_password":"","post_name":"desclee-de-brouwer","to_ping":"","pinged":"","post_modified":"2022-07-28 17:46:36","post_modified_gmt":"2022-07-28 15:46:36","post_content_filtered":"","post_parent":0,"guid":"http:\/\/dev.claret.cat\/editorial\/desclee-de-brouwer\/","menu_order":0,"post_type":"editorial","post_mime_type":"","comment_count":"0","filter":"raw"}],"autores-libros":[{"ID":160210,"post_author":"3","post_date":"2022-10-14 15:51:12","post_date_gmt":"2022-10-14 13:51:12","post_content":"","post_title":"JOS\u00c9 CARLOS BERMEJO HIGUERA","post_excerpt":"","post_status":"publish","comment_status":"closed","ping_status":"closed","post_password":"","post_name":"jose-carlos-bermejo-higuera","to_ping":"","pinged":"","post_modified":"2022-10-14 15:51:12","post_modified_gmt":"2022-10-14 13:51:12","post_content_filtered":"","post_parent":0,"guid":"http:\/\/dev.claret.cat\/autor\/jose-carlos-bermejo-higuera\/","menu_order":0,"post_type":"autor","post_mime_type":"","comment_count":"0","filter":"raw"}],"booktrailer":"","resenas":""},"aioseo_notices":[],"_links":{"self":[{"href":"https:\/\/www.claret.cat\/es\/wp-json\/wp\/v2\/product\/39297","targetHints":{"allow":["GET"]}}],"collection":[{"href":"https:\/\/www.claret.cat\/es\/wp-json\/wp\/v2\/product"}],"about":[{"href":"https:\/\/www.claret.cat\/es\/wp-json\/wp\/v2\/types\/product"}],"wp:featuredmedia":[{"embeddable":true,"href":"https:\/\/www.claret.cat\/es\/wp-json\/wp\/v2\/media\/454350"}],"wp:attachment":[{"href":"https:\/\/www.claret.cat\/es\/wp-json\/wp\/v2\/media?parent=39297"}],"wp:term":[{"taxonomy":"product_brand","embeddable":true,"href":"https:\/\/www.claret.cat\/es\/wp-json\/wp\/v2\/product_brand?post=39297"},{"taxonomy":"product_cat","embeddable":true,"href":"https:\/\/www.claret.cat\/es\/wp-json\/wp\/v2\/product_cat?post=39297"},{"taxonomy":"product_tag","embeddable":true,"href":"https:\/\/www.claret.cat\/es\/wp-json\/wp\/v2\/product_tag?post=39297"}],"curies":[{"name":"wp","href":"https:\/\/api.w.org\/{rel}","templated":true}]}}

<p>Sanador herido: ayudante con problemas, frágil. <br /> En el pasado o en el presente. Ayudante vulnerado y vulnerable. ¿Qué hacemos con nuestra propia sombra? Una pregunta saludable para los profesionales de relaciones de ayuda es, efectivamente: ¿cuál es mi herida que subyace al deseo de ayudar a los demás?, ¿qué heridas mías se despiertan cuando entablo relaciones de ayuda con otros? La imagen del sanador herido (que cada vez se emplea más en la literatura médica, psicológica y espiritual) sirve para poner en evidencia el proceso interior al que son llamados todos cuantos prestan ayuda a quien atraviesa un momento difícil en la vida, marcado por el sufrimiento físico, psíquico o espiritual. Significa, pues, el reconocimiento, la aceptación y la integración de las propias heridas, de la propia vulnerabilidad y condición de finitud.<br /> El poder humanizador de esta imagen radica en el hecho de que constituye un ejercicio de humildad y de aprendizaje, que los profesionales del cuidado pueden realizar a partir del reconocimiento de la propia humanidad, hecha no solo de recursos -conocimientos, habilidades, destrezas, roles&#8230;- sino también de fragilidades de toda índole que, bien utilizadas, pueden precisamente transformar a los profesionales en mejores personas.<br /> José Carlos Bermejo es Religioso camilo, doctor en teología pastoral sanitaria y máster en bioética y counselling, es profesor en la Universidad Ramón Lull de Barcelona, en la Católica de Portugal y en la católica de Valencia. Ha publicado cerca de cincuenta libros relacionados con la humanización. Dirige el Centro San Camilo en Tres Cantos -Madrid- (www.humanizar.es), Centro de Humanización de la Salud y Centro Asistencial para mayores y cuidados paliativos, y es director de varios posgrados sobre counselling, duelo, gestión, etc.</p>

<p>BERMEJO HIGUERA, JOSÉ CARLOS</p>

BERMEJO HIGUERA, JOSÉ CARLOS

Rústica

JOSÉ CARLOS BERMEJO HIGUERA
