{"id":399045,"date":"2023-02-27T03:03:56","date_gmt":"2023-02-27T02:03:56","guid":{"rendered":"https:\/\/www.claret.cat\/llibre\/supernormal-3-supernormal-y-la-maquina-de-la-sombras-9788427216297\/"},"modified":"2025-04-07T12:24:18","modified_gmt":"2025-04-07T10:24:18","slug":"supernormal-3-supernormal-y-la-maquina-de-la-sombras-9788427216297","status":"publish","type":"product","link":"https:\/\/www.claret.cat\/es\/libro\/supernormal-3-supernormal-y-la-maquina-de-la-sombras-9788427216297\/","title":{"rendered":"SUPERNORMAL 3. SUPERNORMAL Y LA M\u00c1QUINA DE LA SOMBRAS"},"content":{"rendered":"<p>No hay que tener superpoderes para ser un h\u00e9roe? \u00bfo s\u00ed? A pesar de no tener poderes, Murph Cooper forma parte del mejor equipo de la Alianza de los H\u00e9roes, as\u00ed que cuando el supervillano La Urraca les declara una guerra sin cuartel, Supernormal y los Superc\u00e9roes se encargan de liderar la misi\u00f3n. Pero La Urraca opina que un h\u00e9roe sin poderes no es un h\u00e9roe de verdad. Y est\u00e1 dispuesto a construir un vil artefacto para demostrarlo. En cuanto Supernormal entre en la M\u00e1quina de las sombras, el mundo ya nunca volver\u00e1 a ser el mismo<\/p>\n","protected":false},"excerpt":{"rendered":"<p>JAMES GREG \/ SMITH CHRIS<\/p>\n","protected":false},"featured_media":399046,"template":"","meta":{"_acf_changed":false,"om_disable_all_campaigns":false,"rs_blank_template":"","rs_page_bg_color":"","slide_template_v7":"","inline_featured_image":false,"_monsterinsights_skip_tracking":false,"_monsterinsights_sitenote_active":false,"_monsterinsights_sitenote_note":"","_monsterinsights_sitenote_category":0},"product_brand":[],"product_cat":[86,352],"product_tag":[],"class_list":{"0":"post-399045","1":"product","2":"type-product","3":"status-publish","4":"has-post-thumbnail","6":"product_cat-infantil","7":"product_cat-infantil-3_infantil-juvenil-spa","9":"first","10":"instock","11":"taxable","12":"shipping-taxable","13":"purchasable","14":"product-type-simple"},"acf":{"autor":"JAMES GREG \/ SMITH CHRIS","codart":"842721629","libros-coleccion":"FICCI\u00d3N KIDS","ediciones":"1","encuadernacion":"Carton\u00e9","fecha_de_publicacion":"01\/06\/2019","novedad":"1","paginas":"382","subtitulo":"","orden":"0","portada":"0","idioma":"spa","editorial":[{"ID":6346,"post_author":"3","post_date":"2022-07-28 17:50:13","post_date_gmt":"2022-07-28 15:50:13","post_content":"","post_title":"RBA Molino","post_excerpt":"","post_status":"publish","comment_status":"closed","ping_status":"closed","post_password":"","post_name":"rba-molino","to_ping":"","pinged":"","post_modified":"2022-07-28 17:50:13","post_modified_gmt":"2022-07-28 15:50:13","post_content_filtered":"","post_parent":0,"guid":"http:\/\/dev.claret.cat\/editorial\/rba-molino\/","menu_order":0,"post_type":"editorial","post_mime_type":"","comment_count":"0","filter":"raw"}],"autores-libros":[{"ID":158410,"post_author":"3","post_date":"2022-10-14 15:36:37","post_date_gmt":"2022-10-14 13:36:37","post_content":"","post_title":"JAMES GREG","post_excerpt":"","post_status":"publish","comment_status":"closed","ping_status":"closed","post_password":"","post_name":"james-greg","to_ping":"","pinged":"","post_modified":"2022-10-14 15:36:37","post_modified_gmt":"2022-10-14 13:36:37","post_content_filtered":"","post_parent":0,"guid":"http:\/\/dev.claret.cat\/autor\/james-greg\/","menu_order":0,"post_type":"autor","post_mime_type":"","comment_count":"0","filter":"raw"},{"ID":169614,"post_author":"3","post_date":"2022-10-14 22:28:38","post_date_gmt":"2022-10-14 20:28:38","post_content":"","post_title":"SMITH CHRIS","post_excerpt":"","post_status":"publish","comment_status":"closed","ping_status":"closed","post_password":"","post_name":"smith-chris","to_ping":"","pinged":"","post_modified":"2022-10-14 22:28:38","post_modified_gmt":"2022-10-14 20:28:38","post_content_filtered":"","post_parent":0,"guid":"http:\/\/dev.claret.cat\/autor\/smith-chris\/","menu_order":0,"post_type":"autor","post_mime_type":"","comment_count":"0","filter":"raw"}]},"aioseo_notices":[],"_links":{"self":[{"href":"https:\/\/www.claret.cat\/es\/wp-json\/wp\/v2\/product\/399045","targetHints":{"allow":["GET"]}}],"collection":[{"href":"https:\/\/www.claret.cat\/es\/wp-json\/wp\/v2\/product"}],"about":[{"href":"https:\/\/www.claret.cat\/es\/wp-json\/wp\/v2\/types\/product"}],"wp:featuredmedia":[{"embeddable":true,"href":"https:\/\/www.claret.cat\/es\/wp-json\/wp\/v2\/media\/399046"}],"wp:attachment":[{"href":"https:\/\/www.claret.cat\/es\/wp-json\/wp\/v2\/media?parent=399045"}],"wp:term":[{"taxonomy":"product_brand","embeddable":true,"href":"https:\/\/www.claret.cat\/es\/wp-json\/wp\/v2\/product_brand?post=399045"},{"taxonomy":"product_cat","embeddable":true,"href":"https:\/\/www.claret.cat\/es\/wp-json\/wp\/v2\/product_cat?post=399045"},{"taxonomy":"product_tag","embeddable":true,"href":"https:\/\/www.claret.cat\/es\/wp-json\/wp\/v2\/product_tag?post=399045"}],"curies":[{"name":"wp","href":"https:\/\/api.w.org\/{rel}","templated":true}]}}

SUPERNORMAL 3. SUPERNORMAL Y LA MÁQUINA DE LA SOMBRAS

<p>No hay que tener superpoderes para ser un héroe? ¿o sí? A pesar de no tener poderes, Murph Cooper forma parte del mejor equipo de la Alianza de los Héroes, así que cuando el supervillano La Urraca les declara una guerra sin cuartel, Supernormal y los Supercéroes se encargan de liderar la misión. Pero La Urraca opina que un héroe sin poderes no es un héroe de verdad. Y está dispuesto a construir un vil artefacto para demostrarlo. En cuanto Supernormal entre en la Máquina de las sombras, el mundo ya nunca volverá a ser el mismo</p>

FICCIÓN KIDS

Cartoné
