{"id":399136,"date":"2023-02-27T03:09:27","date_gmt":"2023-02-27T02:09:27","guid":{"rendered":"https:\/\/www.claret.cat\/llibre\/historia-de-la-teologia-moral-iv-1-la-moral-en-la-edad-moderna-ss-xvxvi-humanismo-y-reforma-9788428407311\/"},"modified":"2024-07-09T16:41:58","modified_gmt":"2024-07-09T14:41:58","slug":"historia-de-la-teologia-moral-iv-1-la-moral-en-la-edad-moderna-ss-xvxvi-humanismo-y-reforma-9788428407311","status":"publish","type":"product","link":"https:\/\/www.claret.cat\/es\/libro\/historia-de-la-teologia-moral-iv-1-la-moral-en-la-edad-moderna-ss-xvxvi-humanismo-y-reforma-9788428407311\/","title":{"rendered":"HISTORIA DE LA TEOLOG\u00cdA MORAL IV 1. LA MORAL EN LA EDAD MODERNA (SS. XV-XVI). HUMANISMO Y REFORMA"},"content":{"rendered":"<p>Estudio del s. XV:<br \/>En la primera secci\u00f3n se recogen las aporta-ciones del nominalismo teol\u00f3gico (Juan Gers\u00f3n, etc.), del Quattrocento italiano (Antonino de Florencia, etc.), de la prerrenacentista universi-dad de Salamanca (Tostado, etc.) y de la reci\u00e9n fundada universidad de Lovaina.<\/p>\n<p>En la segunda secci\u00f3n se subrayan las sensibili-dades morales provenientes del humanismo ita-liano y castellano: la \u00e9tica escrita \u201cpara\u201d y \u201cpor\u201d las mujeres, los \u201cespejos morales de pr\u00edncipes\u201d y el \u00e9thos vinculado a la literatura del amor, de la muerte y de los libros de caballer\u00eda.<\/p>\n<p>\u2013An\u00e1lisis de la amplia producci\u00f3n teol\u00f3gico-moral del s. XVI:<\/p>\n<p>En dos secciones se presentan los autores, las obras y la tem\u00e1tica moral del Renacimiento tomis-ta, de la Escuela de Salamanca y, en general, de la segunda Escol\u00e1stica.<\/p>\n<p>Las tres siguientes secciones analizan la vertien-te moral de tres grandes movimientos del esp\u00edri-tu: el humanismo, la reforma y la espiritualidad. A los Padres de la reforma protestante se les dedica una secci\u00f3n espec\u00edfica.<\/p>\n<p>La \u00faltima secci\u00f3n se fija en algunos factores ne-gativos de aquellos \u201ctiempos recios\u201d: la Inquisi-ci\u00f3n, el \u00cdndice, la expulsi\u00f3n de jud\u00edos y moriscos, la limpieza de sangre, la caza de brujas.<\/p>\n","protected":false},"excerpt":{"rendered":"<p>VIDAL GARC\u00cdA, MARCIANO<\/p>\n","protected":false},"featured_media":973946,"template":"","meta":{"_acf_changed":false,"om_disable_all_campaigns":false,"rs_blank_template":"","rs_page_bg_color":"","slide_template_v7":"","inline_featured_image":false,"_monsterinsights_skip_tracking":false,"_monsterinsights_sitenote_active":false,"_monsterinsights_sitenote_note":"","_monsterinsights_sitenote_category":0},"product_brand":[],"product_cat":[90,540],"product_tag":[],"class_list":{"0":"post-399136","1":"product","2":"type-product","3":"status-publish","4":"has-post-thumbnail","6":"product_cat-altres","7":"product_cat-otros","9":"first","10":"instock","11":"taxable","12":"shipping-taxable","13":"purchasable","14":"product-type-simple"},"acf":{"autor":"VIDAL GARC\u00cdA, MARCIANO","codart":"842840731","libros-coleccion":"","ediciones":"1","encuadernacion":"Carpeta","fecha_de_publicacion":"01\/06\/2013","novedad":"0","paginas":"1088","subtitulo":"SIGLOS XV Y XVI","orden":"999","portada":"0","idioma":"spa","editorial":[{"ID":148078,"post_author":"3","post_date":"2022-10-14 11:55:28","post_date_gmt":"2022-10-14 09:55:28","post_content":"","post_title":"EL PERPETUO SOCORRO","post_excerpt":"","post_status":"publish","comment_status":"closed","ping_status":"closed","post_password":"","post_name":"el-perpetuo-socorro","to_ping":"","pinged":"","post_modified":"2022-10-14 11:55:28","post_modified_gmt":"2022-10-14 09:55:28","post_content_filtered":"","post_parent":0,"guid":"http:\/\/dev.claret.cat\/editorial\/el-perpetuo-socorro\/","menu_order":0,"post_type":"editorial","post_mime_type":"","comment_count":"0","filter":"raw"}],"autores-libros":[{"ID":163396,"post_author":"3","post_date":"2022-10-14 17:38:41","post_date_gmt":"2022-10-14 15:38:41","post_content":"","post_title":"MARCIANO VIDAL","post_excerpt":"","post_status":"publish","comment_status":"closed","ping_status":"closed","post_password":"","post_name":"marciano-vidal","to_ping":"","pinged":"","post_modified":"2022-10-14 17:38:41","post_modified_gmt":"2022-10-14 15:38:41","post_content_filtered":"","post_parent":0,"guid":"http:\/\/dev.claret.cat\/autor\/marciano-vidal\/","menu_order":0,"post_type":"autor","post_mime_type":"","comment_count":"0","filter":"raw"}]},"aioseo_notices":[],"_links":{"self":[{"href":"https:\/\/www.claret.cat\/es\/wp-json\/wp\/v2\/product\/399136","targetHints":{"allow":["GET"]}}],"collection":[{"href":"https:\/\/www.claret.cat\/es\/wp-json\/wp\/v2\/product"}],"about":[{"href":"https:\/\/www.claret.cat\/es\/wp-json\/wp\/v2\/types\/product"}],"wp:featuredmedia":[{"embeddable":true,"href":"https:\/\/www.claret.cat\/es\/wp-json\/wp\/v2\/media\/973946"}],"wp:attachment":[{"href":"https:\/\/www.claret.cat\/es\/wp-json\/wp\/v2\/media?parent=399136"}],"wp:term":[{"taxonomy":"product_brand","embeddable":true,"href":"https:\/\/www.claret.cat\/es\/wp-json\/wp\/v2\/product_brand?post=399136"},{"taxonomy":"product_cat","embeddable":true,"href":"https:\/\/www.claret.cat\/es\/wp-json\/wp\/v2\/product_cat?post=399136"},{"taxonomy":"product_tag","embeddable":true,"href":"https:\/\/www.claret.cat\/es\/wp-json\/wp\/v2\/product_tag?post=399136"}],"curies":[{"name":"wp","href":"https:\/\/api.w.org\/{rel}","templated":true}]}}

HISTORIA DE LA TEOLOGÍA MORAL IV 1. LA MORAL EN LA EDAD MODERNA (SS. XV-XVI). HUMANISMO Y REFORMA

<p>Estudio del s. XV:<br />En la primera sección se recogen las aporta-ciones del nominalismo teológico (Juan Gersón, etc.), del Quattrocento italiano (Antonino de Florencia, etc.), de la prerrenacentista universi-dad de Salamanca (Tostado, etc.) y de la recién fundada universidad de Lovaina.</p>
<p>En la segunda sección se subrayan las sensibili-dades morales provenientes del humanismo ita-liano y castellano: la ética escrita “para” y “por” las mujeres, los “espejos morales de príncipes” y el éthos vinculado a la literatura del amor, de la muerte y de los libros de caballería.</p>
<p>–Análisis de la amplia producción teológico-moral del s. XVI:</p>
<p>En dos secciones se presentan los autores, las obras y la temática moral del Renacimiento tomis-ta, de la Escuela de Salamanca y, en general, de la segunda Escolástica.</p>
<p>Las tres siguientes secciones analizan la vertien-te moral de tres grandes movimientos del espíri-tu: el humanismo, la reforma y la espiritualidad. A los Padres de la reforma protestante se les dedica una sección específica.</p>
<p>La última sección se fija en algunos factores ne-gativos de aquellos “tiempos recios”: la Inquisi-ción, el Índice, la expulsión de judíos y moriscos, la limpieza de sangre, la caza de brujas.</p>

<p>VIDAL GARCÍA, MARCIANO</p>

VIDAL GARCÍA, MARCIANO
